{"id":25,"date":"2015-03-02T19:04:17","date_gmt":"2015-03-02T19:04:17","guid":{"rendered":"http:\/\/sites.ipleiria.pt\/nide\/?page_id=25"},"modified":"2017-09-01T16:20:38","modified_gmt":"2017-09-01T16:20:38","slug":"publicacoes","status":"publish","type":"page","link":"https:\/\/sites.ipleiria.pt\/nide\/publicacoes\/","title":{"rendered":"Publica\u00e7\u00f5es"},"content":{"rendered":"<p><strong><span style=\"color: #800080\">EM FOCO \u25ba<\/span>\u00a0\u00a0<span style=\"color: #339966\">\u00b7 Interven\u00e7\u00e3o em Contextos Socioculturais e Educativos<\/span><\/strong><span style=\"color: #339966\"><strong> \u00b7 <a href=\"http:\/\/sites.ipleiria.pt\/nide\/files\/2015\/09\/digitalizar0006.jpg\"><img loading=\"lazy\" decoding=\"async\" class=\"size-medium wp-image-284 aligncenter\" src=\"http:\/\/sites.ipleiria.pt\/nide\/files\/2015\/09\/digitalizar0006-203x300.jpg\" alt=\"\" width=\"203\" height=\"300\" srcset=\"https:\/\/sites.ipleiria.pt\/nide\/files\/2015\/09\/digitalizar0006-203x300.jpg 203w, https:\/\/sites.ipleiria.pt\/nide\/files\/2015\/09\/digitalizar0006-768x1133.jpg 768w, https:\/\/sites.ipleiria.pt\/nide\/files\/2015\/09\/digitalizar0006-694x1024.jpg 694w, https:\/\/sites.ipleiria.pt\/nide\/files\/2015\/09\/digitalizar0006.jpg 1139w\" sizes=\"auto, (max-width: 203px) 100vw, 203px\" \/><\/a><\/strong><\/span><\/p>\n<p><em>Interven\u00e7\u00e3o em Contextos Socioculturais e Educativos<\/em> \u00e9 um livro que tenta reunir um conjunto de reflex\u00f5es te\u00f3ricas e um conjunto de experi\u00eancias realizadas em contextos de interven\u00e7\u00e3o diversos.<br \/>\nPor essa raz\u00e3o, a obre pretende divulgar e partilhar com a comunidade acad\u00e9mica e proficcional os resultados de diferentes trabalhos e investiga\u00e7\u00f5es feitos na \u00e1rea e que possam contribuir para o alargamento e discuss\u00e3o de ideias no terreno, a fim de inspirar e inovar pr\u00e1ticas e de refletir sobre o <em>fazer<\/em> para melhor <em>ser<\/em>.<\/p>\n<p>&nbsp;<\/p>\n<h1>OUTRAS PUBLICA\u00c7\u00d5ES<\/h1>\n<ul>\n<li><a href=\"http:\/\/sites.ipleiria.pt\/nide\/publicacoes\/artigos\/\">Artigos\u00a0|\u00a0cap\u00edtulos\u00a0<\/a><\/li>\n<\/ul>\n","protected":false},"excerpt":{"rendered":"<p>EM FOCO \u25ba\u00a0\u00a0\u00b7 Interven\u00e7\u00e3o em Contextos Socioculturais e Educativos \u00b7 Interven\u00e7\u00e3o em Contextos Socioculturais e Educativos \u00e9 um livro que tenta reunir um conjunto de reflex\u00f5es te\u00f3ricas e um conjunto de experi\u00eancias realizadas em contextos de interven\u00e7\u00e3o diversos. Por essa &hellip; <a href=\"https:\/\/sites.ipleiria.pt\/nide\/publicacoes\/\">Continuar a ler <span class=\"meta-nav\">&rarr;<\/span><\/a><\/p>\n","protected":false},"author":471,"featured_media":0,"parent":0,"menu_order":0,"comment_status":"closed","ping_status":"closed","template":"","meta":{"footnotes":""},"class_list":["post-25","page","type-page","status-publish","hentry"],"_links":{"self":[{"href":"https:\/\/sites.ipleiria.pt\/nide\/wp-json\/wp\/v2\/pages\/25","targetHints":{"allow":["GET"]}}],"collection":[{"href":"https:\/\/sites.ipleiria.pt\/nide\/wp-json\/wp\/v2\/pages"}],"about":[{"href":"https:\/\/sites.ipleiria.pt\/nide\/wp-json\/wp\/v2\/types\/page"}],"author":[{"embeddable":true,"href":"https:\/\/sites.ipleiria.pt\/nide\/wp-json\/wp\/v2\/users\/471"}],"replies":[{"embeddable":true,"href":"https:\/\/sites.ipleiria.pt\/nide\/wp-json\/wp\/v2\/comments?post=25"}],"version-history":[{"count":12,"href":"https:\/\/sites.ipleiria.pt\/nide\/wp-json\/wp\/v2\/pages\/25\/revisions"}],"predecessor-version":[{"id":290,"href":"https:\/\/sites.ipleiria.pt\/nide\/wp-json\/wp\/v2\/pages\/25\/revisions\/290"}],"wp:attachment":[{"href":"https:\/\/sites.ipleiria.pt\/nide\/wp-json\/wp\/v2\/media?parent=25"}],"curies":[{"name":"wp","href":"https:\/\/api.w.org\/{rel}","templated":true}]}}