{"id":59,"date":"2015-03-06T16:02:55","date_gmt":"2015-03-06T16:02:55","guid":{"rendered":"http:\/\/sites.ipleiria.pt\/nide\/?page_id=59"},"modified":"2016-06-08T15:52:55","modified_gmt":"2016-06-08T15:52:55","slug":"linhas-de-investigacao","status":"publish","type":"page","link":"https:\/\/sites.ipleiria.pt\/nide\/linhas-de-investigacao\/","title":{"rendered":"Linhas de Investiga\u00e7\u00e3o"},"content":{"rendered":"<ul>\n<li>Ambiente, Cidadania e Educa\u00e7\u00e3o Ambiental<\/li>\n<li>Desenvolvimento Humano e Educa\u00e7\u00e3o<\/li>\n<li>Educa\u00e7\u00e3o Matem\u00e1tica<\/li>\n<li>Educa\u00e7\u00e3o em Ci\u00eancias<\/li>\n<li><strong><a href=\"http:\/\/sites.ipleiria.pt\/nide\/linhas-de-investigacao\/icea\/\">Interven\u00e7\u00e3o Cultural e Educa\u00e7\u00e3o Art\u00edstica<\/a><\/strong><\/li>\n<li>L\u00ednguas, Literacia e Literatura<\/li>\n<li><strong><a href=\"http:\/\/sites.ipleiria.pt\/nide\/linhas-de-investigacao\/%e2%80%95-oriente-ocidente-comunicacao-e-cultura\/\">Oriente-Ocidente: Comunica\u00e7\u00e3o e Cultura<\/a><\/strong><\/li>\n<li><strong><a href=\"http:\/\/sites.ipleiria.pt\/nide\/linhas-de-investigacao\/ppef\/common-framework-of-teacher-professional-competences\/\">Pol\u00edticas e Pr\u00e1ticas em Educa\u00e7\u00e3o e Forma\u00e7\u00e3o<\/a><\/strong><\/li>\n<li>Tecnologias Educativas<\/li>\n<\/ul>\n<p>&nbsp;<\/p>\n<p>&nbsp;<\/p>\n","protected":false},"excerpt":{"rendered":"<p>Ambiente, Cidadania e Educa\u00e7\u00e3o Ambiental Desenvolvimento Humano e Educa\u00e7\u00e3o Educa\u00e7\u00e3o Matem\u00e1tica Educa\u00e7\u00e3o em Ci\u00eancias Interven\u00e7\u00e3o Cultural e Educa\u00e7\u00e3o Art\u00edstica L\u00ednguas, Literacia e Literatura Oriente-Ocidente: Comunica\u00e7\u00e3o e Cultura Pol\u00edticas e Pr\u00e1ticas em Educa\u00e7\u00e3o e Forma\u00e7\u00e3o Tecnologias Educativas &nbsp; &nbsp;<\/p>\n","protected":false},"author":471,"featured_media":0,"parent":0,"menu_order":0,"comment_status":"closed","ping_status":"closed","template":"","meta":{"footnotes":""},"class_list":["post-59","page","type-page","status-publish","hentry"],"_links":{"self":[{"href":"https:\/\/sites.ipleiria.pt\/nide\/wp-json\/wp\/v2\/pages\/59","targetHints":{"allow":["GET"]}}],"collection":[{"href":"https:\/\/sites.ipleiria.pt\/nide\/wp-json\/wp\/v2\/pages"}],"about":[{"href":"https:\/\/sites.ipleiria.pt\/nide\/wp-json\/wp\/v2\/types\/page"}],"author":[{"embeddable":true,"href":"https:\/\/sites.ipleiria.pt\/nide\/wp-json\/wp\/v2\/users\/471"}],"replies":[{"embeddable":true,"href":"https:\/\/sites.ipleiria.pt\/nide\/wp-json\/wp\/v2\/comments?post=59"}],"version-history":[{"count":12,"href":"https:\/\/sites.ipleiria.pt\/nide\/wp-json\/wp\/v2\/pages\/59\/revisions"}],"predecessor-version":[{"id":267,"href":"https:\/\/sites.ipleiria.pt\/nide\/wp-json\/wp\/v2\/pages\/59\/revisions\/267"}],"wp:attachment":[{"href":"https:\/\/sites.ipleiria.pt\/nide\/wp-json\/wp\/v2\/media?parent=59"}],"curies":[{"name":"wp","href":"https:\/\/api.w.org\/{rel}","templated":true}]}}