{"id":71,"date":"2015-03-06T16:47:24","date_gmt":"2015-03-06T16:47:24","guid":{"rendered":"http:\/\/sites.ipleiria.pt\/nide\/?page_id=71"},"modified":"2015-03-06T17:04:03","modified_gmt":"2015-03-06T17:04:03","slug":"lca","status":"publish","type":"page","link":"https:\/\/sites.ipleiria.pt\/nide\/linhas-de-investigacao\/icea\/lca\/","title":{"rendered":"Laborat\u00f3rio  de Cria\u00e7\u00e3o Art\u00edstica"},"content":{"rendered":"<p><em>Laborat\u00f3rio de Cria\u00e7\u00e3o Art\u00edstica<\/em> (LCA) foi um projeto dirigido a estudantes do ensino superior da zona geogr\u00e1fica de Leiria, que tinha como objetivo principal <strong><em>desenvolver a literacia art\u00edstica entre estudantes do ensino superior<\/em><\/strong>. Numa iniciativa dos docentes das \u00e1reas art\u00edsticas da\u00a0 Licenciatura em Anima\u00e7\u00e3o Cultural, da Escola Superior de Educa\u00e7\u00e3o e Ci\u00eancias Sociais (ESECS) do Instituto Polit\u00e9cnico de Leiria (IPLeiria), este projeto foi implementado em parceria com a Escola de Dan\u00e7a Clara Le\u00e3o e subsidiado pela Funda\u00e7\u00e3o Calouste Gulbenkian.<\/p>\n<p>Ao longo da sua implementa\u00e7\u00e3o, durante o ano letivo de 2012\/2013, a equipa docente envolvida foi recolhendo dados de todo o processo, n\u00e3o s\u00f3 para a sua avalia\u00e7\u00e3o, mas tamb\u00e9m para compreender de forma mais aprofundada <strong>qual o impacto desta experi\u00eancia art\u00edstica no grupo de estudantes envolvidos<\/strong>.<\/p>\n<p>Desta forma, consider\u00e1mos priorit\u00e1rio analisar v\u00e1rias dimens\u00f5es desta experi\u00eancia e, para isso, foram desenhados 4 question\u00e1rios de respostas abertas que foram distribu\u00eddos pelos estudantes e p\u00fablico em diferentes momentos: na sess\u00e3o de apresenta\u00e7\u00e3o do projeto, no final do 1\u00ba semestre, no final do 2\u00ba semestre e no final da apresenta\u00e7\u00e3o p\u00fablica do Projeto <em>Laborat\u00f3rio de Cria\u00e7\u00e3o Art\u00edstica:<\/em> <em>Cadeiras que falam<\/em>.<\/p>\n<p>A an\u00e1lise desses question\u00e1rios est\u00e1, neste momento, a ser realizada.<\/p>\n<p>&nbsp;<\/p>\n<p><em>L\u00facia Magueta<\/em><\/p>\n<p><em>Maria de S\u00e3o Pedro Lopes<\/em><\/p>\n<h1>Equipa<\/h1>\n<ul>\n<li>xxx<\/li>\n<li>xxx<\/li>\n<\/ul>\n<h1>Publica\u00e7\u00f5es<\/h1>\n<ul>\n<li>xxx<\/li>\n<li>xxx<\/li>\n<\/ul>\n<p>&nbsp;<\/p>\n","protected":false},"excerpt":{"rendered":"<p>Laborat\u00f3rio de Cria\u00e7\u00e3o Art\u00edstica (LCA) foi um projeto dirigido a estudantes do ensino superior da zona geogr\u00e1fica de Leiria, que tinha como objetivo principal desenvolver a literacia art\u00edstica entre estudantes do ensino superior. Numa iniciativa dos docentes das \u00e1reas art\u00edsticas &hellip; <a href=\"https:\/\/sites.ipleiria.pt\/nide\/linhas-de-investigacao\/icea\/lca\/\">Continuar a ler <span class=\"meta-nav\">&rarr;<\/span><\/a><\/p>\n","protected":false},"author":471,"featured_media":0,"parent":64,"menu_order":0,"comment_status":"closed","ping_status":"closed","template":"sidebar-page.php","meta":{"footnotes":""},"class_list":["post-71","page","type-page","status-publish","hentry"],"_links":{"self":[{"href":"https:\/\/sites.ipleiria.pt\/nide\/wp-json\/wp\/v2\/pages\/71","targetHints":{"allow":["GET"]}}],"collection":[{"href":"https:\/\/sites.ipleiria.pt\/nide\/wp-json\/wp\/v2\/pages"}],"about":[{"href":"https:\/\/sites.ipleiria.pt\/nide\/wp-json\/wp\/v2\/types\/page"}],"author":[{"embeddable":true,"href":"https:\/\/sites.ipleiria.pt\/nide\/wp-json\/wp\/v2\/users\/471"}],"replies":[{"embeddable":true,"href":"https:\/\/sites.ipleiria.pt\/nide\/wp-json\/wp\/v2\/comments?post=71"}],"version-history":[{"count":4,"href":"https:\/\/sites.ipleiria.pt\/nide\/wp-json\/wp\/v2\/pages\/71\/revisions"}],"predecessor-version":[{"id":86,"href":"https:\/\/sites.ipleiria.pt\/nide\/wp-json\/wp\/v2\/pages\/71\/revisions\/86"}],"up":[{"embeddable":true,"href":"https:\/\/sites.ipleiria.pt\/nide\/wp-json\/wp\/v2\/pages\/64"}],"wp:attachment":[{"href":"https:\/\/sites.ipleiria.pt\/nide\/wp-json\/wp\/v2\/media?parent=71"}],"curies":[{"name":"wp","href":"https:\/\/api.w.org\/{rel}","templated":true}]}}