{"id":2267,"date":"2024-04-07T10:21:50","date_gmt":"2024-04-07T10:21:50","guid":{"rendered":"https:\/\/sites.ipleiria.pt\/pge\/?page_id=2267"},"modified":"2025-06-20T14:38:13","modified_gmt":"2025-06-20T14:38:13","slug":"corpus-de-manuais-escolares","status":"publish","type":"page","link":"https:\/\/sites.ipleiria.pt\/pge\/corpus-de-manuais-escolares\/","title":{"rendered":"Corpus de Manuais Escolares"},"content":{"rendered":"\t\t<div data-elementor-type=\"wp-page\" data-elementor-id=\"2267\" class=\"elementor elementor-2267\">\n\t\t\t\t<div class=\"elementor-element elementor-element-c52d87b e-flex e-con-boxed e-con e-parent\" data-id=\"c52d87b\" data-element_type=\"container\">\n\t\t\t\t\t<div class=\"e-con-inner\">\n\t\t\t\t<div class=\"elementor-element elementor-element-8eb7af9 elementor-widget-divider--view-line elementor-widget elementor-widget-divider\" data-id=\"8eb7af9\" data-element_type=\"widget\" data-widget_type=\"divider.default\">\n\t\t\t\t<div class=\"elementor-widget-container\">\n\t\t\t\t\t\t\t<div class=\"elementor-divider\">\n\t\t\t<span class=\"elementor-divider-separator\">\n\t\t\t\t\t\t<\/span>\n\t\t<\/div>\n\t\t\t\t\t\t<\/div>\n\t\t\t\t<\/div>\n\t\t\t\t\t<\/div>\n\t\t\t\t<\/div>\n\t\t<div class=\"elementor-element elementor-element-0070360 e-flex e-con-boxed e-con e-parent\" data-id=\"0070360\" data-element_type=\"container\">\n\t\t\t\t\t<div class=\"e-con-inner\">\n\t\t<div class=\"elementor-element elementor-element-678177d e-con-full e-flex e-con e-child\" data-id=\"678177d\" data-element_type=\"container\">\n\t\t\t\t<div class=\"elementor-element elementor-element-e4d48f0 elementor-widget elementor-widget-image\" data-id=\"e4d48f0\" data-element_type=\"widget\" data-widget_type=\"image.default\">\n\t\t\t\t<div class=\"elementor-widget-container\">\n\t\t\t\t\t\t\t\t\t\t\t\t\t\t\t<img fetchpriority=\"high\" decoding=\"async\" width=\"866\" height=\"172\" src=\"https:\/\/sites.ipleiria.pt\/pge\/files\/2024\/12\/grafismos-site-3-27.png\" class=\"attachment-large size-large wp-image-3046\" alt=\"\" srcset=\"https:\/\/sites.ipleiria.pt\/pge\/files\/2024\/12\/grafismos-site-3-27.png 866w, https:\/\/sites.ipleiria.pt\/pge\/files\/2024\/12\/grafismos-site-3-27-300x60.png 300w, https:\/\/sites.ipleiria.pt\/pge\/files\/2024\/12\/grafismos-site-3-27-768x153.png 768w\" sizes=\"(max-width: 866px) 100vw, 866px\" \/>\t\t\t\t\t\t\t\t\t\t\t\t\t\t\t<\/div>\n\t\t\t\t<\/div>\n\t\t\t\t<\/div>\n\t\t\t\t<div class=\"elementor-element elementor-element-321eeb6 elementor-widget elementor-widget-heading\" data-id=\"321eeb6\" data-element_type=\"widget\" data-widget_type=\"heading.default\">\n\t\t\t\t<div class=\"elementor-widget-container\">\n\t\t\t\t\t<h2 class=\"elementor-heading-title elementor-size-default\"><i>Corpus<\/i> de Manuais Escolares<\/h2>\t\t\t\t<\/div>\n\t\t\t\t<\/div>\n\t\t\t\t\t<\/div>\n\t\t\t\t<\/div>\n\t\t<div class=\"elementor-element elementor-element-7a110d1 e-flex e-con-boxed e-con e-parent\" data-id=\"7a110d1\" data-element_type=\"container\">\n\t\t\t\t\t<div class=\"e-con-inner\">\n\t\t<div class=\"elementor-element elementor-element-6f47ced e-con-full e-flex e-con e-child\" data-id=\"6f47ced\" data-element_type=\"container\">\n\t\t\t\t<div class=\"elementor-element elementor-element-9ed1fd1 elementor-widget elementor-widget-text-editor\" data-id=\"9ed1fd1\" data-element_type=\"widget\" data-widget_type=\"text-editor.default\">\n\t\t\t\t<div class=\"elementor-widget-container\">\n\t\t\t\t\t\t\t\t\t<p>O <b><i>Corpus<\/i> de Manuais Escolares<\/b> do DPDA tem como objetivo facultar o acesso a materiais para investiga\u00e7\u00e3o sobre a constru\u00e7\u00e3o do conhecimento em textos escritos em l\u00edngua portuguesa. O <i>corpus<\/i>, constitu\u00eddo entre 2018 e 2022, \u00e9 constitu\u00eddo por 397 textos oriundos de manuais escolares adotados oficialmente em Portugal.<\/p><p>As\u00a0<a href=\"https:\/\/sites.ipleiria.pt\/pge\/brochuras-ciencias-naturais\/\"><strong>brochuras de Ci\u00eancias Naturais<\/strong><\/a>\u00a0atualmente dispon\u00edveis neste Portal s\u00e3o resultado da an\u00e1lise de textos deste <i>corpus<\/i>.<\/p><p>\u00c9 poss\u00edvel fazer pesquisa no <em>corpus<\/em> com a ferramenta CQPWeb\u00a0de<u><b> forma gratuita<\/b><\/u>. Basta criar um perfil (<em>user profile<\/em>) e abrir<b>\u00a0<a href=\"https:\/\/corpora.celga.iltec.pt\/cqpweb\/\">sess\u00e3o<\/a><\/b>\u00a0(<em>login<\/em>).<\/p>\t\t\t\t\t\t\t\t<\/div>\n\t\t\t\t<\/div>\n\t\t\t\t<\/div>\n\t\t\t\t\t<\/div>\n\t\t\t\t<\/div>\n\t\t<div class=\"elementor-element elementor-element-3850c3f e-flex e-con-boxed e-con e-parent\" data-id=\"3850c3f\" data-element_type=\"container\">\n\t\t\t\t\t<div class=\"e-con-inner\">\n\t\t<div class=\"elementor-element elementor-element-fc5dd00 e-con-full e-flex e-con e-child\" data-id=\"fc5dd00\" data-element_type=\"container\">\n\t\t\t\t<div class=\"elementor-element elementor-element-8255308 elementor-widget elementor-widget-image\" data-id=\"8255308\" data-element_type=\"widget\" data-widget_type=\"image.default\">\n\t\t\t\t<div class=\"elementor-widget-container\">\n\t\t\t\t\t\t\t\t\t\t\t\t\t\t\t<img decoding=\"async\" width=\"866\" height=\"172\" src=\"https:\/\/sites.ipleiria.pt\/pge\/files\/2024\/12\/grafismos-site-3-28.png\" class=\"attachment-large size-large wp-image-3047\" alt=\"\" srcset=\"https:\/\/sites.ipleiria.pt\/pge\/files\/2024\/12\/grafismos-site-3-28.png 866w, https:\/\/sites.ipleiria.pt\/pge\/files\/2024\/12\/grafismos-site-3-28-300x60.png 300w, https:\/\/sites.ipleiria.pt\/pge\/files\/2024\/12\/grafismos-site-3-28-768x153.png 768w\" sizes=\"(max-width: 866px) 100vw, 866px\" \/>\t\t\t\t\t\t\t\t\t\t\t\t\t\t\t<\/div>\n\t\t\t\t<\/div>\n\t\t\t\t<\/div>\n\t\t\t\t\t<\/div>\n\t\t\t\t<\/div>\n\t\t\t\t<\/div>\n\t\t","protected":false},"excerpt":{"rendered":"<p>Corpus de Manuais Escolares O Corpus de Manuais Escolares do DPDA tem como objetivo facultar o acesso a materiais para investiga\u00e7\u00e3o sobre a constru\u00e7\u00e3o do conhecimento em textos escritos em l\u00edngua portuguesa. O corpus, constitu\u00eddo entre 2018 e 2022, \u00e9 constitu\u00eddo por 397 textos oriundos de manuais escolares adotados oficialmente em Portugal. As\u00a0brochuras de Ci\u00eancias&hellip;&nbsp;<a href=\"https:\/\/sites.ipleiria.pt\/pge\/corpus-de-manuais-escolares\/\" rel=\"bookmark\">Ler mais &raquo;<span class=\"screen-reader-text\">Corpus de Manuais Escolares<\/span><\/a><\/p>\n","protected":false},"author":5904,"featured_media":0,"parent":0,"menu_order":0,"comment_status":"closed","ping_status":"closed","template":"page-templates\/template-pagebuilder-full-width.php","meta":{"om_disable_all_campaigns":false,"_monsterinsights_skip_tracking":false,"_monsterinsights_sitenote_active":false,"_monsterinsights_sitenote_note":"","_monsterinsights_sitenote_category":0,"neve_meta_sidebar":"","neve_meta_container":"","neve_meta_enable_content_width":"","neve_meta_content_width":0,"neve_meta_title_alignment":"","neve_meta_author_avatar":"","neve_post_elements_order":"","neve_meta_disable_header":"","neve_meta_disable_footer":"","neve_meta_disable_title":"","footnotes":""},"class_list":["post-2267","page","type-page","status-publish","hentry"],"aioseo_notices":[],"_links":{"self":[{"href":"https:\/\/sites.ipleiria.pt\/pge\/wp-json\/wp\/v2\/pages\/2267","targetHints":{"allow":["GET"]}}],"collection":[{"href":"https:\/\/sites.ipleiria.pt\/pge\/wp-json\/wp\/v2\/pages"}],"about":[{"href":"https:\/\/sites.ipleiria.pt\/pge\/wp-json\/wp\/v2\/types\/page"}],"author":[{"embeddable":true,"href":"https:\/\/sites.ipleiria.pt\/pge\/wp-json\/wp\/v2\/users\/5904"}],"replies":[{"embeddable":true,"href":"https:\/\/sites.ipleiria.pt\/pge\/wp-json\/wp\/v2\/comments?post=2267"}],"version-history":[{"count":30,"href":"https:\/\/sites.ipleiria.pt\/pge\/wp-json\/wp\/v2\/pages\/2267\/revisions"}],"predecessor-version":[{"id":4250,"href":"https:\/\/sites.ipleiria.pt\/pge\/wp-json\/wp\/v2\/pages\/2267\/revisions\/4250"}],"wp:attachment":[{"href":"https:\/\/sites.ipleiria.pt\/pge\/wp-json\/wp\/v2\/media?parent=2267"}],"curies":[{"name":"wp","href":"https:\/\/api.w.org\/{rel}","templated":true}]}}