{"id":2929,"date":"2024-12-02T00:26:56","date_gmt":"2024-12-02T00:26:56","guid":{"rendered":"https:\/\/sites.ipleiria.pt\/gdip\/?page_id=2929"},"modified":"2025-06-23T14:24:35","modified_gmt":"2025-06-23T14:24:35","slug":"subgenero","status":"publish","type":"page","link":"https:\/\/sites.ipleiria.pt\/pge\/subgenero\/","title":{"rendered":"Subg\u00e9nero"},"content":{"rendered":"\t\t<div data-elementor-type=\"wp-page\" data-elementor-id=\"2929\" class=\"elementor elementor-2929\">\n\t\t\t\t<div class=\"elementor-element elementor-element-bdf8e7f e-flex e-con-boxed e-con e-parent\" data-id=\"bdf8e7f\" data-element_type=\"container\">\n\t\t\t\t\t<div class=\"e-con-inner\">\n\t\t\t\t<div class=\"elementor-element elementor-element-0518df0 elementor-widget-divider--view-line elementor-widget elementor-widget-divider\" data-id=\"0518df0\" data-element_type=\"widget\" data-widget_type=\"divider.default\">\n\t\t\t\t<div class=\"elementor-widget-container\">\n\t\t\t\t\t\t\t<div class=\"elementor-divider\">\n\t\t\t<span class=\"elementor-divider-separator\">\n\t\t\t\t\t\t<\/span>\n\t\t<\/div>\n\t\t\t\t\t\t<\/div>\n\t\t\t\t<\/div>\n\t\t\t\t\t<\/div>\n\t\t\t\t<\/div>\n\t\t<div class=\"elementor-element elementor-element-5f58be4 e-flex e-con-boxed e-con e-parent\" data-id=\"5f58be4\" data-element_type=\"container\">\n\t\t\t\t\t<div class=\"e-con-inner\">\n\t\t<div class=\"elementor-element elementor-element-816e1aa e-con-full e-flex e-con e-child\" data-id=\"816e1aa\" data-element_type=\"container\">\n\t\t\t\t<div class=\"elementor-element elementor-element-047d8fb elementor-widget elementor-widget-image\" data-id=\"047d8fb\" data-element_type=\"widget\" data-widget_type=\"image.default\">\n\t\t\t\t<div class=\"elementor-widget-container\">\n\t\t\t\t\t\t\t\t\t\t\t\t\t\t\t<img fetchpriority=\"high\" decoding=\"async\" width=\"866\" height=\"172\" src=\"https:\/\/sites.ipleiria.pt\/pge\/files\/2024\/12\/grafismos-site-3-27.png\" class=\"attachment-large size-large wp-image-3046\" alt=\"\" srcset=\"https:\/\/sites.ipleiria.pt\/pge\/files\/2024\/12\/grafismos-site-3-27.png 866w, https:\/\/sites.ipleiria.pt\/pge\/files\/2024\/12\/grafismos-site-3-27-300x60.png 300w, https:\/\/sites.ipleiria.pt\/pge\/files\/2024\/12\/grafismos-site-3-27-768x153.png 768w\" sizes=\"(max-width: 866px) 100vw, 866px\" \/>\t\t\t\t\t\t\t\t\t\t\t\t\t\t\t<\/div>\n\t\t\t\t<\/div>\n\t\t\t\t<\/div>\n\t\t\t\t<div class=\"elementor-element elementor-element-1825533 elementor-widget elementor-widget-heading\" data-id=\"1825533\" data-element_type=\"widget\" data-widget_type=\"heading.default\">\n\t\t\t\t<div class=\"elementor-widget-container\">\n\t\t\t\t\t<h2 class=\"elementor-heading-title elementor-size-default\">Subg\u00e9nero<\/h2>\t\t\t\t<\/div>\n\t\t\t\t<\/div>\n\t\t\t\t\t<\/div>\n\t\t\t\t<\/div>\n\t\t<div class=\"elementor-element elementor-element-c6a3029 e-flex e-con-boxed e-con e-parent\" data-id=\"c6a3029\" data-element_type=\"container\">\n\t\t\t\t\t<div class=\"e-con-inner\">\n\t\t<div class=\"elementor-element elementor-element-d26f3c3 e-con-full e-flex e-con e-child\" data-id=\"d26f3c3\" data-element_type=\"container\">\n\t\t\t\t<div class=\"elementor-element elementor-element-13a4e20 elementor-widget elementor-widget-text-editor\" data-id=\"13a4e20\" data-element_type=\"widget\" data-widget_type=\"text-editor.default\">\n\t\t\t\t<div class=\"elementor-widget-container\">\n\t\t\t\t\t\t\t\t\t<p>O conceito de <strong><span class=\"has-inline-color has-blue-color\">subg\u00e9nero <\/span><\/strong>tem sido objeto de reflex\u00e3o no seio da Teoria da Literatura, sendo h\u00e1 muito aplicado a textos liter\u00e1rios. Designa-se subg\u00e9nero \u201cuma categoria genol\u00f3gica secund\u00e1ria e deduzida da especifica\u00e7\u00e3o funcional e hist\u00f3rico-cultural de um determinado <em>g\u00e9nero<\/em> [\u2026], assumido como refer\u00eancia matricial e, por assim dizer, de n\u00edvel superior\u201d (Reis, 2018, p. 488).\u00a0<\/p>\n<p><!-- \/wp:paragraph --><!-- wp:paragraph --><\/p>\n<p>S\u00e3o exemplos de subg\u00e9neros as classes <em>romance naturalista<\/em>, <em>novela policial<\/em>, <em>soneto ingl\u00eas<\/em>, <em>epopeia renascentista<\/em> (respetivamente dos g\u00e9neros <em>romance<\/em>, <em>novela<\/em>, <em>soneto<\/em> e <em>epopeia<\/em>). Mas o conceito pode ser aplicado a textos de g\u00e9neros n\u00e3o liter\u00e1rios, como se comprova com o g\u00e9nero <em>dicion\u00e1rio<\/em>, que se relaciona com m\u00faltiplos subg\u00e9neros: o <em>dicion\u00e1rio de l\u00edngua (unilingue ou bilingue)<\/em>, <em>etimol\u00f3gico<\/em>, <em>de sin\u00f3nimos<\/em>, <em>de ant\u00f3nimos<\/em>, <em>de verbos<\/em>, <em>de reg\u00eancias<\/em>, <em>de g\u00edrias e cal\u00e3o<\/em>, <em>de prov\u00e9rbios<\/em>, <em>de autores<\/em>, <em>de hist\u00f3ria<\/em>, <em>tem\u00e1tico<\/em>, <em>ilustrado<\/em>, <em>enciclop\u00e9dico<\/em>, <em>escolar<\/em>, <em>de bolso<\/em>, etc.\u00a0<\/p>\n<p><!-- \/wp:paragraph --><!-- wp:paragraph --><\/p>\n<p>Os textos de m\u00faltiplos g\u00e9neros liter\u00e1rios e n\u00e3o liter\u00e1rios revelam propriedades situacionais e textuais que justificam serem simultaneamente inseridos numa classe e numa subclasse genol\u00f3gica. Ou seja, refletem caracter\u00edsticas que s\u00e3o associadas a um dado g\u00e9nero, mas evidenciam outras que os particularizam, pelo que constituem, concomitantemente, exemplares de um subg\u00e9nero e do g\u00e9nero do qual o subg\u00e9nero depende.\u00a0<\/p>\n<p><!-- \/wp:paragraph --><!-- wp:paragraph --><\/p>\n<p>As etiquetas dos subg\u00e9neros s\u00e3o geralmente compostas por \u201cum substantivo, que \u00e9 a designa\u00e7\u00e3o genol\u00f3gica abrangente, completado por um atributo que o especializa\u201d (Reis 1995, p. 264), como se verifica em <em>dicion\u00e1rio de sin\u00f3nimos<\/em>. Sendo geradas desta forma, as designa\u00e7\u00f5es dos subg\u00e9neros quase sempre revelam tamb\u00e9m o g\u00e9nero em que se inserem e de que dependem. Uma exce\u00e7\u00e3o, possivelmente entre outras, parece ser o caso do g\u00e9nero <em>prova de avalia\u00e7\u00e3o<\/em>; pode dizer-se que este g\u00e9nero inclui diversos subg\u00e9neros, de que se destacam o <em>teste<\/em>, a <em>frequ\u00eancia<\/em> e o <em>exame<\/em>. Assim, a etiqueta de cada um destes subg\u00e9neros n\u00e3o integra a designa\u00e7\u00e3o do g\u00e9nero de que dependem.\u00a0<\/p>\n<p><!-- \/wp:paragraph --><!-- wp:paragraph --><\/p>\n<p>A lista de subg\u00e9neros do g\u00e9nero <em>dicion\u00e1rio<\/em> atr\u00e1s explicitada permite concluir que h\u00e1 m\u00faltiplas dimens\u00f5es (situacionais e textuais) que contribuem para o estabelecimento dessas classes. A seguir, s\u00e3o indicadas algumas dessas dimens\u00f5es:\u00a0<\/p>\n<p><!-- \/wp:paragraph --><!-- wp:paragraph --><\/p>\n<ul>\n<li>o conte\u00fado (<em>romance policial<\/em>, <em>conto fant\u00e1stico<\/em>);\u00a0<\/li>\n<\/ul>\n<p><!-- \/wp:paragraph --><!-- wp:paragraph --><\/p>\n<ul>\n<li>o movimento art\u00edstico-liter\u00e1rio (<em>soneto renascentista<\/em>, <em>can\u00e7\u00e3o rom\u00e2ntica<\/em>);\u00a0<\/li>\n<\/ul>\n<p><!-- \/wp:paragraph --><!-- wp:paragraph --><\/p>\n<ul>\n<li>o per\u00edodo temporal ou \u00e9poca (<em>can\u00e7\u00e3o medieval<\/em>, <em>romance oitocentista<\/em>);\u00a0<\/li>\n<\/ul>\n<p><!-- \/wp:paragraph --><!-- wp:paragraph --><\/p>\n<ul>\n<li>a nacionalidade, civiliza\u00e7\u00e3o ou regi\u00e3o geogr\u00e1fica (<em>trag\u00e9dia grega<\/em>, <em>can\u00e7\u00e3o proven\u00e7al<\/em>);\u00a0<\/li>\n<\/ul>\n<p><!-- \/wp:paragraph --><!-- wp:paragraph --><\/p>\n<ul>\n<li>o autor de textos de um dado g\u00e9nero (<em>ode horaciana<\/em>, <em>novela camiliana<\/em>);\u00a0<\/li>\n<\/ul>\n<p><!-- \/wp:paragraph --><!-- wp:paragraph --><\/p>\n<ul>\n<li>a estrutura ou organiza\u00e7\u00e3o interna do texto (<em>romance epistolar<\/em>).\u00a0<\/li>\n<\/ul>\n<p><!-- \/wp:paragraph --><!-- wp:paragraph --><\/p>\n<p>Por fim, note-se que o conceito de subg\u00e9nero n\u00e3o deve ser confundido com o de g\u00e9nero inclu\u00eddo. Duas propriedades os distinguem: por um lado, cada subg\u00e9nero \u00e9 um exemplar do g\u00e9nero de que depende (um <em>romance hist\u00f3rico<\/em> \u00e9 um exemplar do g\u00e9nero <em>romance<\/em>), o que n\u00e3o se observa no caso de um g\u00e9nero inclu\u00eddo (a <em>introdu\u00e7\u00e3o <\/em>de um artigo cient\u00edfico n\u00e3o \u00e9 um exemplar do g\u00e9nero <em>artigo cient\u00edfico<\/em>; constitui uma parte ou sec\u00e7\u00e3o de um texto do g\u00e9nero <em>artigo cient\u00edfico<\/em>, mas trata-se de um exemplar do g\u00e9nero <em>introdu\u00e7\u00e3o<\/em>). Por outro lado, a designa\u00e7\u00e3o do g\u00e9nero est\u00e1, regra geral, integrada na designa\u00e7\u00e3o do subg\u00e9nero (atente-se em <em>romance hist\u00f3rico<\/em> e <em>romance<\/em>, por exemplo), o que n\u00e3o sucede com o g\u00e9nero inclu\u00eddo (<em>introdu\u00e7\u00e3o<\/em> e <em>artigo cient\u00edfico<\/em>).\u00a0<\/p>\n<p><!-- \/wp:paragraph --><!-- wp:paragraph --><\/p>\n<p>A descri\u00e7\u00e3o efetuada baseia-se em crit\u00e9rios originalmente propostos no \u00e2mbito dos Estudos Liter\u00e1rios (Reis, 1995, 2018). Ao longo da exposi\u00e7\u00e3o, procurou-se adotar essa conce\u00e7\u00e3o, inicialmente aplicada apenas aos textos liter\u00e1rios, a todos os textos produzidos em qualquer \u00e1rea de atividade socioprofissional (Silva, 2012, 2020).\u00a0<\/p>\n<p><!-- \/wp:paragraph --><!-- wp:paragraph --><\/p>\n<p><strong>Refer\u00eancias<\/strong>\u00a0<\/p>\n<p><!-- \/wp:paragraph --><!-- wp:paragraph --><\/p>\n<p>Reis, C. (1995). <em>O conhecimento da literatura<\/em>. Almedina.\u00a0<\/p>\n<p><!-- \/wp:paragraph --><!-- wp:paragraph --><\/p>\n<p>Reis, C. (2018). <em>Dicion\u00e1rio de estudos narrativos<\/em>. Almedina.\u00a0<\/p>\n<p><!-- \/wp:paragraph --><!-- wp:paragraph --><\/p>\n<p>Silva, P. N. (2012). <em>Tipologias textuais. Como classificar textos e sequ\u00eancias<\/em>. Almedina\/CELGA.\u00a0<\/p>\n<p><!-- \/wp:paragraph --><!-- wp:paragraph --><\/p>\n<p>Silva, P. N. (2020). Redes, cadeias, sistemas e report\u00f3rios: Sobre as rela\u00e7\u00f5es entre g\u00e9neros. <em>Lingu\u00edstica (Revista de Estudos Lingu\u00edsticos da Universidade do Porto),<\/em> <em>15,<\/em> 95-134. <a href=\"https:\/\/ojs.letras.up.pt\/index.php\/EL\/article\/view\/9477\/8691\" target=\"_blank\" rel=\"noreferrer noopener\">https:\/\/ojs.letras.up.pt\/index.php\/EL\/article\/view\/9477\/8691<\/a>\u00a0<\/p>\n<p><!-- \/wp:paragraph --><!-- wp:paragraph --><\/p>\n<p>\u00a0<\/p>\n<p><!-- \/wp:paragraph --><!-- wp:paragraph --><\/p>\n<p><strong>Forma de referencia\u00e7\u00e3o sugerida<\/strong>\u00a0<\/p>\n<p><!-- \/wp:paragraph --><!-- wp:paragraph --><\/p>\n<p>Silva, P. N. (2024). <em>Subg\u00e9nero<\/em>. https:\/\/sites.ipleiria.pt\/pge\/subgenero\/<\/p>\n<p>\u00a0<\/p>\n<p><!-- \/wp:paragraph --><!-- wp:paragraph --><\/p>\t\t\t\t\t\t\t\t<\/div>\n\t\t\t\t<\/div>\n\t\t\t\t<\/div>\n\t\t\t\t\t<\/div>\n\t\t\t\t<\/div>\n\t\t<div class=\"elementor-element elementor-element-a83b3ce e-con-full e-flex e-con e-parent\" data-id=\"a83b3ce\" data-element_type=\"container\">\n\t\t<div class=\"elementor-element elementor-element-815258f e-con-full e-flex e-con e-child\" data-id=\"815258f\" data-element_type=\"container\">\n\t\t\t\t<div class=\"elementor-element elementor-element-d3d483f elementor-widget elementor-widget-image\" data-id=\"d3d483f\" data-element_type=\"widget\" data-widget_type=\"image.default\">\n\t\t\t\t<div class=\"elementor-widget-container\">\n\t\t\t\t\t\t\t\t\t\t\t\t\t\t\t<img decoding=\"async\" width=\"866\" height=\"172\" src=\"https:\/\/sites.ipleiria.pt\/pge\/files\/2024\/12\/grafismos-site-3-28.png\" class=\"attachment-large size-large wp-image-3047\" alt=\"\" srcset=\"https:\/\/sites.ipleiria.pt\/pge\/files\/2024\/12\/grafismos-site-3-28.png 866w, https:\/\/sites.ipleiria.pt\/pge\/files\/2024\/12\/grafismos-site-3-28-300x60.png 300w, https:\/\/sites.ipleiria.pt\/pge\/files\/2024\/12\/grafismos-site-3-28-768x153.png 768w\" sizes=\"(max-width: 866px) 100vw, 866px\" \/>\t\t\t\t\t\t\t\t\t\t\t\t\t\t\t<\/div>\n\t\t\t\t<\/div>\n\t\t\t\t<\/div>\n\t\t\t\t<\/div>\n\t\t\t\t<\/div>\n\t\t","protected":false},"excerpt":{"rendered":"<p>Subg\u00e9nero O conceito de subg\u00e9nero tem sido objeto de reflex\u00e3o no seio da Teoria da Literatura, sendo h\u00e1 muito aplicado a textos liter\u00e1rios. Designa-se subg\u00e9nero \u201cuma categoria genol\u00f3gica secund\u00e1ria e deduzida da especifica\u00e7\u00e3o funcional e hist\u00f3rico-cultural de um determinado g\u00e9nero [\u2026], assumido como refer\u00eancia matricial e, por assim dizer, de n\u00edvel superior\u201d (Reis, 2018, p.&hellip;&nbsp;<a href=\"https:\/\/sites.ipleiria.pt\/pge\/subgenero\/\" rel=\"bookmark\">Ler mais &raquo;<span class=\"screen-reader-text\">Subg\u00e9nero<\/span><\/a><\/p>\n","protected":false},"author":5904,"featured_media":0,"parent":0,"menu_order":0,"comment_status":"closed","ping_status":"closed","template":"page-templates\/template-pagebuilder-full-width.php","meta":{"om_disable_all_campaigns":false,"_monsterinsights_skip_tracking":false,"_monsterinsights_sitenote_active":false,"_monsterinsights_sitenote_note":"","_monsterinsights_sitenote_category":0,"neve_meta_sidebar":"","neve_meta_container":"","neve_meta_enable_content_width":"","neve_meta_content_width":0,"neve_meta_title_alignment":"","neve_meta_author_avatar":"","neve_post_elements_order":"","neve_meta_disable_header":"","neve_meta_disable_footer":"","neve_meta_disable_title":"","footnotes":""},"class_list":["post-2929","page","type-page","status-publish","hentry"],"aioseo_notices":[],"_links":{"self":[{"href":"https:\/\/sites.ipleiria.pt\/pge\/wp-json\/wp\/v2\/pages\/2929","targetHints":{"allow":["GET"]}}],"collection":[{"href":"https:\/\/sites.ipleiria.pt\/pge\/wp-json\/wp\/v2\/pages"}],"about":[{"href":"https:\/\/sites.ipleiria.pt\/pge\/wp-json\/wp\/v2\/types\/page"}],"author":[{"embeddable":true,"href":"https:\/\/sites.ipleiria.pt\/pge\/wp-json\/wp\/v2\/users\/5904"}],"replies":[{"embeddable":true,"href":"https:\/\/sites.ipleiria.pt\/pge\/wp-json\/wp\/v2\/comments?post=2929"}],"version-history":[{"count":41,"href":"https:\/\/sites.ipleiria.pt\/pge\/wp-json\/wp\/v2\/pages\/2929\/revisions"}],"predecessor-version":[{"id":4334,"href":"https:\/\/sites.ipleiria.pt\/pge\/wp-json\/wp\/v2\/pages\/2929\/revisions\/4334"}],"wp:attachment":[{"href":"https:\/\/sites.ipleiria.pt\/pge\/wp-json\/wp\/v2\/media?parent=2929"}],"curies":[{"name":"wp","href":"https:\/\/api.w.org\/{rel}","templated":true}]}}