{"id":2984,"date":"2024-12-02T01:14:10","date_gmt":"2024-12-02T01:14:10","guid":{"rendered":"https:\/\/sites.ipleiria.pt\/gdip\/?page_id=2984"},"modified":"2025-06-23T14:39:59","modified_gmt":"2025-06-23T14:39:59","slug":"relato-de-procedimento","status":"publish","type":"page","link":"https:\/\/sites.ipleiria.pt\/pge\/relato-de-procedimento\/","title":{"rendered":"Relato de Procedimento"},"content":{"rendered":"\t\t<div data-elementor-type=\"wp-page\" data-elementor-id=\"2984\" class=\"elementor elementor-2984\">\n\t\t\t\t<div class=\"elementor-element elementor-element-fc0987a e-flex e-con-boxed e-con e-parent\" data-id=\"fc0987a\" data-element_type=\"container\">\n\t\t\t\t\t<div class=\"e-con-inner\">\n\t\t\t\t<div class=\"elementor-element elementor-element-ead7580 elementor-widget-divider--view-line elementor-widget elementor-widget-divider\" data-id=\"ead7580\" data-element_type=\"widget\" data-widget_type=\"divider.default\">\n\t\t\t\t<div class=\"elementor-widget-container\">\n\t\t\t\t\t\t\t<div class=\"elementor-divider\">\n\t\t\t<span class=\"elementor-divider-separator\">\n\t\t\t\t\t\t<\/span>\n\t\t<\/div>\n\t\t\t\t\t\t<\/div>\n\t\t\t\t<\/div>\n\t\t\t\t\t<\/div>\n\t\t\t\t<\/div>\n\t\t<div class=\"elementor-element elementor-element-9035f23 e-flex e-con-boxed e-con e-parent\" data-id=\"9035f23\" data-element_type=\"container\">\n\t\t\t\t\t<div class=\"e-con-inner\">\n\t\t<div class=\"elementor-element elementor-element-25f80d8 e-con-full e-flex e-con e-child\" data-id=\"25f80d8\" data-element_type=\"container\">\n\t\t\t\t<div class=\"elementor-element elementor-element-acb4143 elementor-widget elementor-widget-image\" data-id=\"acb4143\" data-element_type=\"widget\" data-widget_type=\"image.default\">\n\t\t\t\t<div class=\"elementor-widget-container\">\n\t\t\t\t\t\t\t\t\t\t\t\t\t\t\t<img fetchpriority=\"high\" decoding=\"async\" width=\"866\" height=\"172\" src=\"https:\/\/sites.ipleiria.pt\/pge\/files\/2024\/12\/grafismos-site-3-27.png\" class=\"attachment-large size-large wp-image-3046\" alt=\"\" srcset=\"https:\/\/sites.ipleiria.pt\/pge\/files\/2024\/12\/grafismos-site-3-27.png 866w, https:\/\/sites.ipleiria.pt\/pge\/files\/2024\/12\/grafismos-site-3-27-300x60.png 300w, https:\/\/sites.ipleiria.pt\/pge\/files\/2024\/12\/grafismos-site-3-27-768x153.png 768w\" sizes=\"(max-width: 866px) 100vw, 866px\" \/>\t\t\t\t\t\t\t\t\t\t\t\t\t\t\t<\/div>\n\t\t\t\t<\/div>\n\t\t\t\t<\/div>\n\t\t\t\t<div class=\"elementor-element elementor-element-51fe13b elementor-widget elementor-widget-heading\" data-id=\"51fe13b\" data-element_type=\"widget\" data-widget_type=\"heading.default\">\n\t\t\t\t<div class=\"elementor-widget-container\">\n\t\t\t\t\t<h2 class=\"elementor-heading-title elementor-size-default\">Relato de Procedimento<\/h2>\t\t\t\t<\/div>\n\t\t\t\t<\/div>\n\t\t\t\t\t<\/div>\n\t\t\t\t<\/div>\n\t\t<div class=\"elementor-element elementor-element-c095ed7 e-flex e-con-boxed e-con e-parent\" data-id=\"c095ed7\" data-element_type=\"container\">\n\t\t\t\t\t<div class=\"e-con-inner\">\n\t\t<div class=\"elementor-element elementor-element-03931d3 e-con-full e-flex e-con e-child\" data-id=\"03931d3\" data-element_type=\"container\">\n\t\t\t\t<div class=\"elementor-element elementor-element-c86bc01 elementor-widget elementor-widget-text-editor\" data-id=\"c86bc01\" data-element_type=\"widget\" data-widget_type=\"text-editor.default\">\n\t\t\t\t<div class=\"elementor-widget-container\">\n\t\t\t\t\t\t\t\t\t<p>O g\u00e9nero<b> relato de procedimento<\/b> reporta-se a um tipo de texto de uso vari\u00e1vel em diferentes contextos acad\u00e9micos, desde o ensino b\u00e1sico e secund\u00e1rio at\u00e9 ao ensino universit\u00e1rio, incluindo contextos profissionais. Como o nome indica, trata-se de um relato, uma descri\u00e7\u00e3o dos modos procedimentais de um processo de investiga\u00e7\u00e3o, quer na sua dimens\u00e3o de experimenta\u00e7\u00e3o, quer de problematiza\u00e7\u00e3o e de argumenta\u00e7\u00e3o, ou quer ainda de desenvolvimento profissional, como no caso de alguns relat\u00f3rios de est\u00e1gio profissional.<\/p>\n<p><!-- \/wp:paragraph --><!-- wp:paragraph --><\/p>\n<p>Tende a ocorrer de diferentes formas, \u00e0 medida que se avan\u00e7a no percurso acad\u00e9mico e no desenvolvimento da literacia. No <strong>ensino secund\u00e1rio<\/strong>, \u00e9 muito comum na modalidade de relato de experi\u00eancia, nas aulas de ci\u00eancias naturais, qu\u00edmica e f\u00edsica, procurando o aluno dar conta dos momentos de uma experi\u00eancia cient\u00edfica. No <strong>ensino universit\u00e1rio<\/strong>, ocorre nas modalidades disserta\u00e7\u00e3o de mestrado e tese de doutoramento, ou ent\u00e3o, em contexto acad\u00e9mico de pendor mais profissional, na modalidade artigo cient\u00edfico. Desta caracteriza\u00e7\u00e3o n\u00e3o decorre que todas as disserta\u00e7\u00f5es de mestrado e teses de doutoramento seja relatos de procedimento, j\u00e1 que tais textos e pr\u00e1ticas se abrem a uma certa pan\u00f3plia de caracteriza\u00e7\u00e3o genol\u00f3gica. Mas, no geral, muitas disserta\u00e7\u00f5es de mestrado e teses de doutoramento s\u00e3o de facto relatos de procedimento. Nestes e em outros casos, trata-se sempre de <strong>dar a conhecer como se fez uma dada atividade, como se procedeu para alcan\u00e7ar um determinado objetivo<\/strong>. Nesse sentido, apresenta-se estruturado em pelo menos tr\u00eas etapas: objetivos, m\u00e9todo e resultados. A complexifica\u00e7\u00e3o, reestrutura\u00e7\u00e3o ou densifica\u00e7\u00e3o destas etapas em outras de valor equivalente, ou outras de acrescento, decorre do n\u00edvel de desenvolvimento escolar ou profissional do seu autor e das suas necessidades. Por exemplo, em certos contextos, nomeadamente no ensino superior, pode incluir outras etapas, como Discuss\u00e3o\/Conclus\u00e3o ou Recomenda\u00e7\u00f5es.<\/p>\n<p><!-- \/wp:paragraph --><!-- wp:paragraph --><\/p>\n<p>No conjunto dos g\u00e9neros estruturados cronologicamente, caracter\u00edstica que partilha com as explica\u00e7\u00f5es, o relato de procedimento distingue-se daquelas pela sua organiza\u00e7\u00e3o temporal dos factos registados e relatados. J\u00e1 a organiza\u00e7\u00e3o das explica\u00e7\u00f5es \u00e9 consequencial e n\u00e3o temporal. A express\u00e3o desta <strong>organiza\u00e7\u00e3o temporal <\/strong>dos relatos de procedimento faz-se de modo retrospetivo, isto \u00e9, o tempo \u00e9 passado, com ocorr\u00eancias de tempo gen\u00e9rico, como tamb\u00e9m acontece com os relatos hist\u00f3ricos, embora no caso dos relatos de procedimento a retrospe\u00e7\u00e3o seja espec\u00edfica e no caso dos relatos hist\u00f3ricos seja geral. Em relatos de procedimentos de literacia mais avan\u00e7ada, esta retrospe\u00e7\u00e3o espec\u00edfica \u00e9 fundamental na constru\u00e7\u00e3o da etapa da conclus\u00e3o, em que a dimens\u00e3o factual retrospetiva adquire contornos de abstra\u00e7\u00e3o e de avalia\u00e7\u00e3o significativa.<\/p>\n<p><!-- \/wp:paragraph --><!-- wp:paragraph --><\/p>\n<p>A descri\u00e7\u00e3o aqui efetuada decorre dos ensinamentos da<strong> lingu\u00edstica sist\u00e9mico-funcional <\/strong>e da pedagogia da <strong>Escola de Sydney<\/strong>, daquela decorrente. Nesse sentido, o relato de procedimento faz parte da grande fam\u00edlia dos g\u00e9neros da ordem do informar, subfam\u00edlia dos procedimentos, a par com a instru\u00e7\u00e3o e o protocolo, todos eles relativos ao exerc\u00edcio e desenvolvimento de atividades, pr\u00e1ticas e a\u00e7\u00f5es.<\/p>\n<p><!-- \/wp:paragraph --><!-- wp:paragraph --><\/p>\n<p><strong>Forma de referencia\u00e7\u00e3o sugerida<\/strong><\/p>\n<p><!-- \/wp:paragraph --><!-- wp:paragraph --><\/p>\n<p>Gouveia, C. A. M. (2024). Relato de procedimento. <a href=\"https:\/\/sites.ipleiria.pt\/pge\/relato-de-procedimento\/\">https:\/\/sites.ipleiria.pt\/pge\/relato-de-procedimento\/<\/a><\/p>\n<p>\u00a0<\/p>\n<p><!-- \/wp:paragraph --><!-- wp:paragraph {\"align\":\"right\"} --><\/p>\t\t\t\t\t\t\t\t<\/div>\n\t\t\t\t<\/div>\n\t\t\t\t<\/div>\n\t\t\t\t\t<\/div>\n\t\t\t\t<\/div>\n\t\t<div class=\"elementor-element elementor-element-9094a0c e-flex e-con-boxed e-con e-parent\" data-id=\"9094a0c\" data-element_type=\"container\">\n\t\t\t\t\t<div class=\"e-con-inner\">\n\t\t<div class=\"elementor-element elementor-element-1f506b1 e-con-full e-flex e-con e-child\" data-id=\"1f506b1\" data-element_type=\"container\">\n\t\t\t\t<div class=\"elementor-element elementor-element-f4e89cf elementor-widget elementor-widget-image\" data-id=\"f4e89cf\" data-element_type=\"widget\" data-widget_type=\"image.default\">\n\t\t\t\t<div class=\"elementor-widget-container\">\n\t\t\t\t\t\t\t\t\t\t\t\t\t\t\t<img decoding=\"async\" width=\"866\" height=\"172\" src=\"https:\/\/sites.ipleiria.pt\/pge\/files\/2024\/12\/grafismos-site-3-28.png\" class=\"attachment-large size-large wp-image-3047\" alt=\"\" srcset=\"https:\/\/sites.ipleiria.pt\/pge\/files\/2024\/12\/grafismos-site-3-28.png 866w, https:\/\/sites.ipleiria.pt\/pge\/files\/2024\/12\/grafismos-site-3-28-300x60.png 300w, https:\/\/sites.ipleiria.pt\/pge\/files\/2024\/12\/grafismos-site-3-28-768x153.png 768w\" sizes=\"(max-width: 866px) 100vw, 866px\" \/>\t\t\t\t\t\t\t\t\t\t\t\t\t\t\t<\/div>\n\t\t\t\t<\/div>\n\t\t\t\t<\/div>\n\t\t\t\t\t<\/div>\n\t\t\t\t<\/div>\n\t\t\t\t<\/div>\n\t\t","protected":false},"excerpt":{"rendered":"<p>Relato de Procedimento O g\u00e9nero relato de procedimento reporta-se a um tipo de texto de uso vari\u00e1vel em diferentes contextos acad\u00e9micos, desde o ensino b\u00e1sico e secund\u00e1rio at\u00e9 ao ensino universit\u00e1rio, incluindo contextos profissionais. Como o nome indica, trata-se de um relato, uma descri\u00e7\u00e3o dos modos procedimentais de um processo de investiga\u00e7\u00e3o, quer na sua&hellip;&nbsp;<a href=\"https:\/\/sites.ipleiria.pt\/pge\/relato-de-procedimento\/\" rel=\"bookmark\">Ler mais &raquo;<span class=\"screen-reader-text\">Relato de Procedimento<\/span><\/a><\/p>\n","protected":false},"author":5904,"featured_media":0,"parent":0,"menu_order":0,"comment_status":"closed","ping_status":"closed","template":"page-templates\/template-pagebuilder-full-width.php","meta":{"om_disable_all_campaigns":false,"_monsterinsights_skip_tracking":false,"_monsterinsights_sitenote_active":false,"_monsterinsights_sitenote_note":"","_monsterinsights_sitenote_category":0,"neve_meta_sidebar":"","neve_meta_container":"","neve_meta_enable_content_width":"","neve_meta_content_width":0,"neve_meta_title_alignment":"","neve_meta_author_avatar":"","neve_post_elements_order":"","neve_meta_disable_header":"","neve_meta_disable_footer":"","neve_meta_disable_title":"","footnotes":""},"class_list":["post-2984","page","type-page","status-publish","hentry"],"aioseo_notices":[],"_links":{"self":[{"href":"https:\/\/sites.ipleiria.pt\/pge\/wp-json\/wp\/v2\/pages\/2984","targetHints":{"allow":["GET"]}}],"collection":[{"href":"https:\/\/sites.ipleiria.pt\/pge\/wp-json\/wp\/v2\/pages"}],"about":[{"href":"https:\/\/sites.ipleiria.pt\/pge\/wp-json\/wp\/v2\/types\/page"}],"author":[{"embeddable":true,"href":"https:\/\/sites.ipleiria.pt\/pge\/wp-json\/wp\/v2\/users\/5904"}],"replies":[{"embeddable":true,"href":"https:\/\/sites.ipleiria.pt\/pge\/wp-json\/wp\/v2\/comments?post=2984"}],"version-history":[{"count":23,"href":"https:\/\/sites.ipleiria.pt\/pge\/wp-json\/wp\/v2\/pages\/2984\/revisions"}],"predecessor-version":[{"id":4346,"href":"https:\/\/sites.ipleiria.pt\/pge\/wp-json\/wp\/v2\/pages\/2984\/revisions\/4346"}],"wp:attachment":[{"href":"https:\/\/sites.ipleiria.pt\/pge\/wp-json\/wp\/v2\/media?parent=2984"}],"curies":[{"name":"wp","href":"https:\/\/api.w.org\/{rel}","templated":true}]}}