{"id":800,"date":"2018-08-21T16:36:14","date_gmt":"2018-08-21T16:36:14","guid":{"rendered":"http:\/\/sites.ipleiria.pt\/pge\/?page_id=800"},"modified":"2018-08-21T16:36:14","modified_gmt":"2018-08-21T16:36:14","slug":"comunicacoes","status":"publish","type":"page","link":"https:\/\/sites.ipleiria.pt\/pge\/enquadramento\/comunicacoes\/","title":{"rendered":"Comunica\u00e7\u00f5es"},"content":{"rendered":"<p>Nesta p\u00e1gina, poder\u00e1 consultar um conjunto de comunica\u00e7\u00f5es relativas aos g\u00e9neros escolares e acad\u00e9micos, apresentadas por membros da equipa em congressos nacionais e internacionais <strong>desde 2017<\/strong>.<\/p>\n<ul>\n<li><span style=\"font-weight: 400\">Alexandre, M. F., &amp; Caels, F. (2023, outubro).\u00a0<em>A Causalidade na Did\u00e1tica da Hist\u00f3ria: Mapeamento de recursos sint\u00e1ticos\u00a0<\/em>[Comunica\u00e7\u00e3o oral]. 3<\/span><span style=\"font-weight: 400\">\u00ba Encontro Nacional sobre Discurso Acad\u00e9mico. CELGA-ILTEC da Universidade de Coimbra e Centro de Lingu\u00edstica da Universidade Nova de Lisboa.<\/span><\/li>\n<li><span style=\"font-weight: 400\">Alexandre, M. F., &amp; Caels, F. (2021a, novembro, 20). <\/span><a href=\"https:\/\/www.youtube.com\/watch?v=cLpRGkqEHvQ&amp;t=9000s\" target=\"_blank\" rel=\"noopener\"><i><span style=\"font-weight: 400\">Los ge\u0301neros escolares en Portugal: resultados de un proyecto de investigacio\u0301n sobre libros de texto de portugue\u0301s, ciencias e historia <\/span><\/i><\/a><span style=\"font-weight: 400\">[Palestra]<\/span><i><span style=\"font-weight: 400\">.<\/span><\/i><span style=\"font-weight: 400\"> Jornada de Ense\u00f1anza de la Lengua<\/span><i><span style=\"font-weight: 400\"> &#8211; <\/span><\/i><span style=\"font-weight: 400\">Programa de Formacio\u0301n Docente en Lengua y Literatura (PRODELL). Instituto del Desarrollo Humano de la Universidad Nacional de General Sarmiento (UNGS), Provincia de Buenos Aires, Argentina.<\/span><\/li>\n<li><span style=\"font-weight: 400\">Alexandre, M. F., &amp; Caels, F. (2021b, setembro, 9-10). <\/span><a href=\"http:\/\/sites.ipleiria.pt\/gdip\/files\/2022\/02\/ENDA2_discurso-historia_FINAL.pdf\"><i><span style=\"font-weight: 400\">Investiga\u00e7\u00e3o sobre o discurso da\u00a0Hist\u00f3ria no Projeto &#8220;Textos, g\u00e9neros e\u00a0conhecimento&#8221;: Um ponto de situa\u00e7\u00e3o <\/span><\/i><\/a><span style=\"font-weight: 400\">[Comunica\u00e7\u00e3o oral]<\/span><i><span style=\"font-weight: 400\">\u200b. <\/span><\/i><span style=\"font-weight: 400\">2.\u00ba Encontro Nacional sobre Discurso Acad\u00e9mico. CELGA-ILTEC da Universidade de Coimbra e Centro de Lingu\u00edstica da Universidade do Porto. <\/span><\/li>\n<li><span style=\"font-weight: 400\">Alexandre, M. F., &amp; Caels, F. (2021c, maio, 28-29). <\/span><a href=\"http:\/\/sites.ipleiria.pt\/gdip\/files\/2022\/08\/Alexandre_Caels_2020.pdf\"><i><span style=\"font-weight: 400\">Rela\u00e7\u00f5es temporais e causais em textos de Hist\u00f3ria <\/span><\/i><\/a><span style=\"font-weight: 400\">[Comunica\u00e7\u00e3o oral]. X Confer\u00eancia Internacional em Investiga\u00e7\u00e3o, Pr\u00e1ticas e Contextos em Educa\u00e7\u00e3o (IPCE), ESECS \u2013 Polit\u00e9cnico de Leiria. <\/span><\/li>\n<li>Alexandre, M. F. &amp; Caels, F. (2018a, julho, 12-13). <em><span style=\"color: #ff0000\"><a style=\"color: #ff0000\" href=\"http:\/\/sites.ipleiria.pt\/gdip\/files\/2018\/07\/ppt_recursos_linguisticos_13_julho_2018.pdf\" target=\"_blank\" rel=\"noopener noreferrer\">Os recursos lingu\u00edsticos que constroem o posicionamento nos textos dos manuais de Hist\u00f3ria<\/a><\/span><\/em> <span style=\"font-size: 1rem\">[Comunica\u00e7\u00e3o oral]. <\/span>III Encontro Tem\u00e1tico APL\/ESE, ESE-IPS, Set\u00fabal.<\/li>\n<li>Alexandre, M. F. &amp; Caels, F. (2018b, julho, 4-6). <span style=\"color: #ff0000\"><em><a style=\"color: #ff0000\" href=\"http:\/\/sites.ipleiria.pt\/gdip\/files\/2018\/07\/Alexandre-e-Caels_2018_The-Portuguese-discover.pdf\" target=\"_blank\" rel=\"noopener noreferrer\">The Portuguese discover, others invade \u2013 Evaluating historical events in History textbooks in Portugal<\/a><\/em> <\/span><span style=\"font-size: 1rem\">[Comunica\u00e7\u00e3o oral]. <\/span><span style=\"font-weight: 400\">7<\/span><span style=\"font-weight: 400\">th<\/span><span style=\"font-weight: 400\"> Conference on Critical Approaches to Discourse Analysis Across Disciplines<\/span><span style=\"font-size: 1rem\"><span style=\"font-weight: 400\">, Aalborg University, Denmark<\/span>.\u00a0<\/span><\/li>\n<li>Alexandre, M. F., Caels, F., &amp; Gouveia, C. A. M. (2018, julho, 23-27). <span style=\"color: #ff0000\"><a style=\"color: #ff0000\" href=\"http:\/\/sites.ipleiria.pt\/gdip\/files\/2018\/11\/apresentacao_reports-when-time-stands-still_Marta-Fausto-Carlos.pdf\" target=\"_blank\" rel=\"noopener noreferrer\"><em>When time stands still The role of Reports in History textbooks<\/em><\/a> <\/span><span style=\"font-size: 1rem\">[Comunica\u00e7\u00e3o oral]. <\/span>ISFC2018, Boston College, Boston, EUA.<\/li>\n<li>Alves, M. A. (2022, julho, 25-27).\u00a0<em>Development of a digital corpus of Portuguese didactical texts for genre research\u00a0<\/em>[Comunica\u00e7\u00e3o oral]. 47th International Systemic Functional Linguistics Congress. Shenzen, China.<\/li>\n<li><span style=\"font-weight: 400\">Alves, M. A., Alexandre, M. F., &amp; Caels, F. (2021, setembro, 9-10). <\/span><i><span style=\"font-weight: 400\">A avaliatividade nos manuais de\u00a0hist\u00f3ria:\u00a0\u200ban\u00e1lise explorat\u00f3ria <\/span><\/i><span style=\"font-weight: 400\">[Comunica\u00e7\u00e3o oral]<\/span><i><span style=\"font-weight: 400\">\u200b\u200b. <\/span><\/i><span style=\"font-weight: 400\">2.\u00ba Encontro Nacional sobre Discurso Acad\u00e9mico. CELGA-ILTEC da Universidade de Coimbra e Centro de Lingu\u00edstica da Universidade do Porto. <\/span><\/li>\n<li>Barbeiro, L. F., Caels, F., Gouveia, C. A. M., &amp; Alexandre, M. F. (2023, junho, 15-17).\u00a0<em>Sequential explanations in Natural Sciences textbooks: Lexicogrammatical resources and pedagogical strategies\u00a0<\/em>[Comunica\u00e7\u00e3o oral]. 32nd European Systemic Functional Linguistics Conference. Universidad Vigo, Espanha.<\/li>\n<li>Barbeiro, L. F., Caels, F. &amp; Quaresma, A. (2019, outubro, 17-19). <a href=\"http:\/\/sites.ipleiria.pt\/gdip\/files\/2019\/10\/Aprendizagens-Essenciais-de-Portugues-mapeamento-de-generos-textuais-e-competencias-associadas.pdf\" target=\"_blank\" rel=\"noopener noreferrer\"><em><span style=\"color: #ff0000\">Aprendizagens Essenciais de Portugu\u00eas: mapeamento de g\u00e9neros textuais e compet\u00eancias associadas<\/span><\/em><\/a> [Comunica\u00e7\u00e3o oral]. II Encontro Internacional de L\u00edngua Portuguesa e Rela\u00e7\u00f5es Lus\u00f3fonas, ESE-IPB, Bragan\u00e7a.<\/li>\n<li><span style=\"font-weight: 400\">Caels, F., &amp; Alexandre, M. F. (2021, maio, 28-29). <\/span><a href=\"http:\/\/sites.ipleiria.pt\/gdip\/files\/2022\/02\/2021_A-expressao-do-Tempo-em-textos-de-Historia_Mapeamento-de-recursos-sintaticos__IPCE2021.pdf\"><i><span style=\"font-weight: 400\">A express\u00e3o do Tempo em textos de Hist\u00f3ria: Mapeamento de recursos sint\u00e1ticos <\/span><\/i><\/a><span style=\"font-weight: 400\">[Comunica\u00e7\u00e3o oral]. X Confer\u00eancia Internacional em Investiga\u00e7\u00e3o, Pr\u00e1ticas e Contextos em Educa\u00e7\u00e3o (IPCE). ESECS \u2013 Polit\u00e9cnico de Leiria. <\/span><\/li>\n<li>Caels, F., Alexandre, M. F. &amp; Gouveia, C. A. M. (2018a, julho, 23-27). <span style=\"color: #ff0000\"><a style=\"color: #ff0000\" href=\"http:\/\/sites.ipleiria.pt\/gdip\/files\/2018\/11\/Boston_what-is-an-exposition.-1.pdf\" target=\"_blank\" rel=\"noopener noreferrer\"><em>What is an exposition in the Portuguese L1 syllabi and textbooks?<\/em><\/a> <\/span><span style=\"font-size: 1rem\">[Comunica\u00e7\u00e3o oral].<\/span>\u00a0Boston College, Boston, EUA.<\/li>\n<li><span style=\"font-size: 1rem\">Caels, F., Alexandre, M. F. &amp; Gouveia, C. A. M. (2018b, julho, 5-7). <\/span><span style=\"font-size: 1rem\"><span style=\"color: #ff0000\"><a style=\"color: #ff0000\" href=\"http:\/\/sites.ipleiria.pt\/gdip\/files\/2018\/07\/Caels-Alexandre-e-Gouveia_2018_Domains-of-language-use-in-school-science-.pdf\" target=\"_blank\" rel=\"noopener noreferrer\"><em>Domains of language use for school science in Portuguese textbooks.<\/em><\/a><\/span>\u00a0<\/span><span style=\"font-size: 1rem\">[Comunica\u00e7\u00e3o oral]. <\/span><span style=\"font-size: 1rem\">28th European Systemic Functional Linguistics Conference, <\/span><span style=\"font-size: 1rem\">University of Pavia, Italy.<\/span><\/li>\n<li>Caels, F. &amp; Quaresma, A. (2019a, julho, 3-5). <em><span style=\"color: #ff0000\"><a style=\"color: #ff0000\" href=\"http:\/\/sites.ipleiria.pt\/gdip\/files\/2019\/07\/Novos-generos-e-padroes-discursivos-em-manuais-de-CN-em-Portugal.pdf\" target=\"_blank\" rel=\"noopener noreferrer\">Novos g\u00e9neros e padr\u00f5es discursivos em manuais de Ci\u00eancias Naturais em Portugal <\/a><\/span><\/em><span style=\"font-size: 1rem\">[Comunica\u00e7\u00e3o oral].<\/span> <span style=\"font-size: 1rem\">29th European Systemic Functional Linguistics Conference, Instituto Polit\u00e9cnico de Leiria, Portugal.\u00a0<\/span><\/li>\n<li>Caels, F. &amp; Quaresma, A. (2019b, maio, 3-4). <span style=\"color: #ff0000\"><a style=\"color: #ff0000\" href=\"http:\/\/sites.ipleiria.pt\/gdip\/files\/2019\/05\/Generos-textuais-em-manuais-de-Historia-POSTER-IPCE-2019_versao-final.-1.pdf\" target=\"_blank\" rel=\"noopener noreferrer\"><em>G\u00e9neros textuais em manuais de Hist\u00f3ria <\/em><\/a><\/span>[Poster]. IPCE (Investiga\u00e7\u00e3o, Pr\u00e1ticas e Contextos em Educa\u00e7\u00e3o), ESECS-IPLeiria, Leiria.<\/li>\n<li>Caels, F. &amp; Quaresma, A. (2019c, abril, 12-13). <em><span style=\"color: #ff0000\"><a style=\"color: #ff0000\" href=\"http:\/\/sites.ipleiria.pt\/gdip\/files\/2019\/04\/Usos-transversais-da-lingua-portuguesa-generos-textuais-em-Ciencias-Naturais-e-Historia-ENAPP-2019.pdf\" target=\"_blank\" rel=\"noopener noreferrer\">Usos transversais da l\u00edngua portuguesa: g\u00e9neros textuais em Ci\u00eancias Naturais e Hist\u00f3ria <\/a><\/span><\/em><span style=\"font-size: 1rem\">[Comunica\u00e7\u00e3o oral]. <\/span>13.\u00ba Encontro Nacional da Associa\u00e7\u00e3o de Professores de Portugu\u00eas (ENAPP), Percursos das Interdisciplinaridade em Portugu\u00eas: dos projetos \u00e0s pr\u00e1ticas, Audit\u00f3rio da Biblioteca Municipal Afonso Lopes Vieira, Leiria.<\/li>\n<li>Caels, F. &amp; Quaresma, A. (2018a, setembro, 7-8). <span style=\"color: #ff0000\"><i><span style=\"color: #ff0000\"><a style=\"color: #ff0000\" href=\"http:\/\/sites.ipleiria.pt\/gdip\/files\/2018\/10\/ENDA-2018.-caracterizacao-dos-generos-do-ensino-basico-e-secundario.-1.pdf\" target=\"_blank\" rel=\"noopener noreferrer\">Caracteriza\u00e7\u00e3o dos g\u00e9neros do ensino b\u00e1sico e secund\u00e1rio <\/a><\/span><\/i><\/span><span style=\"font-size: 1rem\">[Comunica\u00e7\u00e3o oral].<\/span><span style=\"color: #ff0000\"><i>\u00a0<\/i><\/span>Comunica\u00e7\u00e3o apresentada no Encontro Nacional sobre Discurso Acad\u00e9mico, ESECS-IPLeiria, Leiria.<\/li>\n<li>Caels, F. &amp; Quaresma, A. (2018b, julho, 12-13). <em><span style=\"color: #ff0000\"><a style=\"color: #ff0000\" href=\"http:\/\/sites.ipleiria.pt\/gdip\/files\/2018\/07\/materiais-formativos-os-generos-das-CN-do-EB_setubal2018.pdf\" target=\"_blank\" rel=\"noopener noreferrer\">Materiais Formativos: os g\u00e9neros das Ci\u00eancias Naturais do Ensino B\u00e1sico <\/a><\/span><\/em><span style=\"font-size: 1rem\">[Comunica\u00e7\u00e3o oral].<\/span> III Encontro Tem\u00e1tico APL\/ESE, ESE-IPS, Set\u00fabal.<\/li>\n<li>Caels, F. &amp; Quaresma, A. (2018c, maio, 4-5). <span style=\"color: #ff0000\"><a style=\"color: #ff0000\" href=\"http:\/\/sites.ipleiria.pt\/gdip\/files\/2018\/07\/Generos-textuais-em-manuais-de-Ciencias-Naturais.POSTER-IPCE-2018.pdf\" target=\"_blank\" rel=\"noopener noreferrer\"><em>G\u00e9neros textuais em manuais de Ci\u00eancias Naturais<\/em> (Poster).<\/a><\/span> IPCE (Investiga\u00e7\u00e3o, Pr\u00e1ticas e Contextos em Educa\u00e7\u00e3o), ESECS-IPLeiria, Leiria.<\/li>\n<li>Caels, F. &amp; Quaresma, A. (2017, julho, 7-8).<span style=\"color: #ff0000\"> <em><a style=\"color: #ff0000\" href=\"http:\/\/sites.ipleiria.pt\/gdip\/files\/2017\/10\/Caels-e-Quaresma_2017a.pdf\" target=\"_blank\" rel=\"noopener noreferrer\">Projeto Textos, G\u00e9neros e Conhecim<\/a><\/em><em><a style=\"color: #ff0000\" href=\"http:\/\/sites.ipleiria.pt\/gdip\/files\/2017\/10\/Caels-e-Quaresma_2017a.pdf\" target=\"_blank\" rel=\"noopener noreferrer\">ento <\/a><\/em><\/span><span style=\"font-size: 1rem\">[Comunica\u00e7\u00e3o oral].<\/span>\u00a0II Encontro Tem\u00e1tico APL\/ESE, ESE IPP, Porto.<\/li>\n<li>Caels, F., Quaresma, A. &amp; Alexandre, M. F. (2018, julho, 12-13). <em><span style=\"color: #ff0000\"><a style=\"color: #ff0000\" href=\"http:\/\/sites.ipleiria.pt\/gdip\/files\/2018\/07\/A-emergencia-do-genero-em-manuais-de-Estudo-do-Meio_setubal2018.pdf\" target=\"_blank\" rel=\"noopener noreferrer\">A emerg\u00eancia do g\u00e9nero em manuais de Estudo do Meio<\/a><\/span><\/em><span style=\"font-size: 1rem\">\u00a0[Comunica\u00e7\u00e3o oral].<\/span> III Encontro Tem\u00e1tico APL\/ESE, ESE-IPS, Set\u00fabal.<\/li>\n<li><span style=\"font-size: 1rem\">Caels, F., <\/span><span style=\"color: #333333\">Quaresma<\/span><span style=\"font-size: 1rem\">, A. &amp; Barbeiro, L. F. (2017, setembro, 27-29). <\/span><span style=\"color: #ff0000\"><a style=\"font-size: 1rem;color: #ff0000\" href=\"http:\/\/sites.ipleiria.pt\/gdip\/files\/2017\/10\/Caels-Quaresma-e-Barbeiro_2017.pdf\" target=\"_blank\" rel=\"noopener noreferrer\"><em>Sobre o papel da l\u00edngua nas taxonomias cient\u00edficas<\/em><\/a><\/span><span style=\"font-size: 1rem\">\u00a0<\/span><span style=\"font-size: 1rem\">[Comunica\u00e7\u00e3o oral].<\/span><span style=\"font-size: 1rem\">\u00a0XXXIII Encontro Nacional da Associa\u00e7\u00e3o Portuguesa de Lingu\u00edstica, Universidade de \u00c9vora, \u00c9vora.\u00a0<\/span><\/li>\n<li><span style=\"color: #ff0000\"><span style=\"color: #000000\"><span style=\"color: #333333\">Gouveia, C. A. M., Alexandre, M. F. &amp; Caels, F. (2018, julho, 5-7).<\/span><\/span> <em>Teaching and assessment practices in genre pedagogy: how things are (not) done in Portugal <\/em><\/span><span style=\"font-size: 1rem\">[Comunica\u00e7\u00e3o oral].<\/span><span style=\"font-size: 1rem\">\u00a028th European Systemic Functional Linguistics Conference<\/span><span style=\"font-size: 1rem\">,\u00a0University of Pavia, Italy.<\/span><\/li>\n<li><span style=\"color: #ff0000\"><span style=\"color: #000000\"><span style=\"color: #333333\">Gouveia, C. A. M., Alexandre, M. F. &amp; Caels, F. (2017, julho)<\/span>.\u00a0<\/span><em>T<\/em><em>he politics of genre relativism: Genre and genre pedagogy in Portugal and Brazil <\/em><\/span><span style=\"font-size: 1rem\">[Comunica\u00e7\u00e3o oral].<\/span><span style=\"color: #ff0000\"><span style=\"color: #000000\">\u00a0<\/span><\/span>44th International Systemic Functional Linguistics Congress Transforming Contexts. University of Wollongong, Australia.<\/li>\n<li>Gouveia, C. A. M., Caels, F., &amp; Alexandre, M. F. (2018, julho, 23-27).<span style=\"color: #ff0000\"> <a style=\"color: #ff0000\" href=\"http:\/\/sites.ipleiria.pt\/gdip\/files\/2018\/11\/apresentacao-coloquio_Designing-the-map-to-act-accordingly.pdf\" target=\"_blank\" rel=\"noopener noreferrer\"><em>Designing the map to act accordingly: how to implement a usage based approach to Reading to Learn in Portugal <\/em><\/a><\/span><span style=\"font-size: 1rem\">[Comunica\u00e7\u00e3o oral].<\/span>\u00a0ISFC2018, Boston College, Boston, EUA.<\/li>\n<li><span style=\"font-weight: 400\">Marques, J. A., &amp; Silva, P. N. (2021, setembro 9-10).<\/span> <i><span style=\"font-weight: 400\">Da falta de refer\u00eancias ao g\u00e9nero nos documentos orientadores do ensino da l\u00edngua portuguesa e nos manuais escolares \u00e0 aus\u00eancia de um conhecimento metagen\u00e9rico nos alunos do ensino secund\u00e1rio mo\u00e7ambicano<\/span><\/i><span style=\"font-weight: 400\"> (Comunica\u00e7\u00e3o oral). ENDA 2 &#8211; Encontro Nacional sobre Discurso Acad\u00e9mico: Conhecimento Disciplinar e Apropria\u00e7\u00e3o Did\u00e1tica. CELGA-ILTEC da Universidade de Coimbra e Centro de Lingu\u00edstica da Universidade do Porto.<\/span><\/li>\n<li><span style=\"font-weight: 400\">Marques, M. M. (2021, julho, 14). <\/span><i><span style=\"font-weight: 400\"><a href=\"https:\/\/sites.ipleiria.pt\/emda\/encontros-realizados\/\" target=\"_blank\" rel=\"noopener\">O g\u00e9nero disserta\u00e7\u00e3o de mestrado em Portugal: propriedades estruturais, estil\u00edsticas e tem\u00e1ticas de textos das \u00e1reas das ci\u00eancias e das humanidades <\/a><\/span><\/i><span style=\"font-size: 1rem\">[Comunica\u00e7\u00e3o oral]<\/span><i><span style=\"font-weight: 400\">. <\/span><\/i><span style=\"font-weight: 400\">1.\u00ba Encontro Mensal sobre Discurso Acad\u00e9mico. Centro de Estudos de Lingu\u00edstica Geral e Aplicada (CELGA-ILTEC) da Universidade de Coimbra, ESECS-Polit\u00e9cnico de Leiria. <\/span><\/li>\n<li><span style=\"font-weight: 400\">Quaresma, A. e Caels, F. (2020, maio, 8-9). <\/span><a href=\"http:\/\/sites.ipleiria.pt\/gdip\/files\/2022\/08\/QUARESMA_CAELS_2020.pdf\"><i><span style=\"font-weight: 400\">Elementos verbais e visuais em manuais de Hist\u00f3ria e de Ci\u00eancias Naturais<\/span><\/i><\/a><span style=\"font-weight: 400\"> [Poster].<\/span><span style=\"font-weight: 400\"> IPCE (Investiga\u00e7\u00e3o, Pr\u00e1ticas e Contextos em Educa\u00e7\u00e3o), ESECS-IPLeiria, Leiria.<\/span><\/li>\n<li>Quaresma, A., Caels, F. (2019a, outubro, 9-11). <a href=\"http:\/\/sites.ipleiria.pt\/gdip\/files\/2019\/10\/ENAPL_Braga_2019_final.pdf\" target=\"_blank\" rel=\"noopener noreferrer\"><span style=\"color: #ff0000\"><em>A progress\u00e3o lingu\u00edstica na did\u00e1tica das ci\u00eancias: que textos e g\u00e9neros s\u00e3o utilizados no estudo do sistema circulat\u00f3rio em diferentes etapas de escolaridade?<\/em><\/span><\/a> <span style=\"font-size: 1rem\">[Comunica\u00e7\u00e3o oral].<\/span>\u00a0XXXV Encontro Nacional da Associa\u00e7\u00e3o Portuguesa de Lingu\u00edstica, Universidade do Minho, Braga.<\/li>\n<li>Quaresma, A., Caels, F. (2019b, junho, 21-22). <span style=\"color: #ff0000\"><a style=\"color: #ff0000\" href=\"http:\/\/sites.ipleiria.pt\/gdip\/files\/2019\/06\/estrategias-de-leitura-e-escrita-de-base-genologica_eire2019.pdf\" target=\"_blank\" rel=\"noopener noreferrer\"><em>Exemplificando estrat\u00e9gias de leitura e escrita de base genol\u00f3gica <\/em><\/a><\/span><span style=\"font-size: 1rem\">[Comunica\u00e7\u00e3o oral]. <\/span>VI Encontro Internacional de Reflex\u00e3o sobre a Escrita &#8211; Algumas D\u00e9cadas de Investiga\u00e7\u00e3o e Ensino, Universidade de Aveiro, Aveiro.<\/li>\n<li>Quaresma, A., Caels, F. &amp; Barbeiro, L. F. (2018, outubro, 19-20). <em><span style=\"color: #ff0000\"><a style=\"color: #ff0000\" href=\"http:\/\/sites.ipleiria.pt\/gdip\/files\/2018\/10\/Comunicacao_Lusoconf_Braganca_Quaresma-Barbeiro-e-Caels.pdf\" target=\"_blank\" rel=\"noopener noreferrer\">A constru\u00e7\u00e3o do tempo hist\u00f3rico em manuais escolares do Ensino B\u00e1sico <\/a><\/span><\/em><span style=\"font-size: 1rem\">[Comunica\u00e7\u00e3o oral].<\/span>\u00a0I Encontro Internacional de L\u00edngua Portuguesa e Rela\u00e7\u00f5es Lus\u00f3fonas, ESE-IPB, Bragan\u00e7a.<\/li>\n<li>Quaresma, A. &amp; Caels, F. (2017, setembro, 27-29). <span style=\"color: #ff0000\"><em><a style=\"color: #ff0000\" href=\"http:\/\/sites.ipleiria.pt\/gdip\/files\/2017\/10\/Quaresma-e-Caels_2017.pdf\" target=\"_blank\" rel=\"noopener noreferrer\">G\u00e9neros procedimentais em manuais de Ci\u00eancias Naturais <\/a><\/em><\/span><span style=\"font-size: 1rem\">[Comunica\u00e7\u00e3o oral].<\/span>\u00a0XXXIII Encontro Nacional da Associa\u00e7\u00e3o Portuguesa de Lingu\u00edstica<span style=\"font-size: 1rem\">, Universidade de \u00c9vora, \u00c9vora.\u00a0<\/span><\/li>\n<li>Silva, P. N. (2017, setembro, 7-8). <em><span style=\"color: #ff0000\"><a style=\"color: #ff0000\" href=\"http:\/\/sites.ipleiria.pt\/gdip\/files\/2018\/10\/Paulo-Nunes-da-Silva-Tipos-de-discurso-e-generos.pdf\" target=\"_blank\" rel=\"noopener noreferrer\">Tipos de discurso e g\u00e9neros: para uma abordagem did\u00e1tica integrada de duas classifica\u00e7\u00f5es textuais <\/a><\/span><\/em><span style=\"font-size: 1rem\">[Comunica\u00e7\u00e3o oral]. <\/span>3.\u00ba Encontro A Lingu\u00edstica na Forma\u00e7\u00e3o do Professor. Faculdade de Letras da Universidade do Porto, Porto.<\/li>\n<\/ul>\n<hr \/>\n<p><img fetchpriority=\"high\" decoding=\"async\" class=\"alignnone wp-image-902 size-full\" src=\"http:\/\/sites.ipleiria.pt\/gdip\/files\/2018\/08\/barra-logotipos-Portal.png\" alt=\"\" width=\"941\" height=\"58\" srcset=\"https:\/\/sites.ipleiria.pt\/pge\/files\/2018\/08\/barra-logotipos-Portal.png 941w, https:\/\/sites.ipleiria.pt\/pge\/files\/2018\/08\/barra-logotipos-Portal-300x18.png 300w, https:\/\/sites.ipleiria.pt\/pge\/files\/2018\/08\/barra-logotipos-Portal-768x47.png 768w, https:\/\/sites.ipleiria.pt\/pge\/files\/2018\/08\/barra-logotipos-Portal-930x58.png 930w\" sizes=\"(max-width: 941px) 100vw, 941px\" \/><\/p>\n","protected":false},"excerpt":{"rendered":"<p>Nesta p\u00e1gina, poder\u00e1 consultar um conjunto de comunica\u00e7\u00f5es relativas aos g\u00e9neros escolares e acad\u00e9micos, apresentadas por membros da equipa em congressos nacionais e internacionais desde 2017. Alexandre, M. F., &amp; Caels, F. (2023, outubro).\u00a0A Causalidade na Did\u00e1tica da Hist\u00f3ria: Mapeamento de recursos sint\u00e1ticos\u00a0[Comunica\u00e7\u00e3o oral]. 3\u00ba Encontro Nacional sobre Discurso Acad\u00e9mico. CELGA-ILTEC da Universidade de Coimbra&hellip;&nbsp;<a href=\"https:\/\/sites.ipleiria.pt\/pge\/enquadramento\/comunicacoes\/\" rel=\"bookmark\">Ler mais &raquo;<span class=\"screen-reader-text\">Comunica\u00e7\u00f5es<\/span><\/a><\/p>\n","protected":false},"author":5904,"featured_media":0,"parent":128,"menu_order":0,"comment_status":"closed","ping_status":"closed","template":"","meta":{"om_disable_all_campaigns":false,"_monsterinsights_skip_tracking":false,"_monsterinsights_sitenote_active":false,"_monsterinsights_sitenote_note":"","_monsterinsights_sitenote_category":0,"neve_meta_sidebar":"","neve_meta_container":"","neve_meta_enable_content_width":"","neve_meta_content_width":0,"neve_meta_title_alignment":"","neve_meta_author_avatar":"","neve_post_elements_order":"","neve_meta_disable_header":"","neve_meta_disable_footer":"","neve_meta_disable_title":"","footnotes":""},"class_list":["post-800","page","type-page","status-publish","hentry"],"aioseo_notices":[],"_links":{"self":[{"href":"https:\/\/sites.ipleiria.pt\/pge\/wp-json\/wp\/v2\/pages\/800","targetHints":{"allow":["GET"]}}],"collection":[{"href":"https:\/\/sites.ipleiria.pt\/pge\/wp-json\/wp\/v2\/pages"}],"about":[{"href":"https:\/\/sites.ipleiria.pt\/pge\/wp-json\/wp\/v2\/types\/page"}],"author":[{"embeddable":true,"href":"https:\/\/sites.ipleiria.pt\/pge\/wp-json\/wp\/v2\/users\/5904"}],"replies":[{"embeddable":true,"href":"https:\/\/sites.ipleiria.pt\/pge\/wp-json\/wp\/v2\/comments?post=800"}],"version-history":[{"count":1,"href":"https:\/\/sites.ipleiria.pt\/pge\/wp-json\/wp\/v2\/pages\/800\/revisions"}],"predecessor-version":[{"id":3279,"href":"https:\/\/sites.ipleiria.pt\/pge\/wp-json\/wp\/v2\/pages\/800\/revisions\/3279"}],"up":[{"embeddable":true,"href":"https:\/\/sites.ipleiria.pt\/pge\/wp-json\/wp\/v2\/pages\/128"}],"wp:attachment":[{"href":"https:\/\/sites.ipleiria.pt\/pge\/wp-json\/wp\/v2\/media?parent=800"}],"curies":[{"name":"wp","href":"https:\/\/api.w.org\/{rel}","templated":true}]}}