{"id":31,"date":"2018-05-02T16:53:33","date_gmt":"2018-05-02T16:53:33","guid":{"rendered":"http:\/\/sites.ipleiria.pt\/pin-congress\/?page_id=31"},"modified":"2018-05-31T22:33:28","modified_gmt":"2018-05-31T22:33:28","slug":"invited-speakers","status":"publish","type":"page","link":"https:\/\/sites.ipleiria.pt\/pin-congress\/invited-speakers\/","title":{"rendered":"Invited Speakers"},"content":{"rendered":"<p>&nbsp;<\/p>\n<p><img loading=\"lazy\" decoding=\"async\" class=\"alignnone size-full wp-image-54\" src=\"http:\/\/sites.ipleiria.pt\/pin-congress\/files\/2018\/05\/fernanda-rollo.jpg\" alt=\"\" width=\"144\" height=\"181\" \/> Maria Fernanda Rollo<\/p>\n<p><i>Secretary of State of Science, <\/i><i>Techonology<\/i><i> and Higher <\/i><i>Education<\/i><\/p>\n<p><img loading=\"lazy\" decoding=\"async\" class=\"alignnone wp-image-55\" src=\"http:\/\/sites.ipleiria.pt\/pin-congress\/files\/2018\/05\/IMG_0053.jpg-Ann-Marie-McHugh-214x300.jpg\" alt=\"\" width=\"148\" height=\"207\" srcset=\"https:\/\/sites.ipleiria.pt\/pin-congress\/files\/2018\/05\/IMG_0053.jpg-Ann-Marie-McHugh-214x300.jpg 214w, https:\/\/sites.ipleiria.pt\/pin-congress\/files\/2018\/05\/IMG_0053.jpg-Ann-Marie-McHugh-768x1075.jpg 768w, https:\/\/sites.ipleiria.pt\/pin-congress\/files\/2018\/05\/IMG_0053.jpg-Ann-Marie-McHugh-731x1024.jpg 731w, https:\/\/sites.ipleiria.pt\/pin-congress\/files\/2018\/05\/IMG_0053.jpg-Ann-Marie-McHugh.jpg 1500w\" sizes=\"auto, (max-width: 148px) 100vw, 148px\" \/> Annmarie McHugh<\/p>\n<p><span lang=\"EN-IE\" style=\"margin: 0px;font-family: 'Calibri',sans-serif;font-size: 11pt\"><span style=\"color: #000000\"><em>Lecturer and Programme Director in the School of Business and Humanities in Dundalk Institute of Technology (DkIT); Represents Ireland and DKIT on the HEInnovate Expert Facilitators\u2019\u00a0 group in the EU.\u00a0<\/em> <\/span><\/span><\/p>\n<p><img loading=\"lazy\" decoding=\"async\" class=\"alignnone wp-image-53\" src=\"http:\/\/sites.ipleiria.pt\/pin-congress\/files\/2018\/05\/director.png\" alt=\"\" width=\"148\" height=\"179\" \/> \u00a0 Jos\u00e9 Carlos S\u00e1nchez Garc\u00eda<\/p>\n<p><em>Director of C\u00e1tedra de Empreendedores of University of Salamanca<\/em><\/p>\n<p><img loading=\"lazy\" decoding=\"async\" class=\"alignnone wp-image-56\" src=\"http:\/\/sites.ipleiria.pt\/pin-congress\/files\/2018\/05\/Javier_Riano_ES-245x300.jpg\" alt=\"\" width=\"147\" height=\"180\" srcset=\"https:\/\/sites.ipleiria.pt\/pin-congress\/files\/2018\/05\/Javier_Riano_ES-245x300.jpg 245w, https:\/\/sites.ipleiria.pt\/pin-congress\/files\/2018\/05\/Javier_Riano_ES.jpg 396w\" sizes=\"auto, (max-width: 147px) 100vw, 147px\" \/>\u00a0Javier Ria\u00f1o<\/p>\n<p><em>Head of DEMOLA Basque Country<\/em><\/p>\n<p><img loading=\"lazy\" decoding=\"async\" class=\"alignnone wp-image-57\" src=\"http:\/\/sites.ipleiria.pt\/pin-congress\/files\/2018\/05\/Rogier_Cazemier_NL-218x300.jpg\" alt=\"\" width=\"147\" height=\"203\" srcset=\"https:\/\/sites.ipleiria.pt\/pin-congress\/files\/2018\/05\/Rogier_Cazemier_NL-218x300.jpg 218w, https:\/\/sites.ipleiria.pt\/pin-congress\/files\/2018\/05\/Rogier_Cazemier_NL.jpg 358w\" sizes=\"auto, (max-width: 147px) 100vw, 147px\" \/>\u00a0Rogier Cazemier<\/p>\n<p><em>Senior lecturer and researcher\u00a0at Rotterdam University of Applied Sciences; representant of Startup of Incubator Academy at Rotterdam University<\/em><\/p>\n<p><img loading=\"lazy\" decoding=\"async\" class=\"alignnone wp-image-99\" src=\"http:\/\/sites.ipleiria.pt\/pin-congress\/files\/2018\/05\/TeresaPaivapb-200x300.jpg\" alt=\"\" width=\"145\" height=\"218\" srcset=\"https:\/\/sites.ipleiria.pt\/pin-congress\/files\/2018\/05\/TeresaPaivapb-200x300.jpg 200w, https:\/\/sites.ipleiria.pt\/pin-congress\/files\/2018\/05\/TeresaPaivapb-768x1152.jpg 768w, https:\/\/sites.ipleiria.pt\/pin-congress\/files\/2018\/05\/TeresaPaivapb-683x1024.jpg 683w\" sizes=\"auto, (max-width: 145px) 100vw, 145px\" \/>Teresa Paiva<\/p>\n<p><em>Senior teacher of Management Department of Polytechnic Institute of Guarda; Director of the research unit of the Polytechnic Institute of Guarda.<\/em><\/p>\n<p><img loading=\"lazy\" decoding=\"async\" class=\"alignnone wp-image-82\" src=\"http:\/\/sites.ipleiria.pt\/pin-congress\/files\/2018\/05\/Pedro-Parreira.jpg\" alt=\"\" width=\"145\" height=\"178\" \/> Pedro Parreira<\/p>\n<p><i>Senior teacher of Nursing School of Coimbra; Coordinator of Entrepreneurship Office of Nursing School of Coimbra.<\/i><span style=\"color: #000000;font-family: Times New Roman\">\u00a0<\/span><\/p>\n<p><img loading=\"lazy\" decoding=\"async\" class=\"alignnone wp-image-129\" src=\"http:\/\/sites.ipleiria.pt\/pin-congress\/files\/2018\/05\/Foto-Amaia-Yurrebaso-Macho-215x300.png\" alt=\"\" width=\"147\" height=\"205\" srcset=\"https:\/\/sites.ipleiria.pt\/pin-congress\/files\/2018\/05\/Foto-Amaia-Yurrebaso-Macho-215x300.png 215w, https:\/\/sites.ipleiria.pt\/pin-congress\/files\/2018\/05\/Foto-Amaia-Yurrebaso-Macho.png 469w\" sizes=\"auto, (max-width: 147px) 100vw, 147px\" \/> Amaia Yurrebaso Macho<\/p>\n<p><em>T<span lang=\"ES\" style=\"margin: 0px;font-family: 'Arial',sans-serif;font-size: 12pt\"><span style=\"color: #000000\"><span style=\"text-align: left;color: #141412;text-indent: 0px;letter-spacing: normal;font-family: 'Source Sans Pro',Helvetica,sans-serif;font-size: 16px;font-variant: normal;font-weight: 400;text-decoration: none;cursor: text;float: none;background-color: transparent\">eacher of <\/span><\/span><\/span>Department of Social Psychology and Anthropology of University of Salamanca; Member of IDEM (Research Group in Innovation and Entrepreneur Development) and CEUSAL (C\u00e1tedra de Emprendedores of the University of Salamanca).<\/em><\/p>\n<p><img loading=\"lazy\" decoding=\"async\" class=\"alignnone  wp-image-163\" src=\"http:\/\/sites.ipleiria.pt\/pin-congress\/files\/2018\/05\/Susana-alipio-300x300.jpg\" alt=\"\" width=\"152\" height=\"152\" srcset=\"https:\/\/sites.ipleiria.pt\/pin-congress\/files\/2018\/05\/Susana-alipio-300x300.jpg 300w, https:\/\/sites.ipleiria.pt\/pin-congress\/files\/2018\/05\/Susana-alipio-150x150.jpg 150w, https:\/\/sites.ipleiria.pt\/pin-congress\/files\/2018\/05\/Susana-alipio.jpg 320w\" sizes=\"auto, (max-width: 152px) 100vw, 152px\" \/>\u00a0Suzana Al\u00edpio<\/p>\n<p><em>ANJE &#8211; <span id=\"result_box\" class=\"short_text\" lang=\"en\">National Young Entrepreneur Association<\/span><\/em><\/p>\n<p>&nbsp;<\/p>\n","protected":false},"excerpt":{"rendered":"<p>&nbsp; Maria Fernanda Rollo Secretary of State of Science, Techonology and Higher Education Annmarie McHugh Lecturer and Programme Director in the School of Business and Humanities in Dundalk Institute of Technology (DkIT); Represents Ireland and DKIT on the HEInnovate Expert Facilitators\u2019\u00a0 group in the EU.\u00a0 \u00a0 Jos\u00e9 Carlos S\u00e1nchez Garc\u00eda Director of C\u00e1tedra de Empreendedores &hellip; <a href=\"https:\/\/sites.ipleiria.pt\/pin-congress\/invited-speakers\/\" class=\"more-link\">Continuar a ler <span class=\"screen-reader-text\">Invited Speakers<\/span> <span class=\"meta-nav\">&rarr;<\/span><\/a><\/p>\n","protected":false},"author":41,"featured_media":0,"parent":0,"menu_order":0,"comment_status":"closed","ping_status":"closed","template":"","meta":{"footnotes":""},"class_list":["post-31","page","type-page","status-publish","hentry"],"_links":{"self":[{"href":"https:\/\/sites.ipleiria.pt\/pin-congress\/wp-json\/wp\/v2\/pages\/31","targetHints":{"allow":["GET"]}}],"collection":[{"href":"https:\/\/sites.ipleiria.pt\/pin-congress\/wp-json\/wp\/v2\/pages"}],"about":[{"href":"https:\/\/sites.ipleiria.pt\/pin-congress\/wp-json\/wp\/v2\/types\/page"}],"author":[{"embeddable":true,"href":"https:\/\/sites.ipleiria.pt\/pin-congress\/wp-json\/wp\/v2\/users\/41"}],"replies":[{"embeddable":true,"href":"https:\/\/sites.ipleiria.pt\/pin-congress\/wp-json\/wp\/v2\/comments?post=31"}],"version-history":[{"count":18,"href":"https:\/\/sites.ipleiria.pt\/pin-congress\/wp-json\/wp\/v2\/pages\/31\/revisions"}],"predecessor-version":[{"id":164,"href":"https:\/\/sites.ipleiria.pt\/pin-congress\/wp-json\/wp\/v2\/pages\/31\/revisions\/164"}],"wp:attachment":[{"href":"https:\/\/sites.ipleiria.pt\/pin-congress\/wp-json\/wp\/v2\/media?parent=31"}],"curies":[{"name":"wp","href":"https:\/\/api.w.org\/{rel}","templated":true}]}}

<p>&nbsp;</p>
<p><img loading="lazy" decoding="async" class="alignnone size-full wp-image-54" src="http://sites.ipleiria.pt/pin-congress/files/2018/05/fernanda-rollo.jpg" alt="" width="144" height="181" /> Maria Fernanda Rollo</p>
<p><i>Secretary of State of Science, </i><i>Techonology</i><i> and Higher </i><i>Education</i></p>
<p><img loading="lazy" decoding="async" class="alignnone wp-image-55" src="http://sites.ipleiria.pt/pin-congress/files/2018/05/IMG_0053.jpg-Ann-Marie-McHugh-214x300.jpg" alt="" width="148" height="207" srcset="https://sites.ipleiria.pt/pin-congress/files/2018/05/IMG_0053.jpg-Ann-Marie-McHugh-214x300.jpg 214w, https://sites.ipleiria.pt/pin-congress/files/2018/05/IMG_0053.jpg-Ann-Marie-McHugh-768x1075.jpg 768w, https://sites.ipleiria.pt/pin-congress/files/2018/05/IMG_0053.jpg-Ann-Marie-McHugh-731x1024.jpg 731w, https://sites.ipleiria.pt/pin-congress/files/2018/05/IMG_0053.jpg-Ann-Marie-McHugh.jpg 1500w" sizes="auto, (max-width: 148px) 100vw, 148px" /> Annmarie McHugh</p>
<p><span lang="EN-IE" style="margin: 0px;font-family: 'Calibri',sans-serif;font-size: 11pt"><span style="color: #000000"><em>Lecturer and Programme Director in the School of Business and Humanities in Dundalk Institute of Technology (DkIT); Represents Ireland and DKIT on the HEInnovate Expert Facilitators’  group in the EU. </em> </span></span></p>
<p><img loading="lazy" decoding="async" class="alignnone wp-image-53" src="http://sites.ipleiria.pt/pin-congress/files/2018/05/director.png" alt="" width="148" height="179" />   José Carlos Sánchez García</p>
<p><em>Director of Cátedra de Empreendedores of University of Salamanca</em></p>
<p><img loading="lazy" decoding="async" class="alignnone wp-image-56" src="http://sites.ipleiria.pt/pin-congress/files/2018/05/Javier_Riano_ES-245x300.jpg" alt="" width="147" height="180" srcset="https://sites.ipleiria.pt/pin-congress/files/2018/05/Javier_Riano_ES-245x300.jpg 245w, https://sites.ipleiria.pt/pin-congress/files/2018/05/Javier_Riano_ES.jpg 396w" sizes="auto, (max-width: 147px) 100vw, 147px" /> Javier Riaño</p>
<p><em>Head of DEMOLA Basque Country</em></p>
<p><img loading="lazy" decoding="async" class="alignnone wp-image-57" src="http://sites.ipleiria.pt/pin-congress/files/2018/05/Rogier_Cazemier_NL-218x300.jpg" alt="" width="147" height="203" srcset="https://sites.ipleiria.pt/pin-congress/files/2018/05/Rogier_Cazemier_NL-218x300.jpg 218w, https://sites.ipleiria.pt/pin-congress/files/2018/05/Rogier_Cazemier_NL.jpg 358w" sizes="auto, (max-width: 147px) 100vw, 147px" /> Rogier Cazemier</p>
<p><em>Senior lecturer and researcher at Rotterdam University of Applied Sciences; representant of Startup of Incubator Academy at Rotterdam University</em></p>
<p><img loading="lazy" decoding="async" class="alignnone wp-image-99" src="http://sites.ipleiria.pt/pin-congress/files/2018/05/TeresaPaivapb-200x300.jpg" alt="" width="145" height="218" srcset="https://sites.ipleiria.pt/pin-congress/files/2018/05/TeresaPaivapb-200x300.jpg 200w, https://sites.ipleiria.pt/pin-congress/files/2018/05/TeresaPaivapb-768x1152.jpg 768w, https://sites.ipleiria.pt/pin-congress/files/2018/05/TeresaPaivapb-683x1024.jpg 683w" sizes="auto, (max-width: 145px) 100vw, 145px" />Teresa Paiva</p>
<p><em>Senior teacher of Management Department of Polytechnic Institute of Guarda; Director of the research unit of the Polytechnic Institute of Guarda.</em></p>
<p><img loading="lazy" decoding="async" class="alignnone wp-image-82" src="http://sites.ipleiria.pt/pin-congress/files/2018/05/Pedro-Parreira.jpg" alt="" width="145" height="178" /> Pedro Parreira</p>
<p><i>Senior teacher of Nursing School of Coimbra; Coordinator of Entrepreneurship Office of Nursing School of Coimbra.</i><span style="color: #000000;font-family: Times New Roman"> </span></p>
<p><img loading="lazy" decoding="async" class="alignnone wp-image-129" src="http://sites.ipleiria.pt/pin-congress/files/2018/05/Foto-Amaia-Yurrebaso-Macho-215x300.png" alt="" width="147" height="205" srcset="https://sites.ipleiria.pt/pin-congress/files/2018/05/Foto-Amaia-Yurrebaso-Macho-215x300.png 215w, https://sites.ipleiria.pt/pin-congress/files/2018/05/Foto-Amaia-Yurrebaso-Macho.png 469w" sizes="auto, (max-width: 147px) 100vw, 147px" /> Amaia Yurrebaso Macho</p>
<p><em>T<span lang="ES" style="margin: 0px;font-family: 'Arial',sans-serif;font-size: 12pt"><span style="color: #000000"><span style="text-align: left;color: #141412;text-indent: 0px;letter-spacing: normal;font-family: 'Source Sans Pro',Helvetica,sans-serif;font-size: 16px;font-variant: normal;font-weight: 400;text-decoration: none;cursor: text;float: none;background-color: transparent">eacher of </span></span></span>Department of Social Psychology and Anthropology of University of Salamanca; Member of IDEM (Research Group in Innovation and Entrepreneur Development) and CEUSAL (Cátedra de Emprendedores of the University of Salamanca).</em></p>
<p><img loading="lazy" decoding="async" class="alignnone  wp-image-163" src="http://sites.ipleiria.pt/pin-congress/files/2018/05/Susana-alipio-300x300.jpg" alt="" width="152" height="152" srcset="https://sites.ipleiria.pt/pin-congress/files/2018/05/Susana-alipio-300x300.jpg 300w, https://sites.ipleiria.pt/pin-congress/files/2018/05/Susana-alipio-150x150.jpg 150w, https://sites.ipleiria.pt/pin-congress/files/2018/05/Susana-alipio.jpg 320w" sizes="auto, (max-width: 152px) 100vw, 152px" /> Suzana Alípio</p>
<p><em>ANJE &#8211; <span id="result_box" class="short_text" lang="en">National Young Entrepreneur Association</span></em></p>
<p>&nbsp;</p>

<p>&nbsp; Maria Fernanda Rollo Secretary of State of Science, Techonology and Higher Education Annmarie McHugh Lecturer and Programme Director in the School of Business and Humanities in Dundalk Institute of Technology (DkIT); Represents Ireland and DKIT on the HEInnovate Expert Facilitators’  group in the EU.    José Carlos Sánchez García Director of Cátedra de Empreendedores &hellip; <a href="https://sites.ipleiria.pt/pin-congress/invited-speakers/" class="more-link">Continuar a ler <span class="screen-reader-text">Invited Speakers</span> <span class="meta-nav">&rarr;</span></a></p>
