{"id":507,"date":"2023-04-04T13:22:13","date_gmt":"2023-04-04T13:22:13","guid":{"rendered":"https:\/\/sites.ipleiria.pt\/procissaocaracois\/?page_id=507"},"modified":"2023-04-04T16:13:31","modified_gmt":"2023-04-04T16:13:31","slug":"equipa","status":"publish","type":"page","link":"https:\/\/sites.ipleiria.pt\/procissaocaracois\/equipa\/","title":{"rendered":"Equipa"},"content":{"rendered":"\n<figure class=\"wp-block-image size-full\"><img loading=\"lazy\" decoding=\"async\" width=\"911\" height=\"118\" src=\"https:\/\/sites.ipleiria.pt\/procissaocaracois\/files\/2023\/04\/IMG-A.png\" alt=\"\" class=\"wp-image-711\" srcset=\"https:\/\/sites.ipleiria.pt\/procissaocaracois\/files\/2023\/04\/IMG-A.png 911w, https:\/\/sites.ipleiria.pt\/procissaocaracois\/files\/2023\/04\/IMG-A-300x39.png 300w, https:\/\/sites.ipleiria.pt\/procissaocaracois\/files\/2023\/04\/IMG-A-768x99.png 768w\" sizes=\"auto, (max-width: 911px) 100vw, 911px\" \/><\/figure>\n\n\n\n<p>O processo de candidatura da Prociss\u00e3o Noturna de Nossa Senhora do Fetal a Patrim\u00f3nio Imaterial deve-se \u00e0 iniciativa da Junta de Freguesia e Par\u00f3quia do Reguengo do Fetal, contando com a colabora\u00e7\u00e3o do Munic\u00edpio da Batalha do seu Museu da Comunidade Concelhia da Batalha.<\/p>\n\n\n\n<p>Ao abrigo da parceria com o Munic\u00edpio, a Escola Superior de Educa\u00e7\u00e3o e Ci\u00eancias Sociais do Instituto Polit\u00e9cnico junta-se a este processo, prestando colabora\u00e7\u00e3o acad\u00e9mica no dom\u00ednio de \u00e1reas como a Antropologia, a Hist\u00f3ria e o Multim\u00e9dia.<\/p>\n\n\n\n<hr class=\"wp-block-separator has-text-color has-background has-white-background-color has-white-color\"\/>\n\n\n\n<hr class=\"wp-block-separator has-text-color has-background has-white-background-color has-white-color\"\/>\n\n\n\n<hr class=\"wp-block-separator has-text-color has-background has-white-background-color has-white-color\"\/>\n\n\n\n<div class=\"wp-block-columns is-layout-flex wp-container-core-columns-is-layout-1 wp-block-columns-is-layout-flex\">\n<div class=\"wp-block-column is-layout-flow wp-block-column-is-layout-flow\">\n<p>Junta de Freguesia do <br>Reguengo do Fetal<br><a href=\"mailto:junta.reguengodofetal@sapo.pt\">junta.reguengodofetal@sapo.pt<\/a><\/p>\n\n\n\n<p>Munic\u00edpio da Batalha<br>Museu da Comunidade Concelhia da Batalha<br><a href=\"mailto:geral@museubatalha.pt\">geral@museubatalha.pt<\/a><\/p>\n<\/div>\n\n\n\n<div class=\"wp-block-column is-layout-flow wp-block-column-is-layout-flow\">\n<p>ESECS- Comunica\u00e7\u00e3o e Media<br>Catarina Maria Cruz Menezes<br><a href=\"mailto:catarina.menezes@ipleiria.pt\">catarina.menezes@ipleiria.pt<\/a><\/p>\n\n\n\n<p>ESECS \u2013 Antropologia e Patrim\u00f3nio Cultural<br>Fernando Paulo Oliveira Magalh\u00e3es<br><a href=\"mailto:fernando.magalhaes@ipleiria.pt\">fernando.magalhaes@ipleiria.pt<\/a><\/p>\n<\/div>\n<\/div>\n\n\n\n<hr class=\"wp-block-separator has-text-color has-background has-white-background-color has-white-color\"\/>\n\n\n\n<hr class=\"wp-block-separator has-text-color has-background has-white-background-color has-white-color\"\/>\n\n\n\n<figure class=\"wp-block-image size-full\"><img loading=\"lazy\" decoding=\"async\" width=\"752\" height=\"104\" src=\"http:\/\/sites.ipleiria.pt\/procissaocaracois\/files\/2023\/04\/Pack-logos-1.png\" alt=\"\" class=\"wp-image-509\" srcset=\"https:\/\/sites.ipleiria.pt\/procissaocaracois\/files\/2023\/04\/Pack-logos-1.png 752w, https:\/\/sites.ipleiria.pt\/procissaocaracois\/files\/2023\/04\/Pack-logos-1-300x41.png 300w\" sizes=\"auto, (max-width: 752px) 100vw, 752px\" \/><\/figure>\n","protected":false},"excerpt":{"rendered":"<p>O processo de candidatura da Prociss\u00e3o Noturna de Nossa Senhora do Fetal a Patrim\u00f3nio Imaterial deve-se \u00e0 iniciativa da Junta de Freguesia e Par\u00f3quia do Reguengo do Fetal, contando com a colabora\u00e7\u00e3o do Munic\u00edpio da Batalha do seu Museu da Comunidade Concelhia da Batalha. Ao abrigo da parceria com o Munic\u00edpio, a Escola Superior de [&hellip;]<\/p>\n","protected":false},"author":102,"featured_media":0,"parent":0,"menu_order":0,"comment_status":"closed","ping_status":"closed","template":"","meta":{"_et_pb_use_builder":"","_et_pb_old_content":"","_et_gb_content_width":"","footnotes":""},"class_list":["post-507","page","type-page","status-publish","hentry"],"_links":{"self":[{"href":"https:\/\/sites.ipleiria.pt\/procissaocaracois\/wp-json\/wp\/v2\/pages\/507","targetHints":{"allow":["GET"]}}],"collection":[{"href":"https:\/\/sites.ipleiria.pt\/procissaocaracois\/wp-json\/wp\/v2\/pages"}],"about":[{"href":"https:\/\/sites.ipleiria.pt\/procissaocaracois\/wp-json\/wp\/v2\/types\/page"}],"author":[{"embeddable":true,"href":"https:\/\/sites.ipleiria.pt\/procissaocaracois\/wp-json\/wp\/v2\/users\/102"}],"replies":[{"embeddable":true,"href":"https:\/\/sites.ipleiria.pt\/procissaocaracois\/wp-json\/wp\/v2\/comments?post=507"}],"version-history":[{"count":3,"href":"https:\/\/sites.ipleiria.pt\/procissaocaracois\/wp-json\/wp\/v2\/pages\/507\/revisions"}],"predecessor-version":[{"id":712,"href":"https:\/\/sites.ipleiria.pt\/procissaocaracois\/wp-json\/wp\/v2\/pages\/507\/revisions\/712"}],"wp:attachment":[{"href":"https:\/\/sites.ipleiria.pt\/procissaocaracois\/wp-json\/wp\/v2\/media?parent=507"}],"curies":[{"name":"wp","href":"https:\/\/api.w.org\/{rel}","templated":true}]}}