{"id":649,"date":"2023-04-04T14:36:56","date_gmt":"2023-04-04T14:36:56","guid":{"rendered":"https:\/\/sites.ipleiria.pt\/procissaocaracois\/?page_id=649"},"modified":"2024-01-10T14:56:50","modified_gmt":"2024-01-10T14:56:50","slug":"a-procissao","status":"publish","type":"page","link":"https:\/\/sites.ipleiria.pt\/procissaocaracois\/a-procissao\/","title":{"rendered":"Prociss\u00e3o"},"content":{"rendered":"\n<figure class=\"wp-block-image size-full\"><img loading=\"lazy\" decoding=\"async\" width=\"911\" height=\"118\" src=\"https:\/\/sites.ipleiria.pt\/procissaocaracois\/files\/2024\/01\/image.png\" alt=\"\" class=\"wp-image-737\" srcset=\"https:\/\/sites.ipleiria.pt\/procissaocaracois\/files\/2024\/01\/image.png 911w, https:\/\/sites.ipleiria.pt\/procissaocaracois\/files\/2024\/01\/image-480x62.png 480w\" sizes=\"auto, (min-width: 0px) and (max-width: 480px) 480px, (min-width: 481px) 911px, 100vw\" \/><\/figure>\n\n\n\n<p>As prociss\u00f5es em honra de Nossa Senhora do F\u00e9tal constituem momentos altos de devo\u00e7\u00e3o e f\u00e9.<\/p>\n\n\n\n<p>Realizada no \u00faltimo fim de semana de setembro e primeiro de outubro, a romaria de Nossa Senhora do F\u00e9tal integra tr\u00eas prociss\u00f5es. As prociss\u00f5es noturnas s\u00e3o iluminadas por cerca de 30 mil cascas de carac\u00f3is, \u201crecolhidos das ind\u00fastrias, restaurantes e pela popula\u00e7\u00e3o local, que ap\u00f3s os cozinhar e comer, aproveita as cascas para nelas colocar azeite e uma torcida de algod\u00e3o\u201d (Maria Caixeiro em 30 de setembro de 2022).<\/p>\n\n\n\n<p>A prepara\u00e7\u00e3o das prociss\u00f5es come\u00e7a com v\u00e1rias semanas de anteced\u00eancia, em que s\u00e3o colocados montes de areia, ao longo do percurso, nos quais se inserem as cascas e se coloca o azeite. As cascas e o azeite s\u00e3o dispostos apenas no dia da prociss\u00e3o. Como refere Ant\u00f3nio Neto, membro da organiza\u00e7\u00e3o e comiss\u00e3o da Igreja, \u201co caracol s\u00f3 vai ser colocado no pr\u00f3prio dia porque o vento vai fazer desloc\u00e1-lo do s\u00edtio, e o azeite \u00e9 mesmo colocado em cima da hora, para os animais n\u00e3o comerem o azeite\u201d (Ant\u00f3nio Neto em 30 de setembro de 2022).<\/p>\n","protected":false},"excerpt":{"rendered":"<p>As prociss\u00f5es em honra de Nossa Senhora do F\u00e9tal constituem momentos altos de devo\u00e7\u00e3o e f\u00e9. Realizada no \u00faltimo fim de semana de setembro e primeiro de outubro, a romaria de Nossa Senhora do F\u00e9tal integra tr\u00eas prociss\u00f5es. As prociss\u00f5es noturnas s\u00e3o iluminadas por cerca de 30 mil cascas de carac\u00f3is, \u201crecolhidos das ind\u00fastrias, restaurantes [&hellip;]<\/p>\n","protected":false},"author":102,"featured_media":0,"parent":0,"menu_order":0,"comment_status":"closed","ping_status":"closed","template":"","meta":{"_et_pb_use_builder":"","_et_pb_old_content":"","_et_gb_content_width":"","footnotes":""},"class_list":["post-649","page","type-page","status-publish","hentry"],"_links":{"self":[{"href":"https:\/\/sites.ipleiria.pt\/procissaocaracois\/wp-json\/wp\/v2\/pages\/649","targetHints":{"allow":["GET"]}}],"collection":[{"href":"https:\/\/sites.ipleiria.pt\/procissaocaracois\/wp-json\/wp\/v2\/pages"}],"about":[{"href":"https:\/\/sites.ipleiria.pt\/procissaocaracois\/wp-json\/wp\/v2\/types\/page"}],"author":[{"embeddable":true,"href":"https:\/\/sites.ipleiria.pt\/procissaocaracois\/wp-json\/wp\/v2\/users\/102"}],"replies":[{"embeddable":true,"href":"https:\/\/sites.ipleiria.pt\/procissaocaracois\/wp-json\/wp\/v2\/comments?post=649"}],"version-history":[{"count":4,"href":"https:\/\/sites.ipleiria.pt\/procissaocaracois\/wp-json\/wp\/v2\/pages\/649\/revisions"}],"predecessor-version":[{"id":738,"href":"https:\/\/sites.ipleiria.pt\/procissaocaracois\/wp-json\/wp\/v2\/pages\/649\/revisions\/738"}],"wp:attachment":[{"href":"https:\/\/sites.ipleiria.pt\/procissaocaracois\/wp-json\/wp\/v2\/media?parent=649"}],"curies":[{"name":"wp","href":"https:\/\/api.w.org\/{rel}","templated":true}]}}