{"id":21,"date":"2018-01-03T14:03:26","date_gmt":"2018-01-03T14:03:26","guid":{"rendered":"http:\/\/sites.ipleiria.pt\/projetocp2s\/?page_id=21"},"modified":"2019-02-12T16:01:15","modified_gmt":"2019-02-12T16:01:15","slug":"contactos","status":"publish","type":"page","link":"https:\/\/sites.ipleiria.pt\/projetocp2s\/contactos\/","title":{"rendered":"Contactos"},"content":{"rendered":"<div><strong>Contacto Geral:<\/strong><\/div>\n<hr>\n<div>&nbsp;<\/div>\n<div><strong>Morada:<\/strong><\/div>\n<div>Instituto Polit\u00e9cnico de Leiria<\/div>\n<div>Campos 3<\/div>\n<p>Escola Superior de Artes e Design das Caldas da Rainha<\/p>\n<div>Rua Isidoro In\u00e1cio Alves de Carvalho<\/div>\n<p>2500-321 Caldas da Rainha<\/p>\n<div>Laborat\u00f3rio de Investiga\u00e7\u00e3o de Design e Artes<\/div>\n<p>Edif\u00edcio Santo Isidoro, piso 0<\/p>\n<div><strong>Telefone:<\/strong><\/div>\n<p>262 830 900<\/p>\n<div><strong>E-mail:<\/strong><\/div>\n<p>cp2s.lida@ipleiria.pt<\/p>\n<p>&nbsp;<\/p>\n<div>&nbsp;<\/div>\n<div>\n<p><strong><strong><strong><strong>Contacto Investigadores:<\/strong><\/strong><\/strong><\/strong><\/p>\n<hr>\n<\/div>\n<div>&nbsp;<\/div>\n<div><strong>Coordenador Organizacional:<\/strong><\/div>\n<div>Prof. Jo\u00e3o dos Santos &#8211; santos@ipleiria.pt<\/div>\n<p>Prof. Jo\u00e3o Mateus &#8211; jvmateus@ipleiria.pt<\/p>\n<div><strong>Investigador Principal:<\/strong><\/div>\n<p>Prof. Jos\u00e9 Frade &#8211; jose.fade@ipleiria.pt<\/p>\n<div><strong>Grupo de Investiga\u00e7\u00e3o:<\/strong><\/div>\n<div>Prof. Jo\u00e3o Serra &#8211; joao.serra@ipleiria.pt<\/div>\n<div>Prof. Fernando Poeiras &#8211;&nbsp;fernando.poeiras@ipleiria.pt<\/div>\n<div>Prof. Jos\u00e9 Silva &#8211;&nbsp;jla.silva@ipleiria.pt<\/div>\n<div>Prof. Lu\u00edsa Arroz &#8211;&nbsp;luisa.arroz@ipleiria.pt<\/div>\n<div>Prof. Nicholas Taylor &#8211;&nbsp;nick.taylor@ipleiria.pt<\/div>\n<div>Prof. Paulo Silva &#8211;&nbsp;paulo.silva@ipleiria.pt<\/div>\n<div>Prof. Carla Cardoso &#8211;&nbsp;carla.cardoso@ipleiria.pt<\/div>\n<div>Prof. Paula Lomelino &#8211; mariafreitas@ipleiria.pt<\/div>\n<div>Prof. Sofia Eurico &#8211;&nbsp;sofia.eurico@ipleiria.pt<\/div>\n<p>Prof. Alzira Marques &#8211;&nbsp;alzira.marques@ipleiria.pt<\/p>\n<div><strong>Bolseiras de Investiga\u00e7\u00e3o:<\/strong><\/div>\n<div>Adriana C\u00e9sar &#8211; adriana.cesar@ipleiria.pt<\/div>\n<div>Lia Gomes &#8211; lia.m.gomes@ipleiria.pt<\/div>\n<p>Liliana Gouveia &#8211; liliana.gouveia@ipleiria.pt<\/p>\n<div><strong>Parceiros de Investiga\u00e7\u00e3o:<\/strong><\/div>\n<p>C\u00e2mara Municipal das Caldas da Rainha<\/p>\n<div>CENCAL &#8211; Centro de Forma\u00e7\u00e3o Profissional para a Ind\u00fastria Cer\u00e2mica<\/div>\n<p>Prof. Maria Manuela Baroso &#8211;&nbsp;manuela.baroso@cencal.pt<\/p>\n<div>Instituto Polit\u00e9cnico de Tomar<\/div>\n<p>Prof. Ricardo Tri\u00e3es &#8211;&nbsp;rtriaes@ipt.pt<\/p>\n<p>&nbsp;<\/p>\n<div><strong>Redes Sociais:<\/strong><\/div>\n<hr>\n<div>&nbsp;<\/div>\n<p>Facebook: <strong><a href=\"https:\/\/www.facebook.com\/bolsaCP2S.LIDA\/\">(aqui)<\/a><\/strong><\/p>\n<p>&nbsp;<\/p>\n<p><img loading=\"lazy\" decoding=\"async\" class=\"alignnone wp-image-80\" src=\"http:\/\/sites.ipleiria.pt\/projetocp2s\/files\/2018\/07\/Rodap\u00e9-CP2S-2-02-300x75.png\" alt=\"\" width=\"568\" height=\"142\" srcset=\"https:\/\/sites.ipleiria.pt\/projetocp2s\/files\/2018\/07\/Rodap\u00e9-CP2S-2-02-300x75.png 300w, https:\/\/sites.ipleiria.pt\/projetocp2s\/files\/2018\/07\/Rodap\u00e9-CP2S-2-02-768x192.png 768w, https:\/\/sites.ipleiria.pt\/projetocp2s\/files\/2018\/07\/Rodap\u00e9-CP2S-2-02-1024x256.png 1024w, https:\/\/sites.ipleiria.pt\/projetocp2s\/files\/2018\/07\/Rodap\u00e9-CP2S-2-02-10x3.png 10w, https:\/\/sites.ipleiria.pt\/projetocp2s\/files\/2018\/07\/Rodap\u00e9-CP2S-2-02-432x108.png 432w, https:\/\/sites.ipleiria.pt\/projetocp2s\/files\/2018\/07\/Rodap\u00e9-CP2S-2-02-396x99.png 396w, https:\/\/sites.ipleiria.pt\/projetocp2s\/files\/2018\/07\/Rodap\u00e9-CP2S-2-02-1120x280.png 1120w, https:\/\/sites.ipleiria.pt\/projetocp2s\/files\/2018\/07\/Rodap\u00e9-CP2S-2-02-660x165.png 660w, https:\/\/sites.ipleiria.pt\/projetocp2s\/files\/2018\/07\/Rodap\u00e9-CP2S-2-02-710x178.png 710w\" sizes=\"auto, (max-width: 600px) 91vw, (max-width: 900px) 600px, (max-width: 1060px) 50vw, (max-width: 1200px) 520px, (max-width: 1400px) 43vw, 600px\" \/><\/p>\n","protected":false},"excerpt":{"rendered":"<p>Contacto Geral: &nbsp; Morada: Instituto Polit\u00e9cnico de Leiria Campos 3 Escola Superior de Artes e Design das Caldas da Rainha Rua Isidoro In\u00e1cio Alves de Carvalho 2500-321 Caldas da Rainha Laborat\u00f3rio de Investiga\u00e7\u00e3o de Design e Artes Edif\u00edcio Santo Isidoro, piso 0 Telefone: 262 830 900 E-mail: cp2s.lida@ipleiria.pt &nbsp; &nbsp; Contacto Investigadores: &nbsp; Coordenador Organizacional: [&hellip;]<\/p>\n","protected":false},"author":4286,"featured_media":0,"parent":0,"menu_order":0,"comment_status":"open","ping_status":"closed","template":"","meta":{"footnotes":""},"class_list":["post-21","page","type-page","status-publish","hentry","entry-image--landscape"],"_links":{"self":[{"href":"https:\/\/sites.ipleiria.pt\/projetocp2s\/wp-json\/wp\/v2\/pages\/21","targetHints":{"allow":["GET"]}}],"collection":[{"href":"https:\/\/sites.ipleiria.pt\/projetocp2s\/wp-json\/wp\/v2\/pages"}],"about":[{"href":"https:\/\/sites.ipleiria.pt\/projetocp2s\/wp-json\/wp\/v2\/types\/page"}],"author":[{"embeddable":true,"href":"https:\/\/sites.ipleiria.pt\/projetocp2s\/wp-json\/wp\/v2\/users\/4286"}],"replies":[{"embeddable":true,"href":"https:\/\/sites.ipleiria.pt\/projetocp2s\/wp-json\/wp\/v2\/comments?post=21"}],"version-history":[{"count":28,"href":"https:\/\/sites.ipleiria.pt\/projetocp2s\/wp-json\/wp\/v2\/pages\/21\/revisions"}],"predecessor-version":[{"id":3721,"href":"https:\/\/sites.ipleiria.pt\/projetocp2s\/wp-json\/wp\/v2\/pages\/21\/revisions\/3721"}],"wp:attachment":[{"href":"https:\/\/sites.ipleiria.pt\/projetocp2s\/wp-json\/wp\/v2\/media?parent=21"}],"curies":[{"name":"wp","href":"https:\/\/api.w.org\/{rel}","templated":true}]}}

<div><strong>Contacto Geral:</strong></div>
<hr>
<div>&nbsp;</div>
<div><strong>Morada:</strong></div>
<div>Instituto Politécnico de Leiria</div>
<div>Campos 3</div>
<p>Escola Superior de Artes e Design das Caldas da Rainha</p>
<div>Rua Isidoro Inácio Alves de Carvalho</div>
<p>2500-321 Caldas da Rainha</p>
<div>Laboratório de Investigação de Design e Artes</div>
<p>Edifício Santo Isidoro, piso 0</p>
<div><strong>Telefone:</strong></div>
<p>262 830 900</p>
<div><strong>E-mail:</strong></div>
<p>cp2s.lida@ipleiria.pt</p>
<p>&nbsp;</p>
<div>&nbsp;</div>
<div>
<p><strong><strong><strong><strong>Contacto Investigadores:</strong></strong></strong></strong></p>
<hr>
</div>
<div>&nbsp;</div>
<div><strong>Coordenador Organizacional:</strong></div>
<div>Prof. João dos Santos &#8211; santos@ipleiria.pt</div>
<p>Prof. João Mateus &#8211; jvmateus@ipleiria.pt</p>
<div><strong>Investigador Principal:</strong></div>
<p>Prof. José Frade &#8211; jose.fade@ipleiria.pt</p>
<div><strong>Grupo de Investigação:</strong></div>
<div>Prof. João Serra &#8211; joao.serra@ipleiria.pt</div>
<div>Prof. Fernando Poeiras &#8211;&nbsp;fernando.poeiras@ipleiria.pt</div>
<div>Prof. José Silva &#8211;&nbsp;jla.silva@ipleiria.pt</div>
<div>Prof. Luísa Arroz &#8211;&nbsp;luisa.arroz@ipleiria.pt</div>
<div>Prof. Nicholas Taylor &#8211;&nbsp;nick.taylor@ipleiria.pt</div>
<div>Prof. Paulo Silva &#8211;&nbsp;paulo.silva@ipleiria.pt</div>
<div>Prof. Carla Cardoso &#8211;&nbsp;carla.cardoso@ipleiria.pt</div>
<div>Prof. Paula Lomelino &#8211; mariafreitas@ipleiria.pt</div>
<div>Prof. Sofia Eurico &#8211;&nbsp;sofia.eurico@ipleiria.pt</div>
<p>Prof. Alzira Marques &#8211;&nbsp;alzira.marques@ipleiria.pt</p>
<div><strong>Bolseiras de Investigação:</strong></div>
<div>Adriana César &#8211; adriana.cesar@ipleiria.pt</div>
<div>Lia Gomes &#8211; lia.m.gomes@ipleiria.pt</div>
<p>Liliana Gouveia &#8211; liliana.gouveia@ipleiria.pt</p>
<div><strong>Parceiros de Investigação:</strong></div>
<p>Câmara Municipal das Caldas da Rainha</p>
<div>CENCAL &#8211; Centro de Formação Profissional para a Indústria Cerâmica</div>
<p>Prof. Maria Manuela Baroso &#8211;&nbsp;manuela.baroso@cencal.pt</p>
<div>Instituto Politécnico de Tomar</div>
<p>Prof. Ricardo Triães &#8211;&nbsp;rtriaes@ipt.pt</p>
<p>&nbsp;</p>
<div><strong>Redes Sociais:</strong></div>
<hr>
<div>&nbsp;</div>
<p>Facebook: <strong><a href="https://www.facebook.com/bolsaCP2S.LIDA/">(aqui)</a></strong></p>
<p>&nbsp;</p>
<p><img loading="lazy" decoding="async" class="alignnone wp-image-80" src="http://sites.ipleiria.pt/projetocp2s/files/2018/07/Rodapé-CP2S-2-02-300x75.png" alt="" width="568" height="142" srcset="https://sites.ipleiria.pt/projetocp2s/files/2018/07/Rodapé-CP2S-2-02-300x75.png 300w, https://sites.ipleiria.pt/projetocp2s/files/2018/07/Rodapé-CP2S-2-02-768x192.png 768w, https://sites.ipleiria.pt/projetocp2s/files/2018/07/Rodapé-CP2S-2-02-1024x256.png 1024w, https://sites.ipleiria.pt/projetocp2s/files/2018/07/Rodapé-CP2S-2-02-10x3.png 10w, https://sites.ipleiria.pt/projetocp2s/files/2018/07/Rodapé-CP2S-2-02-432x108.png 432w, https://sites.ipleiria.pt/projetocp2s/files/2018/07/Rodapé-CP2S-2-02-396x99.png 396w, https://sites.ipleiria.pt/projetocp2s/files/2018/07/Rodapé-CP2S-2-02-1120x280.png 1120w, https://sites.ipleiria.pt/projetocp2s/files/2018/07/Rodapé-CP2S-2-02-660x165.png 660w, https://sites.ipleiria.pt/projetocp2s/files/2018/07/Rodapé-CP2S-2-02-710x178.png 710w" sizes="auto, (max-width: 600px) 91vw, (max-width: 900px) 600px, (max-width: 1060px) 50vw, (max-width: 1200px) 520px, (max-width: 1400px) 43vw, 600px" /></p>

<p>Contacto Geral: &nbsp; Morada: Instituto Politécnico de Leiria Campos 3 Escola Superior de Artes e Design das Caldas da Rainha Rua Isidoro Inácio Alves de Carvalho 2500-321 Caldas da Rainha Laboratório de Investigação de Design e Artes Edifício Santo Isidoro, piso 0 Telefone: 262 830 900 E-mail: cp2s.lida@ipleiria.pt &nbsp; &nbsp; Contacto Investigadores: &nbsp; Coordenador Organizacional: [&hellip;]</p>
