{"id":75,"date":"2018-01-01T09:40:08","date_gmt":"2018-01-01T09:40:08","guid":{"rendered":"http:\/\/sites.ipleiria.pt\/projetocp2s\/?page_id=75"},"modified":"2019-01-25T15:13:54","modified_gmt":"2019-01-25T15:13:54","slug":"quem-somos","status":"publish","type":"page","link":"https:\/\/sites.ipleiria.pt\/projetocp2s\/quem-somos\/","title":{"rendered":"Quem somos?"},"content":{"rendered":"<div style=\"text-align: justify\">\u00a0 \u00a0O Projeto CP2S, &#8220;Cer\u00e2mica, Patrim\u00f3nio e Produto Sustent\u00e1vel \u2013 do ensino \u00e0 ind\u00fastria&#8221;, apoiado pela Funda\u00e7\u00e3o da Ci\u00eancia e Tecnologia e que conta com os seguintes parceiros institucionais: Instituto Polit\u00e9cnico de Leiria; Instituto Polit\u00e9cnico de Tomar; Centro de Forma\u00e7\u00e3o Profissional para a Ind\u00fastria Cer\u00e2mica (CENCAL) e C\u00e2mara Municipal de Caldas da Rainha \u00e9 um projeto de investiga\u00e7\u00e3o que ter\u00e1 a dura\u00e7\u00e3o de 18 meses e que est\u00e1 a ser coordenado pelo Laborat\u00f3rio de Investiga\u00e7\u00e3o em Design e Arte, sediado no campus 3, na Escola Superior de Artes e Design de Caldas da Rainha (ESAD.CR) e que \u00e9 apoiado pelo FEDER \u2013 Fundo Europeu de Desenvolvimento Regional, no \u00e2mbito do Programa Portugal 2020 \u2013 Programa Operacional Regional do Centro, visa organizar um conjunto de informa\u00e7\u00e3o dispersa nas \u00e1reas tecnol\u00f3gica, social, econ\u00f3mica e hist\u00f3rico-cultural, que ser\u00e1 usada na cria\u00e7\u00e3o de recursos diferenciados e inovadores sobretudo experimentais e visuais para a forma\u00e7\u00e3o pedag\u00f3gica e cultural ou para o apoio ao ensino, investiga\u00e7\u00e3o e design de produtos cer\u00e2micos sustent\u00e1veis que contribuam para o aumento da competitividade e da sustentabilidade deste setor econ\u00f3mico.<\/div>\n<p style=\"text-align: justify\">\u00a0 \u00a0Pretende-se explorar o tema do projeto e as respetivas atividades como iniciativas de inova\u00e7\u00e3o territorial por perspetivarem a cria\u00e7\u00e3o de novas oportunidades de empregabilidade e autoemprego, promoverem a cidade de Caldas da Rainha e sua regi\u00e3o como uma cidade criativa, inteligente e sustent\u00e1vel certamente com reflexos estruturantes no plano da gest\u00e3o cultural e tur\u00edstica.<\/p>\n<p><img loading=\"lazy\" decoding=\"async\" class=\"alignnone  wp-image-80\" src=\"http:\/\/sites.ipleiria.pt\/projetocp2s\/files\/2018\/07\/Rodap\u00e9-CP2S-2-02-300x75.png\" alt=\"\" width=\"556\" height=\"139\" srcset=\"https:\/\/sites.ipleiria.pt\/projetocp2s\/files\/2018\/07\/Rodap\u00e9-CP2S-2-02-300x75.png 300w, https:\/\/sites.ipleiria.pt\/projetocp2s\/files\/2018\/07\/Rodap\u00e9-CP2S-2-02-768x192.png 768w, https:\/\/sites.ipleiria.pt\/projetocp2s\/files\/2018\/07\/Rodap\u00e9-CP2S-2-02-1024x256.png 1024w, https:\/\/sites.ipleiria.pt\/projetocp2s\/files\/2018\/07\/Rodap\u00e9-CP2S-2-02-10x3.png 10w, https:\/\/sites.ipleiria.pt\/projetocp2s\/files\/2018\/07\/Rodap\u00e9-CP2S-2-02-432x108.png 432w, https:\/\/sites.ipleiria.pt\/projetocp2s\/files\/2018\/07\/Rodap\u00e9-CP2S-2-02-396x99.png 396w, https:\/\/sites.ipleiria.pt\/projetocp2s\/files\/2018\/07\/Rodap\u00e9-CP2S-2-02-1120x280.png 1120w, https:\/\/sites.ipleiria.pt\/projetocp2s\/files\/2018\/07\/Rodap\u00e9-CP2S-2-02-660x165.png 660w, https:\/\/sites.ipleiria.pt\/projetocp2s\/files\/2018\/07\/Rodap\u00e9-CP2S-2-02-710x178.png 710w\" sizes=\"auto, (max-width: 600px) 91vw, (max-width: 900px) 600px, (max-width: 1060px) 50vw, (max-width: 1200px) 520px, (max-width: 1400px) 43vw, 600px\" \/><\/p>\n","protected":false},"excerpt":{"rendered":"<p>\u00a0 \u00a0O Projeto CP2S, &#8220;Cer\u00e2mica, Patrim\u00f3nio e Produto Sustent\u00e1vel \u2013 do ensino \u00e0 ind\u00fastria&#8221;, apoiado pela Funda\u00e7\u00e3o da Ci\u00eancia e Tecnologia e que conta com os seguintes parceiros institucionais: Instituto Polit\u00e9cnico de Leiria; Instituto Polit\u00e9cnico de Tomar; Centro de Forma\u00e7\u00e3o Profissional para a Ind\u00fastria Cer\u00e2mica (CENCAL) e C\u00e2mara Municipal de Caldas da Rainha \u00e9 um [&hellip;]<\/p>\n","protected":false},"author":4286,"featured_media":0,"parent":0,"menu_order":0,"comment_status":"open","ping_status":"closed","template":"","meta":{"footnotes":""},"class_list":["post-75","page","type-page","status-publish","hentry","entry-image--landscape"],"_links":{"self":[{"href":"https:\/\/sites.ipleiria.pt\/projetocp2s\/wp-json\/wp\/v2\/pages\/75","targetHints":{"allow":["GET"]}}],"collection":[{"href":"https:\/\/sites.ipleiria.pt\/projetocp2s\/wp-json\/wp\/v2\/pages"}],"about":[{"href":"https:\/\/sites.ipleiria.pt\/projetocp2s\/wp-json\/wp\/v2\/types\/page"}],"author":[{"embeddable":true,"href":"https:\/\/sites.ipleiria.pt\/projetocp2s\/wp-json\/wp\/v2\/users\/4286"}],"replies":[{"embeddable":true,"href":"https:\/\/sites.ipleiria.pt\/projetocp2s\/wp-json\/wp\/v2\/comments?post=75"}],"version-history":[{"count":8,"href":"https:\/\/sites.ipleiria.pt\/projetocp2s\/wp-json\/wp\/v2\/pages\/75\/revisions"}],"predecessor-version":[{"id":119,"href":"https:\/\/sites.ipleiria.pt\/projetocp2s\/wp-json\/wp\/v2\/pages\/75\/revisions\/119"}],"wp:attachment":[{"href":"https:\/\/sites.ipleiria.pt\/projetocp2s\/wp-json\/wp\/v2\/media?parent=75"}],"curies":[{"name":"wp","href":"https:\/\/api.w.org\/{rel}","templated":true}]}}

<div style="text-align: justify">   O Projeto CP2S, &#8220;Cerâmica, Património e Produto Sustentável – do ensino à indústria&#8221;, apoiado pela Fundação da Ciência e Tecnologia e que conta com os seguintes parceiros institucionais: Instituto Politécnico de Leiria; Instituto Politécnico de Tomar; Centro de Formação Profissional para a Indústria Cerâmica (CENCAL) e Câmara Municipal de Caldas da Rainha é um projeto de investigação que terá a duração de 18 meses e que está a ser coordenado pelo Laboratório de Investigação em Design e Arte, sediado no campus 3, na Escola Superior de Artes e Design de Caldas da Rainha (ESAD.CR) e que é apoiado pelo FEDER – Fundo Europeu de Desenvolvimento Regional, no âmbito do Programa Portugal 2020 – Programa Operacional Regional do Centro, visa organizar um conjunto de informação dispersa nas áreas tecnológica, social, económica e histórico-cultural, que será usada na criação de recursos diferenciados e inovadores sobretudo experimentais e visuais para a formação pedagógica e cultural ou para o apoio ao ensino, investigação e design de produtos cerâmicos sustentáveis que contribuam para o aumento da competitividade e da sustentabilidade deste setor económico.</div>
<p style="text-align: justify">   Pretende-se explorar o tema do projeto e as respetivas atividades como iniciativas de inovação territorial por perspetivarem a criação de novas oportunidades de empregabilidade e autoemprego, promoverem a cidade de Caldas da Rainha e sua região como uma cidade criativa, inteligente e sustentável certamente com reflexos estruturantes no plano da gestão cultural e turística.</p>
<p><img loading="lazy" decoding="async" class="alignnone  wp-image-80" src="http://sites.ipleiria.pt/projetocp2s/files/2018/07/Rodapé-CP2S-2-02-300x75.png" alt="" width="556" height="139" srcset="https://sites.ipleiria.pt/projetocp2s/files/2018/07/Rodapé-CP2S-2-02-300x75.png 300w, https://sites.ipleiria.pt/projetocp2s/files/2018/07/Rodapé-CP2S-2-02-768x192.png 768w, https://sites.ipleiria.pt/projetocp2s/files/2018/07/Rodapé-CP2S-2-02-1024x256.png 1024w, https://sites.ipleiria.pt/projetocp2s/files/2018/07/Rodapé-CP2S-2-02-10x3.png 10w, https://sites.ipleiria.pt/projetocp2s/files/2018/07/Rodapé-CP2S-2-02-432x108.png 432w, https://sites.ipleiria.pt/projetocp2s/files/2018/07/Rodapé-CP2S-2-02-396x99.png 396w, https://sites.ipleiria.pt/projetocp2s/files/2018/07/Rodapé-CP2S-2-02-1120x280.png 1120w, https://sites.ipleiria.pt/projetocp2s/files/2018/07/Rodapé-CP2S-2-02-660x165.png 660w, https://sites.ipleiria.pt/projetocp2s/files/2018/07/Rodapé-CP2S-2-02-710x178.png 710w" sizes="auto, (max-width: 600px) 91vw, (max-width: 900px) 600px, (max-width: 1060px) 50vw, (max-width: 1200px) 520px, (max-width: 1400px) 43vw, 600px" /></p>

<p>   O Projeto CP2S, &#8220;Cerâmica, Património e Produto Sustentável – do ensino à indústria&#8221;, apoiado pela Fundação da Ciência e Tecnologia e que conta com os seguintes parceiros institucionais: Instituto Politécnico de Leiria; Instituto Politécnico de Tomar; Centro de Formação Profissional para a Indústria Cerâmica (CENCAL) e Câmara Municipal de Caldas da Rainha é um [&hellip;]</p>
