{"id":2096,"date":"2025-11-03T16:37:58","date_gmt":"2025-11-03T16:37:58","guid":{"rendered":"https:\/\/sites.ipleiria.pt\/publicacoesipce\/?page_id=2096"},"modified":"2025-11-03T16:37:58","modified_gmt":"2025-11-03T16:37:58","slug":"gestao-e-politica-editorial","status":"publish","type":"page","link":"https:\/\/sites.ipleiria.pt\/publicacoesipce\/gestao-e-politica-editorial\/","title":{"rendered":"Gest\u00e3o e Politica Editorial"},"content":{"rendered":"\n<p>A gest\u00e3o editorial das Publica\u00e7\u00f5es Peri\u00f3dicas IPCE \u00e9 guiada por um compromisso inabal\u00e1vel com o rigor cient\u00edfico, a transpar\u00eancia e a dissemina\u00e7\u00e3o aberta do conhecimento. Esta sec\u00e7\u00e3o detalha os princ\u00edpios fundamentais que regem a nossa opera\u00e7\u00e3o, incluindo o sistema de arbitragem, a pol\u00edtica de acesso aberto e as caracter\u00edsticas que asseguram a qualidade e integridade de todos os trabalhos publicados.<\/p>\n\n\n\n<p><\/p>\n","protected":false},"excerpt":{"rendered":"<p>A gest\u00e3o editorial das Publica\u00e7\u00f5es Peri\u00f3dicas IPCE \u00e9 guiada por um compromisso inabal\u00e1vel com o rigor cient\u00edfico, a transpar\u00eancia e a dissemina\u00e7\u00e3o aberta do conhecimento. Esta sec\u00e7\u00e3o detalha os princ\u00edpios fundamentais que regem a nossa opera\u00e7\u00e3o, incluindo o sistema de&hellip;  <\/p>\n<p class=\"more-link\"><a href=\"https:\/\/sites.ipleiria.pt\/publicacoesipce\/gestao-e-politica-editorial\/\">Continue reading <span class=\"meta-nav\">&rarr;<\/span><\/a><\/p>\n","protected":false},"author":102,"featured_media":0,"parent":0,"menu_order":0,"comment_status":"closed","ping_status":"closed","template":"","meta":{"footnotes":""},"class_list":["post-2096","page","type-page","status-publish","hentry"],"_links":{"self":[{"href":"https:\/\/sites.ipleiria.pt\/publicacoesipce\/wp-json\/wp\/v2\/pages\/2096","targetHints":{"allow":["GET"]}}],"collection":[{"href":"https:\/\/sites.ipleiria.pt\/publicacoesipce\/wp-json\/wp\/v2\/pages"}],"about":[{"href":"https:\/\/sites.ipleiria.pt\/publicacoesipce\/wp-json\/wp\/v2\/types\/page"}],"author":[{"embeddable":true,"href":"https:\/\/sites.ipleiria.pt\/publicacoesipce\/wp-json\/wp\/v2\/users\/102"}],"replies":[{"embeddable":true,"href":"https:\/\/sites.ipleiria.pt\/publicacoesipce\/wp-json\/wp\/v2\/comments?post=2096"}],"version-history":[{"count":1,"href":"https:\/\/sites.ipleiria.pt\/publicacoesipce\/wp-json\/wp\/v2\/pages\/2096\/revisions"}],"predecessor-version":[{"id":2097,"href":"https:\/\/sites.ipleiria.pt\/publicacoesipce\/wp-json\/wp\/v2\/pages\/2096\/revisions\/2097"}],"wp:attachment":[{"href":"https:\/\/sites.ipleiria.pt\/publicacoesipce\/wp-json\/wp\/v2\/media?parent=2096"}],"curies":[{"name":"wp","href":"https:\/\/api.w.org\/{rel}","templated":true}]}}