{"id":2208,"date":"2026-03-30T15:47:36","date_gmt":"2026-03-30T15:47:36","guid":{"rendered":"https:\/\/sites.ipleiria.pt\/publicacoesipce\/?page_id=2208"},"modified":"2026-03-30T15:47:36","modified_gmt":"2026-03-30T15:47:36","slug":"codigo-etico","status":"publish","type":"page","link":"https:\/\/sites.ipleiria.pt\/publicacoesipce\/codigo-etico\/","title":{"rendered":"C\u00f3digo \u00e9tico"},"content":{"rendered":"\n<p>As normas de conduta \u00e9tica da RIECS abrangem a equipa editorial (diretor e diretores associados e editores convidados), autores e revisores e regem-se segundo o \u201cCode of Conduct and Best Practice for Journal Editors of the Committee on Publication Ethics\u201d (COPE) &#8211;&nbsp;<a href=\"about:blank\">https:\/\/publicationethics.org\/core-practices<\/a>.<\/p>\n\n\n\n<p>Normas \u00e9ticas para a Equipa Editorial:<\/p>\n\n\n\n<p>&#8211; A Equipa Editorial \u00e9 respons\u00e1vel pelo que se publica na RIECS e pela sele\u00e7\u00e3o dos revisores para avaliarem as propostas de artigos consoante a sua&nbsp;<em>expertise<\/em>&nbsp;nos dom\u00ednios tem\u00e1ticos das propostas submetidas.<\/p>\n\n\n\n<p>&#8211; A Equipa Editorial assegura a originalidade dos artigos publicados atrav\u00e9s do&nbsp;<em>software<\/em>&nbsp;de dete\u00e7\u00e3o de pl\u00e1gio. E, no caso de ser detetada uma situa\u00e7\u00e3o de pl\u00e1gio, a proposta de artigo \u00e9 rejeitada.<\/p>\n\n\n\n<p>&#8211; A Equipa Editorial compromete-se a impedir o processo de revis\u00e3o de propostas de artigos sempre que se verificar conte\u00fado ou linguagem discriminat\u00f3rios ou ofensivos relativamente a qualquer etnia, cultura, g\u00e9nero, religi\u00e3o, orienta\u00e7\u00e3o sexual ou outro.<\/p>\n\n\n\n<p>&#8211; Sempre que necess\u00e1rio, a Equipa Editorial pode publicar corre\u00e7\u00f5es, clarifica\u00e7\u00f5es ou pedidos de desculpa.<\/p>\n\n\n\n<p>&#8211; Sempre que detetado um erro relevante em algum artigo publicado, a Equipa Editorial compromete-se a publicar uma nota de corre\u00e7\u00e3o.<\/p>\n\n\n\n<p>&#8211; A Equipa Editorial compromete-se a investigar qualquer den\u00fancia de m\u00e1 conduta \u00e9tica feita por qualquer pessoa, desde que esta se fa\u00e7a acompanhar de informa\u00e7\u00e3o suficiente e de evid\u00eancias adequadas.<\/p>\n\n\n\n<p>Normas \u00e9ticas para os autores:<\/p>\n\n\n\n<p>&#8211; S\u00e3o obrigados a confirmar o processo de submiss\u00e3o da proposta de artigo, de acordo com as indica\u00e7\u00f5es dadas pela RIECS.<\/p>\n\n\n\n<p>&#8211; Quando existe mais do que um autor, deve ser designado um autor de contacto principal e este deve assegurar-se de que todos os coautores consentem com a submiss\u00e3o do artigo e que aceitam ser identificados como tal.<\/p>\n\n\n\n<p>&#8211; Ao submeter o artigo, os autores comprometem-se de que n\u00e3o existem conflitos de interesse que possam influenciar o trabalho de investiga\u00e7\u00e3o realizado.<\/p>\n\n\n\n<p>&#8211; Os autores devem assegurar-se que o artigo \u00e9 original e n\u00e3o foi publicado ou submetido a outras revistas ou afins.<\/p>\n\n\n\n<p>&#8211; Os autores comprometem-se a obter o consentimento informado dos participantes na investiga\u00e7\u00e3o ou, quando adequado, dos seus representantes legais. A Equipa Editorial poder\u00e1 solicitar, aos autores, comprovativos desses consentimentos informados, caso se revele necess\u00e1rio.<\/p>\n\n\n\n<p>&#8211; Os autores devem assegurar-se que cumprem com a confidencialidade dos dados que recolheram durante a investiga\u00e7\u00e3o.<\/p>\n\n\n\n<p>&#8211; Os autores comprometem-se a n\u00e3o falsificar ou fabricar dados, fontes, resultados ou conclus\u00f5es e a n\u00e3o utilizar linguagem ofensiva ou discriminat\u00f3ria, nomeadamente em rela\u00e7\u00e3o a etnia, cultura, g\u00e9nero, orienta\u00e7\u00e3o sexual, religi\u00e3o ou outros.<\/p>\n\n\n\n<p>&#8211; Os autores asseguram-se que referenciam explicitamente as obras a que recorreram, de acordo com as boas pr\u00e1ticas de referencia\u00e7\u00e3o bibliogr\u00e1fica e segundo as normas APA adotadas pela RIECS.<\/p>\n\n\n\n<p>&#8211; Os autores comprometem-se a solicitar autoriza\u00e7\u00e3o para reproduzir conte\u00fados de outras fontes.<\/p>\n\n\n\n<p>&#8211; Os autores devem informar de imediato a Equipa Editorial da RIECS caso identifiquem um erro relevante no seu artigo, para que este seja corrigido.<\/p>\n\n\n\n<p>Normas \u00e9ticas para os revisores:<\/p>\n\n\n\n<p>&#8211; Os revisores devem seguir os crit\u00e9rios de revis\u00e3o indicados pela RIECS para elaborar o seu parecer e devem cumprir os prazos delineados.<\/p>\n\n\n\n<p>&#8211; Os revisores devem informar a Equipa Editorial sempre que, durante o processo de revis\u00e3o, encontrem alguma pr\u00e1tica que evidencie m\u00e1 conduta \u00e9tica por parte dos autores.<\/p>\n\n\n\n<p>&#8211; Os revisores devem recusar fazer a revis\u00e3o de um artigo se identificarem o(s) autor(es) ou o trabalho, ou se houver conflitos de interesse (pessoal, profissional ou outros) da sua parte.<\/p>\n\n\n\n<p>&#8211; Os revisores devem considerar o artigo que se encontram a rever como confidencial e, portanto, n\u00e3o devem discuti-lo com terceiros ou utilizar a informa\u00e7\u00e3o a que t\u00eam acesso para qualquer outro fim para al\u00e9m do processo de revis\u00e3o.<\/p>\n\n\n\n<p>&#8211; Os revisores devem recorrer ao uso de linguagem construtiva, objetiva, clara e concisa nas suas aprecia\u00e7\u00f5es das propostas de artigo em revis\u00e3o.<\/p>\n","protected":false},"excerpt":{"rendered":"<p>As normas de conduta \u00e9tica da RIECS abrangem a equipa editorial (diretor e diretores associados e editores convidados), autores e revisores e regem-se segundo o \u201cCode of Conduct and Best Practice for Journal Editors of the Committee on Publication Ethics\u201d&hellip;  <\/p>\n<p class=\"more-link\"><a href=\"https:\/\/sites.ipleiria.pt\/publicacoesipce\/codigo-etico\/\">Continue reading <span class=\"meta-nav\">&rarr;<\/span><\/a><\/p>\n","protected":false},"author":102,"featured_media":0,"parent":0,"menu_order":0,"comment_status":"closed","ping_status":"closed","template":"","meta":{"footnotes":""},"class_list":["post-2208","page","type-page","status-publish","hentry"],"_links":{"self":[{"href":"https:\/\/sites.ipleiria.pt\/publicacoesipce\/wp-json\/wp\/v2\/pages\/2208","targetHints":{"allow":["GET"]}}],"collection":[{"href":"https:\/\/sites.ipleiria.pt\/publicacoesipce\/wp-json\/wp\/v2\/pages"}],"about":[{"href":"https:\/\/sites.ipleiria.pt\/publicacoesipce\/wp-json\/wp\/v2\/types\/page"}],"author":[{"embeddable":true,"href":"https:\/\/sites.ipleiria.pt\/publicacoesipce\/wp-json\/wp\/v2\/users\/102"}],"replies":[{"embeddable":true,"href":"https:\/\/sites.ipleiria.pt\/publicacoesipce\/wp-json\/wp\/v2\/comments?post=2208"}],"version-history":[{"count":1,"href":"https:\/\/sites.ipleiria.pt\/publicacoesipce\/wp-json\/wp\/v2\/pages\/2208\/revisions"}],"predecessor-version":[{"id":2209,"href":"https:\/\/sites.ipleiria.pt\/publicacoesipce\/wp-json\/wp\/v2\/pages\/2208\/revisions\/2209"}],"wp:attachment":[{"href":"https:\/\/sites.ipleiria.pt\/publicacoesipce\/wp-json\/wp\/v2\/media?parent=2208"}],"curies":[{"name":"wp","href":"https:\/\/api.w.org\/{rel}","templated":true}]}}