{"id":364,"date":"2023-02-16T16:41:10","date_gmt":"2023-02-16T16:41:10","guid":{"rendered":"https:\/\/sites.ipleiria.pt\/reler\/?page_id=364"},"modified":"2023-09-14T10:57:00","modified_gmt":"2023-09-14T10:57:00","slug":"language-en","status":"publish","type":"page","link":"https:\/\/sites.ipleiria.pt\/reler\/language-en\/","title":{"rendered":"About"},"content":{"rendered":"\n<p class=\"has-white-color has-text-color has-background\" style=\"background-color:#47d0b7;font-size:14px;letter-spacing:1px\">reLer &#8211; Portuguese Learning Resources is a project based on the Portuguese language and aims to provide audio resources that will serve as support in the process of learning and teaching the language, extending to the community of the Polytechnic of Leiria, but also to the entire community of Portuguese language learners.<br><br>It is the result of collective work, started in 2021, between the Library of the Higher School of Education and Social Sciences of IPLeiria and a group of teachers and collaborators from the same school.<br><\/p>\n\n\n\n<p class=\"has-white-color has-text-color has-background\" style=\"background-color:#47d0b7;font-size:10px\"><em>The audio reproduction of the works presented is in accordance with the provisions of article 75, no. 2, of the Code of Copyright and Related Rights, approved by Decree-Law no. 63\/85, of March 14, in its current writing<\/em>.<\/p>\n\n\n\n<hr class=\"wp-block-separator has-text-color has-background\" style=\"background-color:#1f9e87;color:#1f9e87\" \/>\n\n\n\n<hr class=\"wp-block-separator has-text-color has-background has-white-background-color has-white-color\" \/>\n\n\n\n<hr class=\"wp-block-separator has-text-color has-background has-white-background-color has-white-color\" \/>\n\n\n\n<h4 class=\"wp-block-heading\" style=\"font-size:14px;letter-spacing:1px\"><strong>Scientific-Pedagogical Committee:<\/strong><\/h4>\n\n\n\n<ul class=\"wp-block-list\" style=\"font-size:14px;letter-spacing:1px\"><li>Ana Vieira Barbosa<\/li><li>Alexandra Pereira<\/li><li>Catarina Mangas<\/li><li>Catarina Menezes<\/li><li>Cristina Nobre<\/li><li>Joana Carvalho Marques<\/li><li>Lu\u00eds Barbeiro<\/li><li>Maria Jos\u00e9 Gamboa<\/li><li>Mark Daubney<\/li><li>Romain Gillain\u00a0<\/li><\/ul>\n\n\n\n<h4 class=\"wp-block-heading\" style=\"font-size:14px;letter-spacing:1px\"><strong>Project coordination:<\/strong><\/h4>\n\n\n\n<ul class=\"wp-block-list\" style=\"font-size:14px;letter-spacing:1px\"><li>Alexandra Pereira<\/li><li>Catarina Menezes<\/li><li>Joana Carvalho Marques<\/li><\/ul>\n\n\n\n<h4 class=\"wp-block-heading\" style=\"font-size:14px;letter-spacing:1px\">Production and editing support<strong>:<\/strong><\/h4>\n\n\n\n<ul class=\"wp-block-list\" style=\"font-size:14px;letter-spacing:1px\"><li>Marta Oliveira<\/li><\/ul>\n\n\n\n<h4 class=\"wp-block-heading\" style=\"font-size:14px;letter-spacing:1px\">Design:<\/h4>\n\n\n\n<ul class=\"wp-block-list\" style=\"font-size:14px;letter-spacing:1px\"><li>Jo\u00e3o Pinheiro<\/li><\/ul>\n\n\n\n<h4 class=\"wp-block-heading\" style=\"font-size:14px;letter-spacing:1px\">Soundtrack:<\/h4>\n\n\n\n<ul class=\"wp-block-list\" style=\"font-size:14px;letter-spacing:1px\"><li>Lu\u00eds Cabaceira <a href=\"https:\/\/www.reverbnation.com\/meandthebox\/songs\">(https:\/\/www.reverbnation.com\/meandthebox\/songs)<\/a><\/li><\/ul>\n\n\n\n<hr class=\"wp-block-separator has-text-color has-background has-white-background-color has-white-color\" \/>\n\n\n\n<hr class=\"wp-block-separator has-text-color has-background has-white-background-color has-white-color\" \/>\n\n\n\n<hr class=\"wp-block-separator has-text-color has-background\" style=\"background-color:#1f9e87;color:#1f9e87\" \/>\n\n\n\n<h4 class=\"wp-block-heading\" style=\"font-size:14px;letter-spacing:1px\">Contacts<\/h4>\n\n\n\n<p style=\"font-size:14px;letter-spacing:1px\"><em>Campus 1<\/em><br>Escola Superior de Educa\u00e7\u00e3o e Ci\u00eancias Sociais, Instituto Polit\u00e9cnico de Leiria<br>Rua Dr. Jo\u00e3o Soares, Apartado 4045, 2411-901 Leiria<br>Phone: 244 829 400<br>E-Mail: reler@ipleiria.pt<\/p>\n","protected":false},"excerpt":{"rendered":"<p>reLer &#8211; Portuguese Learning Resources is a project based on the Portuguese language and aims to provide&#46;&#46;&#46;<\/p>\n","protected":false},"author":102,"featured_media":0,"parent":0,"menu_order":0,"comment_status":"closed","ping_status":"closed","template":"","meta":{"om_disable_all_campaigns":false,"_monsterinsights_skip_tracking":false,"_monsterinsights_sitenote_active":false,"_monsterinsights_sitenote_note":"","_monsterinsights_sitenote_category":0,"_uf_show_specific_survey":0,"_uf_disable_surveys":false,"footnotes":""},"class_list":["post-364","page","type-page","status-publish","hentry"],"aioseo_notices":[],"yoast_head":"<!-- This site is optimized with the Yoast SEO plugin v26.8 - https:\/\/yoast.com\/product\/yoast-seo-wordpress\/ -->\n<title>About - Reler<\/title>\n<meta name=\"robots\" content=\"index, follow, max-snippet:-1, max-image-preview:large, max-video-preview:-1\" \/>\n<link rel=\"canonical\" href=\"https:\/\/sites.ipleiria.pt\/reler\/language-en\/\" \/>\n<meta property=\"og:locale\" content=\"pt_PT\" \/>\n<meta property=\"og:type\" content=\"article\" \/>\n<meta property=\"og:title\" content=\"About - Reler\" \/>\n<meta property=\"og:description\" content=\"reLer &#8211; Portuguese Learning Resources is a project based on the Portuguese language and aims to provide&#046;&#046;&#046;\" \/>\n<meta property=\"og:url\" content=\"https:\/\/sites.ipleiria.pt\/reler\/language-en\/\" \/>\n<meta property=\"og:site_name\" content=\"Reler\" \/>\n<meta property=\"article:modified_time\" content=\"2023-09-14T10:57:00+00:00\" \/>\n<meta name=\"twitter:card\" content=\"summary_large_image\" \/>\n<meta name=\"twitter:label1\" content=\"Tempo estimado de leitura\" \/>\n\t<meta name=\"twitter:data1\" content=\"2 minutos\" \/>\n<script type=\"application\/ld+json\" class=\"yoast-schema-graph\">{\"@context\":\"https:\/\/schema.org\",\"@graph\":[{\"@type\":\"WebPage\",\"@id\":\"https:\/\/sites.ipleiria.pt\/reler\/language-en\/\",\"url\":\"https:\/\/sites.ipleiria.pt\/reler\/language-en\/\",\"name\":\"About - Reler\",\"isPartOf\":{\"@id\":\"https:\/\/sites.ipleiria.pt\/reler\/#website\"},\"datePublished\":\"2023-02-16T16:41:10+00:00\",\"dateModified\":\"2023-09-14T10:57:00+00:00\",\"breadcrumb\":{\"@id\":\"https:\/\/sites.ipleiria.pt\/reler\/language-en\/#breadcrumb\"},\"inLanguage\":\"pt-PT\",\"potentialAction\":[{\"@type\":\"ReadAction\",\"target\":[\"https:\/\/sites.ipleiria.pt\/reler\/language-en\/\"]}]},{\"@type\":\"BreadcrumbList\",\"@id\":\"https:\/\/sites.ipleiria.pt\/reler\/language-en\/#breadcrumb\",\"itemListElement\":[{\"@type\":\"ListItem\",\"position\":1,\"name\":\"In\u00edcio\",\"item\":\"https:\/\/sites.ipleiria.pt\/reler\/\"},{\"@type\":\"ListItem\",\"position\":2,\"name\":\"About\"}]},{\"@type\":\"WebSite\",\"@id\":\"https:\/\/sites.ipleiria.pt\/reler\/#website\",\"url\":\"https:\/\/sites.ipleiria.pt\/reler\/\",\"name\":\"Reler\",\"description\":\"Recursos de Aprendizagem do Portugu\u00eas\",\"publisher\":{\"@id\":\"https:\/\/sites.ipleiria.pt\/reler\/#organization\"},\"potentialAction\":[{\"@type\":\"SearchAction\",\"target\":{\"@type\":\"EntryPoint\",\"urlTemplate\":\"https:\/\/sites.ipleiria.pt\/reler\/?s={search_term_string}\"},\"query-input\":{\"@type\":\"PropertyValueSpecification\",\"valueRequired\":true,\"valueName\":\"search_term_string\"}}],\"inLanguage\":\"pt-PT\"},{\"@type\":\"Organization\",\"@id\":\"https:\/\/sites.ipleiria.pt\/reler\/#organization\",\"name\":\"Reler\",\"url\":\"https:\/\/sites.ipleiria.pt\/reler\/\",\"logo\":{\"@type\":\"ImageObject\",\"inLanguage\":\"pt-PT\",\"@id\":\"https:\/\/sites.ipleiria.pt\/reler\/#\/schema\/logo\/image\/\",\"url\":\"https:\/\/sites.ipleiria.pt\/reler\/files\/2023\/09\/cropped-Icon_reler_top-29-29.png\",\"contentUrl\":\"https:\/\/sites.ipleiria.pt\/reler\/files\/2023\/09\/cropped-Icon_reler_top-29-29.png\",\"width\":586,\"height\":246,\"caption\":\"Reler\"},\"image\":{\"@id\":\"https:\/\/sites.ipleiria.pt\/reler\/#\/schema\/logo\/image\/\"}}]}<\/script>\n<!-- \/ Yoast SEO plugin. -->","yoast_head_json":{"title":"About - Reler","robots":{"index":"index","follow":"follow","max-snippet":"max-snippet:-1","max-image-preview":"max-image-preview:large","max-video-preview":"max-video-preview:-1"},"canonical":"https:\/\/sites.ipleiria.pt\/reler\/language-en\/","og_locale":"pt_PT","og_type":"article","og_title":"About - Reler","og_description":"reLer &#8211; Portuguese Learning Resources is a project based on the Portuguese language and aims to provide&#46;&#46;&#46;","og_url":"https:\/\/sites.ipleiria.pt\/reler\/language-en\/","og_site_name":"Reler","article_modified_time":"2023-09-14T10:57:00+00:00","twitter_card":"summary_large_image","twitter_misc":{"Tempo estimado de leitura":"2 minutos"},"schema":{"@context":"https:\/\/schema.org","@graph":[{"@type":"WebPage","@id":"https:\/\/sites.ipleiria.pt\/reler\/language-en\/","url":"https:\/\/sites.ipleiria.pt\/reler\/language-en\/","name":"About - Reler","isPartOf":{"@id":"https:\/\/sites.ipleiria.pt\/reler\/#website"},"datePublished":"2023-02-16T16:41:10+00:00","dateModified":"2023-09-14T10:57:00+00:00","breadcrumb":{"@id":"https:\/\/sites.ipleiria.pt\/reler\/language-en\/#breadcrumb"},"inLanguage":"pt-PT","potentialAction":[{"@type":"ReadAction","target":["https:\/\/sites.ipleiria.pt\/reler\/language-en\/"]}]},{"@type":"BreadcrumbList","@id":"https:\/\/sites.ipleiria.pt\/reler\/language-en\/#breadcrumb","itemListElement":[{"@type":"ListItem","position":1,"name":"In\u00edcio","item":"https:\/\/sites.ipleiria.pt\/reler\/"},{"@type":"ListItem","position":2,"name":"About"}]},{"@type":"WebSite","@id":"https:\/\/sites.ipleiria.pt\/reler\/#website","url":"https:\/\/sites.ipleiria.pt\/reler\/","name":"Reler","description":"Recursos de Aprendizagem do Portugu\u00eas","publisher":{"@id":"https:\/\/sites.ipleiria.pt\/reler\/#organization"},"potentialAction":[{"@type":"SearchAction","target":{"@type":"EntryPoint","urlTemplate":"https:\/\/sites.ipleiria.pt\/reler\/?s={search_term_string}"},"query-input":{"@type":"PropertyValueSpecification","valueRequired":true,"valueName":"search_term_string"}}],"inLanguage":"pt-PT"},{"@type":"Organization","@id":"https:\/\/sites.ipleiria.pt\/reler\/#organization","name":"Reler","url":"https:\/\/sites.ipleiria.pt\/reler\/","logo":{"@type":"ImageObject","inLanguage":"pt-PT","@id":"https:\/\/sites.ipleiria.pt\/reler\/#\/schema\/logo\/image\/","url":"https:\/\/sites.ipleiria.pt\/reler\/files\/2023\/09\/cropped-Icon_reler_top-29-29.png","contentUrl":"https:\/\/sites.ipleiria.pt\/reler\/files\/2023\/09\/cropped-Icon_reler_top-29-29.png","width":586,"height":246,"caption":"Reler"},"image":{"@id":"https:\/\/sites.ipleiria.pt\/reler\/#\/schema\/logo\/image\/"}}]}},"_links":{"self":[{"href":"https:\/\/sites.ipleiria.pt\/reler\/wp-json\/wp\/v2\/pages\/364","targetHints":{"allow":["GET"]}}],"collection":[{"href":"https:\/\/sites.ipleiria.pt\/reler\/wp-json\/wp\/v2\/pages"}],"about":[{"href":"https:\/\/sites.ipleiria.pt\/reler\/wp-json\/wp\/v2\/types\/page"}],"author":[{"embeddable":true,"href":"https:\/\/sites.ipleiria.pt\/reler\/wp-json\/wp\/v2\/users\/102"}],"replies":[{"embeddable":true,"href":"https:\/\/sites.ipleiria.pt\/reler\/wp-json\/wp\/v2\/comments?post=364"}],"version-history":[{"count":7,"href":"https:\/\/sites.ipleiria.pt\/reler\/wp-json\/wp\/v2\/pages\/364\/revisions"}],"predecessor-version":[{"id":742,"href":"https:\/\/sites.ipleiria.pt\/reler\/wp-json\/wp\/v2\/pages\/364\/revisions\/742"}],"wp:attachment":[{"href":"https:\/\/sites.ipleiria.pt\/reler\/wp-json\/wp\/v2\/media?parent=364"}],"curies":[{"name":"wp","href":"https:\/\/api.w.org\/{rel}","templated":true}]}}