{"id":6,"date":"2016-02-23T13:27:11","date_gmt":"2016-02-23T13:27:11","guid":{"rendered":"http:\/\/sites.ipleiria.pt\/iecs\/?page_id=6"},"modified":"2016-05-11T17:39:01","modified_gmt":"2016-05-11T17:39:01","slug":"apresentacao","status":"publish","type":"page","link":"https:\/\/sites.ipleiria.pt\/riecs\/","title":{"rendered":"Revista de Investiga\u00e7\u00e3o em Educa\u00e7\u00e3o e Ci\u00eancias Sociais (RIECS)"},"content":{"rendered":"<h3><em>N\u00famero 1, 2016<\/em><a href=\"http:\/\/sites.ipleiria.pt\/riecs\/vol-11-2016\/\" rel=\"attachment wp-att-89\"><img loading=\"lazy\" decoding=\"async\" class=\"size-full wp-image-89 aligncenter\" src=\"http:\/\/sites.ipleiria.pt\/riecs\/files\/2016\/05\/capa.jpg\" alt=\"capa\" width=\"319\" height=\"450\" srcset=\"https:\/\/sites.ipleiria.pt\/riecs\/files\/2016\/05\/capa.jpg 319w, https:\/\/sites.ipleiria.pt\/riecs\/files\/2016\/05\/capa-213x300.jpg 213w\" sizes=\"auto, (max-width: 319px) 100vw, 319px\" \/><\/a><\/h3>\n<h2><em>RIECS &#8211; <\/em><em>Apresenta\u00e7\u00e3o<\/em><\/h2>\n<p>A investiga\u00e7\u00e3o constitui um desafio cada vez mais relevante na vida das institui\u00e7\u00f5es de ensino superior. Por seu interm\u00e9dio, esse desafio alarga-se \u00e0 sociedade, em geral, e \u00e0 comunidade que com elas interage, de uma forma espec\u00edfica. Esta comunidade \u00e9 chamada a participar na investiga\u00e7\u00e3o, colocando ela pr\u00f3pria desafios, empenhando-se para criar condi\u00e7\u00f5es que permitam que sejam ultrapassados e ousando perspetivar o futuro com o contributo desses resultados.<\/p>\n<p>A Escola Superior de Educa\u00e7\u00e3o e Ci\u00eancias Sociais de Leiria (ESECS) retoma o seu projeto editorial nesta \u00e1rea, na sequ\u00eancia da publica\u00e7\u00e3o anterior da <em>Revista de Educa\u00e7\u00e3o e Comunica\u00e7\u00e3o<\/em>, entre os anos de 1999 e 2005. O novo projeto, a Revista de Investiga\u00e7\u00e3o em Educa\u00e7\u00e3o e Ci\u00eancias Sociais (RIECS), surge ainda mais focado na atividade de investiga\u00e7\u00e3o, como o pr\u00f3prio nome torna manifesto.<\/p>\n<p>Com a cria\u00e7\u00e3o da <em>Revista de Investiga\u00e7\u00e3o em Educa\u00e7\u00e3o e Ci\u00eancias Sociais<\/em> (RIECS), a Escola Superior de Educa\u00e7\u00e3o e Ci\u00eancias Sociais (ESECS) pretende estimular o interc\u00e2mbio de ideias e experi\u00eancias, divulgando trabalhos relacionados com as \u00e1reas em que desenvolve a sua atividade de investiga\u00e7\u00e3o, de forma\u00e7\u00e3o e de participa\u00e7\u00e3o ativa na comunidade. Procurando fomentar o debate entre a pluralidade de linhas de pensamento que atravessam a Educa\u00e7\u00e3o e as Ci\u00eancias Sociais, a RIECS constitui um projeto que pretende contribuir para a constru\u00e7\u00e3o do conhecimento, fundamentado na divulga\u00e7\u00e3o dos resultados de investiga\u00e7\u00e3o nas \u00e1reas referidas e na reflex\u00e3o que esses resultados suscitam.<\/p>\n<p>Refletindo a diversidade de \u00e1reas que abarca, neste n\u00famero inaugural, s\u00e3o tamb\u00e9m variados os temas: leitura, na sua dimens\u00e3o transversal e na dimens\u00e3o da sua frui\u00e7\u00e3o, a profiss\u00e3o docente, a rela\u00e7\u00e3o escola-fam\u00edlia, a aprendizagem de l\u00ednguas estrangeiras. Estes contributos t\u00eam no seu percurso a apresenta\u00e7\u00e3o de comunica\u00e7\u00f5es na confer\u00eancia internacional <em>Investiga\u00e7\u00e3o, Pr\u00e1ticas e Contextos em Educa\u00e7\u00e3o<\/em> (IPCE). Constituem o adensar da explicita\u00e7\u00e3o e aprofundamento da reflex\u00e3o, tendo como objetivo alcan\u00e7ar novos limiares.<\/p>\n<p>A Dire\u00e7\u00e3o,<br \/>\nLu\u00eds Barbeiro <em>(Diretor)<\/em><br \/>\nH\u00e9lia Pinto <em>(Subdiretora)<\/em><br \/>\nIsabel Sim\u00f5es Dias <em>(Subdiretora)<\/em><\/p>\n","protected":false},"excerpt":{"rendered":"<p>N\u00famero 1, 2016 RIECS &#8211; Apresenta\u00e7\u00e3o A investiga\u00e7\u00e3o constitui um desafio cada vez mais relevante na vida das institui\u00e7\u00f5es de <a class=\"more-link\" href=\"https:\/\/sites.ipleiria.pt\/riecs\/\">Continue Reading<\/a><\/p>\n","protected":false},"author":102,"featured_media":0,"parent":0,"menu_order":0,"comment_status":"closed","ping_status":"closed","template":"","meta":{"footnotes":""},"class_list":["post-6","page","type-page","status-publish","hentry","no-post-thumbnail","no-read-more-tag","no-sticky","entry"],"_links":{"self":[{"href":"https:\/\/sites.ipleiria.pt\/riecs\/wp-json\/wp\/v2\/pages\/6","targetHints":{"allow":["GET"]}}],"collection":[{"href":"https:\/\/sites.ipleiria.pt\/riecs\/wp-json\/wp\/v2\/pages"}],"about":[{"href":"https:\/\/sites.ipleiria.pt\/riecs\/wp-json\/wp\/v2\/types\/page"}],"author":[{"embeddable":true,"href":"https:\/\/sites.ipleiria.pt\/riecs\/wp-json\/wp\/v2\/users\/102"}],"replies":[{"embeddable":true,"href":"https:\/\/sites.ipleiria.pt\/riecs\/wp-json\/wp\/v2\/comments?post=6"}],"version-history":[{"count":12,"href":"https:\/\/sites.ipleiria.pt\/riecs\/wp-json\/wp\/v2\/pages\/6\/revisions"}],"predecessor-version":[{"id":99,"href":"https:\/\/sites.ipleiria.pt\/riecs\/wp-json\/wp\/v2\/pages\/6\/revisions\/99"}],"wp:attachment":[{"href":"https:\/\/sites.ipleiria.pt\/riecs\/wp-json\/wp\/v2\/media?parent=6"}],"curies":[{"name":"wp","href":"https:\/\/api.w.org\/{rel}","templated":true}]}}