{"id":28,"date":"2017-09-27T11:39:16","date_gmt":"2017-09-27T11:39:16","guid":{"rendered":"http:\/\/sites.ipleiria.pt\/seismicsknowledge\/?page_id=28"},"modified":"2018-09-06T11:03:27","modified_gmt":"2018-09-06T11:03:27","slug":"about-us","status":"publish","type":"page","link":"https:\/\/sites.ipleiria.pt\/seismicknowledge\/about-us\/","title":{"rendered":"Sobre nosotros!"},"content":{"rendered":"<p><img loading=\"lazy\" decoding=\"async\" class=\"alignnone wp-image-128 size-full\" src=\"http:\/\/sites.ipleiria.pt\/seismicknowledge\/files\/2018\/02\/logotipo-final-e1536231792201.jpg\" alt=\"\" width=\"960\" height=\"328\" srcset=\"https:\/\/sites.ipleiria.pt\/seismicknowledge\/files\/2018\/02\/logotipo-final-e1536231792201.jpg 960w, https:\/\/sites.ipleiria.pt\/seismicknowledge\/files\/2018\/02\/logotipo-final-e1536231792201-300x103.jpg 300w, https:\/\/sites.ipleiria.pt\/seismicknowledge\/files\/2018\/02\/logotipo-final-e1536231792201-768x262.jpg 768w, https:\/\/sites.ipleiria.pt\/seismicknowledge\/files\/2018\/02\/logotipo-final-e1536231792201-370x126.jpg 370w\" sizes=\"auto, (max-width: 960px) 100vw, 960px\" \/><\/p>\n<p>Existen ciertas regiones del mundo con elevada actividad s\u00edsmica y volc\u00e1nica, como es el caso de Jap\u00f3n, Indonesia y China en el continente asi\u00e1tico, as\u00ed como tambi\u00e9n el denominado \u201cCintur\u00f3n de Fuego del Pac\u00edfico\u201d en el continente americano. Los terremotos y otros eventos naturales como las erupciones volc\u00e1nicas amenazan la seguridad de los edificios, obras y otras infraestructuras. Siendo imposible prever la localizaci\u00f3n e intensidad de los terremotos, la mayor\u00eda de las v\u00edctimas humanas se debe al colapso de construcciones.<\/p>\n<p>El ambiente ya construido es el sector industrial m\u00e1s importante, no solo en t\u00e9rminos econ\u00f3micos, sino tambi\u00e9n ambientales y sociales. En el interior de los edificios que se realizan las principales actividades sociales y econ\u00f3micas es donde las poblaciones pasan la mayor parte de su vida, por tanto es importante una prevenci\u00f3n efectiva fundamental basada sobre todo en construcciones que permitan mantener buenos niveles de desempe\u00f1o a lo largo de su vida \u00fatil. Por otro lado, los edificios m\u00e1s antiguos, predominantemente caracterizados por bajo desempe\u00f1o energ\u00e9tico y vulnerabilidad s\u00edsmica, normalmente precisan de medidas de renovaci\u00f3n. En esa perspectiva, Europa ha desarrollado diversas iniciativas y estrategias destinadas a tornar el sector de la construcci\u00f3n en uno de los m\u00e1s competitivos e innovadores, enfoc\u00e1ndose esencialmente en la persecuci\u00f3n de objetivos ambientales y energ\u00e9ticos de acuerdo con la Estrategia 2020 Europea y el Acuerdo Europeo 2050, de manera de garantizar la seguridad de los edificios tanto en condiciones normales, como en la ocurrencia de eventos excepcionales como terremotos.<\/p>\n<p>Para mitigar los efectos de los terremotos, es importante entender el comportamiento estructural de los edificios y otras infraestructuras y su comportamiento a futuro, as\u00ed como conocer los desarrollos cient\u00edficos y tecnol\u00f3gicos m\u00e1s recientes, y las metodolog\u00edas innovadoras de forma de mejorar la seguridad y la resiliencia de los edificios, aumentando la esperanza de vida de las poblaciones ante la ocurrencia de estos eventos. Las tres principales \u00e1reas de investigaci\u00f3n s\u00edsmica est\u00e1n esencialmente relacionadas con tres \u00e1reas principales: (i) Monitorizaci\u00f3n de la previsi\u00f3n de la ocurrencia de sismos; (ii) Tecnolog\u00edas para infraestructuras m\u00e1s resilientes; (iii) Soluciones para reducir el impacto de los da\u00f1os post-evento.<\/p>\n<p style=\"text-align: left\"><strong>SeismicKnowledge\u00a0<\/strong>se desarrolla como parte de un proyecto de investigaci\u00f3n que pretende proporcionar informaci\u00f3n esencial sobre los terremotos y algunos de los avances m\u00e1s recientes obtenidos a trav\u00e9s de proyectos de investigaci\u00f3n europeos y otros estudios internacionales que desarrollan soluciones para mejorar la resistencia y la seguridad de los edificios construyendo sistemas de aislamiento y permitiendo una mejor comprensi\u00f3n de los fen\u00f3menos naturales externos, en este caso particular, de los terremotos<\/p>\n<p><\/p>","protected":false},"excerpt":{"rendered":"<p>Existen ciertas regiones del mundo con elevada actividad s\u00edsmica y volc\u00e1nica, como es el caso de Jap\u00f3n, Indonesia y China en el continente asi\u00e1tico, as\u00ed como tambi\u00e9n el denominado \u201cCintur\u00f3n de Fuego del Pac\u00edfico\u201d en el continente americano. Los terremotos&hellip;  <\/p>\n<p class=\"more-link\"><a href=\"https:\/\/sites.ipleiria.pt\/seismicknowledge\/about-us\/\">Continue reading <span class=\"meta-nav\">&rarr;<\/span><\/a><\/p>\n","protected":false},"author":3142,"featured_media":0,"parent":0,"menu_order":0,"comment_status":"closed","ping_status":"closed","template":"","meta":{"_acf_changed":false,"footnotes":""},"class_list":["post-28","page","type-page","status-publish","hentry"],"acf":[],"_links":{"self":[{"href":"https:\/\/sites.ipleiria.pt\/seismicknowledge\/wp-json\/wp\/v2\/pages\/28","targetHints":{"allow":["GET"]}}],"collection":[{"href":"https:\/\/sites.ipleiria.pt\/seismicknowledge\/wp-json\/wp\/v2\/pages"}],"about":[{"href":"https:\/\/sites.ipleiria.pt\/seismicknowledge\/wp-json\/wp\/v2\/types\/page"}],"author":[{"embeddable":true,"href":"https:\/\/sites.ipleiria.pt\/seismicknowledge\/wp-json\/wp\/v2\/users\/3142"}],"replies":[{"embeddable":true,"href":"https:\/\/sites.ipleiria.pt\/seismicknowledge\/wp-json\/wp\/v2\/comments?post=28"}],"version-history":[{"count":15,"href":"https:\/\/sites.ipleiria.pt\/seismicknowledge\/wp-json\/wp\/v2\/pages\/28\/revisions"}],"predecessor-version":[{"id":442,"href":"https:\/\/sites.ipleiria.pt\/seismicknowledge\/wp-json\/wp\/v2\/pages\/28\/revisions\/442"}],"wp:attachment":[{"href":"https:\/\/sites.ipleiria.pt\/seismicknowledge\/wp-json\/wp\/v2\/media?parent=28"}],"curies":[{"name":"wp","href":"https:\/\/api.w.org\/{rel}","templated":true}]}}