{"id":424,"date":"2018-09-03T04:40:14","date_gmt":"2018-09-03T04:40:14","guid":{"rendered":"http:\/\/sites.ipleiria.pt\/seismicknowledge\/?page_id=424"},"modified":"2018-09-03T04:40:14","modified_gmt":"2018-09-03T04:40:14","slug":"materiales-novedosos","status":"publish","type":"page","link":"https:\/\/sites.ipleiria.pt\/seismicknowledge\/materiales-novedosos\/","title":{"rendered":"Materiales novedosos"},"content":{"rendered":"<p>Una de las soluciones en la que siempre est\u00e1n trabajando los investigadores tratando de construir estructuras m\u00e1s resistentes es la inclusi\u00f3n de nuevos materiales que puedan soportar de mejor manera las cargas generadas.<\/p>\n<p>Desntro de los materiales utilizados s\u00edsmicamente est\u00e1n:<\/p>\n<p><a href=\"http:\/\/sites.ipleiria.pt\/seismicknowledge\/aleaciones-de-memoria-de-forma\/\">Aleaciones de memoria de forma<\/a><\/p>\n<p><a href=\"http:\/\/sites.ipleiria.pt\/seismicknowledge\/biomateriales\/\">Biomateriales<\/a><\/p>\n<p><a href=\"http:\/\/sites.ipleiria.pt\/seismicknowledge\/carton\/\">Cart\u00f3n<\/a><\/p>\n<p><a href=\"http:\/\/sites.ipleiria.pt\/seismicknowledge\/bricker\/\">Bricker<\/a><\/p>","protected":false},"excerpt":{"rendered":"<p>Una de las soluciones en la que siempre est\u00e1n trabajando los investigadores tratando de construir estructuras m\u00e1s resistentes es la inclusi\u00f3n de nuevos materiales que puedan soportar de mejor manera las cargas generadas. Desntro de los materiales utilizados s\u00edsmicamente est\u00e1n:&hellip;  <\/p>\n<p class=\"more-link\"><a href=\"https:\/\/sites.ipleiria.pt\/seismicknowledge\/materiales-novedosos\/\">Continue reading <span class=\"meta-nav\">&rarr;<\/span><\/a><\/p>\n","protected":false},"author":3142,"featured_media":0,"parent":0,"menu_order":0,"comment_status":"closed","ping_status":"closed","template":"","meta":{"_acf_changed":false,"footnotes":""},"class_list":["post-424","page","type-page","status-publish","hentry"],"acf":[],"_links":{"self":[{"href":"https:\/\/sites.ipleiria.pt\/seismicknowledge\/wp-json\/wp\/v2\/pages\/424","targetHints":{"allow":["GET"]}}],"collection":[{"href":"https:\/\/sites.ipleiria.pt\/seismicknowledge\/wp-json\/wp\/v2\/pages"}],"about":[{"href":"https:\/\/sites.ipleiria.pt\/seismicknowledge\/wp-json\/wp\/v2\/types\/page"}],"author":[{"embeddable":true,"href":"https:\/\/sites.ipleiria.pt\/seismicknowledge\/wp-json\/wp\/v2\/users\/3142"}],"replies":[{"embeddable":true,"href":"https:\/\/sites.ipleiria.pt\/seismicknowledge\/wp-json\/wp\/v2\/comments?post=424"}],"version-history":[{"count":1,"href":"https:\/\/sites.ipleiria.pt\/seismicknowledge\/wp-json\/wp\/v2\/pages\/424\/revisions"}],"predecessor-version":[{"id":425,"href":"https:\/\/sites.ipleiria.pt\/seismicknowledge\/wp-json\/wp\/v2\/pages\/424\/revisions\/425"}],"wp:attachment":[{"href":"https:\/\/sites.ipleiria.pt\/seismicknowledge\/wp-json\/wp\/v2\/media?parent=424"}],"curies":[{"name":"wp","href":"https:\/\/api.w.org\/{rel}","templated":true}]}}