{"id":426,"date":"2018-09-03T04:44:20","date_gmt":"2018-09-03T04:44:20","guid":{"rendered":"http:\/\/sites.ipleiria.pt\/seismicknowledge\/?page_id=426"},"modified":"2018-09-03T04:44:20","modified_gmt":"2018-09-03T04:44:20","slug":"refuerzo-con-fibras","status":"publish","type":"page","link":"https:\/\/sites.ipleiria.pt\/seismicknowledge\/refuerzo-con-fibras\/","title":{"rendered":"Refuerzo con fibras"},"content":{"rendered":"<p>Tiene sentido considerar la resistencia a los terremotos cuando se est\u00e1 construyendo una nueva estructura, pero la adaptaci\u00f3n de edificios antiguos para mejorar su desempe\u00f1o s\u00edsmico es igualmente importante. Para esto se conoces dos materiales de excelente desempe\u00f1o:<\/p>\n<p><a href=\"http:\/\/sites.ipleiria.pt\/seismicknowledge\/envolturas-con-fibras-de-carbono\/\">Envoltura con fibras de carbono<\/a><\/p>\n<p><a href=\"http:\/\/sites.ipleiria.pt\/seismicknowledge\/papel-tapiz-sismico\/\">Papel tapiz s\u00edsmico<\/a><\/p>","protected":false},"excerpt":{"rendered":"<p>Tiene sentido considerar la resistencia a los terremotos cuando se est\u00e1 construyendo una nueva estructura, pero la adaptaci\u00f3n de edificios antiguos para mejorar su desempe\u00f1o s\u00edsmico es igualmente importante. Para esto se conoces dos materiales de excelente desempe\u00f1o: Envoltura con&hellip;  <\/p>\n<p class=\"more-link\"><a href=\"https:\/\/sites.ipleiria.pt\/seismicknowledge\/refuerzo-con-fibras\/\">Continue reading <span class=\"meta-nav\">&rarr;<\/span><\/a><\/p>\n","protected":false},"author":3142,"featured_media":0,"parent":0,"menu_order":0,"comment_status":"closed","ping_status":"closed","template":"","meta":{"_acf_changed":false,"footnotes":""},"class_list":["post-426","page","type-page","status-publish","hentry"],"acf":[],"_links":{"self":[{"href":"https:\/\/sites.ipleiria.pt\/seismicknowledge\/wp-json\/wp\/v2\/pages\/426","targetHints":{"allow":["GET"]}}],"collection":[{"href":"https:\/\/sites.ipleiria.pt\/seismicknowledge\/wp-json\/wp\/v2\/pages"}],"about":[{"href":"https:\/\/sites.ipleiria.pt\/seismicknowledge\/wp-json\/wp\/v2\/types\/page"}],"author":[{"embeddable":true,"href":"https:\/\/sites.ipleiria.pt\/seismicknowledge\/wp-json\/wp\/v2\/users\/3142"}],"replies":[{"embeddable":true,"href":"https:\/\/sites.ipleiria.pt\/seismicknowledge\/wp-json\/wp\/v2\/comments?post=426"}],"version-history":[{"count":1,"href":"https:\/\/sites.ipleiria.pt\/seismicknowledge\/wp-json\/wp\/v2\/pages\/426\/revisions"}],"predecessor-version":[{"id":427,"href":"https:\/\/sites.ipleiria.pt\/seismicknowledge\/wp-json\/wp\/v2\/pages\/426\/revisions\/427"}],"wp:attachment":[{"href":"https:\/\/sites.ipleiria.pt\/seismicknowledge\/wp-json\/wp\/v2\/media?parent=426"}],"curies":[{"name":"wp","href":"https:\/\/api.w.org\/{rel}","templated":true}]}}