{"id":405,"date":"2022-04-18T10:44:59","date_gmt":"2022-04-18T10:44:59","guid":{"rendered":"https:\/\/sites.ipleiria.pt\/convencer\/?page_id=405"},"modified":"2022-04-29T10:47:26","modified_gmt":"2022-04-29T10:47:26","slug":"convencer","status":"publish","type":"page","link":"https:\/\/sites.ipleiria.pt\/seminariopned\/","title":{"rendered":"APRESENTA\u00c7\u00c3O"},"content":{"rendered":"<div class=\"elementToProof\"><i>Pode a competi\u00e7\u00e3o ajudar na forma\u00e7\u00e3o desportiva? A forma\u00e7\u00e3o e a competi\u00e7\u00e3o s\u00e3o inconcili\u00e1veis? Como compatibilizar estes dois aspetos na atividade desportiva dos jovens? Eis o mote para este semin\u00e1rio. Unir a competi\u00e7\u00e3o e a forma\u00e7\u00e3o num ambiente desportivo saud\u00e1vel.\u00a0<\/i><\/div>\n\n\n<hr class=\"wp-block-separator has-text-color has-background has-white-background-color has-white-color\"\/>\n\n\n\n<hr class=\"wp-block-separator has-text-color has-background has-white-background-color has-white-color\"\/>\n\n\n\n<p><strong>FUNDAMENTA\u00c7\u00c3O: <\/strong><\/p>\n\n\n\n<p>O impacto medi\u00e1tico da competi\u00e7\u00e3o de Alto Rendimento proporciona atualmente que s\u00f3 tenham possibilidade de lhe ter acesso, um baix\u00edssimo n\u00famero de jovens praticantes com elevado potencial.<\/p>\n\n\n\n<p>Associado a esta quest\u00e3o, est\u00e1 o facto de se dar muita \u00eanfase \u00e0 vit\u00f3ria desportiva, o que provoca a exist\u00eancia de um processo de dete\u00e7\u00e3o e sele\u00e7\u00e3o muito precoce de talentos, e quando estamos a falar de escal\u00f5es de forma\u00e7\u00e3o, provoca a m\u00e9dio prazo um conjunto de constrangimentos, podendo originar no futuro o abandono prematuro.<\/p>\n\n\n\n<p>Este cen\u00e1rio, frequente no mundo da pr\u00e1tica desportiva dos Jovens, merece a nossa maior aten\u00e7\u00e3o, j\u00e1 que, por vezes s\u00e3o os pr\u00f3prios pais e familiares, dirigentes, comunica\u00e7\u00e3o social e em alguns casos os pr\u00f3prios treinadores, que fomentam esta conduta.<\/p>\n\n\n\n<p>Assim, importa contribuir para o maior esclarecimento poss\u00edvel de todos os intervenientes\/agentes desportivos, de modo, a atenuar a situa\u00e7\u00e3o verificada atrav\u00e9s da realiza\u00e7\u00e3o de um Semin\u00e1rio de \u00e2mbito nacional, em que se tem a oportunidade de colocar v\u00e1rios intervenientes no processo de desenvolvimento do jovem praticante a refletirem sobre esta t\u00e3o pertinente problem\u00e1tica.<\/p>\n\n\n\n<hr class=\"wp-block-separator has-text-color has-background has-black-background-color has-black-color\"\/>\n\n\n\n<p style=\"font-size:12px\">*Semin\u00e1rio acreditado pelo IPDJ\u00a0\u00a0 &#8211; Unidades de Cr\u00e9dito atribu\u00eddas: 1.5 (T\u00e9cnicos de Exerc\u00edcio e Diretores e Treinadores)<\/p>\n","protected":false},"excerpt":{"rendered":"<p>Pode a competi\u00e7\u00e3o ajudar na forma\u00e7\u00e3o desportiva? A forma\u00e7\u00e3o e a competi\u00e7\u00e3o s\u00e3o inconcili\u00e1veis? Como compatibilizar estes dois aspetos na atividade desportiva dos jovens? Eis o mote para este semin\u00e1rio. Unir a competi\u00e7\u00e3o e a forma\u00e7\u00e3o num ambiente desportivo saud\u00e1vel.\u00a0&hellip;  <\/p>\n<p class=\"more-link\"><a href=\"https:\/\/sites.ipleiria.pt\/seminariopned\/\">Continue reading <span class=\"meta-nav\">&rarr;<\/span><\/a><\/p>\n","protected":false},"author":102,"featured_media":0,"parent":0,"menu_order":0,"comment_status":"closed","ping_status":"closed","template":"","meta":{"footnotes":""},"class_list":["post-405","page","type-page","status-publish","hentry"],"_links":{"self":[{"href":"https:\/\/sites.ipleiria.pt\/seminariopned\/wp-json\/wp\/v2\/pages\/405","targetHints":{"allow":["GET"]}}],"collection":[{"href":"https:\/\/sites.ipleiria.pt\/seminariopned\/wp-json\/wp\/v2\/pages"}],"about":[{"href":"https:\/\/sites.ipleiria.pt\/seminariopned\/wp-json\/wp\/v2\/types\/page"}],"author":[{"embeddable":true,"href":"https:\/\/sites.ipleiria.pt\/seminariopned\/wp-json\/wp\/v2\/users\/102"}],"replies":[{"embeddable":true,"href":"https:\/\/sites.ipleiria.pt\/seminariopned\/wp-json\/wp\/v2\/comments?post=405"}],"version-history":[{"count":8,"href":"https:\/\/sites.ipleiria.pt\/seminariopned\/wp-json\/wp\/v2\/pages\/405\/revisions"}],"predecessor-version":[{"id":519,"href":"https:\/\/sites.ipleiria.pt\/seminariopned\/wp-json\/wp\/v2\/pages\/405\/revisions\/519"}],"wp:attachment":[{"href":"https:\/\/sites.ipleiria.pt\/seminariopned\/wp-json\/wp\/v2\/media?parent=405"}],"curies":[{"name":"wp","href":"https:\/\/api.w.org\/{rel}","templated":true}]}}