{"id":9,"date":"2020-01-16T14:55:23","date_gmt":"2020-01-16T14:55:23","guid":{"rendered":"http:\/\/sites.ipleiria.pt\/snhm33\/?page_id=9"},"modified":"2020-04-03T16:17:16","modified_gmt":"2020-04-03T16:17:16","slug":"submissoes","status":"publish","type":"page","link":"https:\/\/sites.ipleiria.pt\/snhm33\/submissoes\/","title":{"rendered":"Submiss\u00f5es"},"content":{"rendered":"\n<h2 class=\"wp-block-heading\" style=\"text-align:center\">Submiss\u00e3o<\/h2>\n\n\n\n<div style=\"height:30px\" aria-hidden=\"true\" class=\"wp-block-spacer\"><\/div>\n\n\n\n<div class=\"wp-block-columns has-2-columns is-layout-flex wp-container-core-columns-is-layout-1 wp-block-columns-is-layout-flex\">\n<div class=\"wp-block-column is-layout-flow wp-block-column-is-layout-flow\">\n<p>A maioria das palestras ser\u00e3o de 25 minutos, com 5 minutos para quest\u00f5es da assist\u00eancia. Haver\u00e1 tr\u00eas confer\u00eancias de 50 minutos, com 10 minutos para quest\u00f5es da assist\u00eancia.<\/p>\n<\/div>\n\n\n\n<div class=\"wp-block-column is-layout-flow wp-block-column-is-layout-flow\">\n<p>\u00b7 Pede-se o envio para <a href=\"mailto:lmsaraiva@fc.ul.pt\">lmsaraiva@fc.ul.pt<\/a> (Lu\u00eds Saraiva) de um t\u00edtulo acompanhado de um resumo entre 6 e 12 linhas, bem como algumas refer\u00eancias bibliogr\u00e1ficas.<\/p>\n\n\n\n<p>\u00b7 Prazo de submiss\u00e3o: 6 de fevereiro (submiss\u00f5es de resumos encerradas).<\/p>\n\n\n\n<p>\u00b7 O Secretariado do SNHM analisar\u00e1 as propostas e pronunciar-se-\u00e1 sobre a sua admissibilidade at\u00e9 ao dia 14 de fevereiro.<\/p>\n<\/div>\n<\/div>\n\n\n\n<div style=\"height:30px\" aria-hidden=\"true\" class=\"wp-block-spacer\"><\/div>\n\n\n\n<hr class=\"wp-block-separator is-style-wide\" \/>\n","protected":false},"excerpt":{"rendered":"<p>Submiss\u00e3o A maioria das palestras ser\u00e3o de 25 minutos, com 5 minutos para quest\u00f5es da assist\u00eancia. Haver\u00e1 tr\u00eas confer\u00eancias de 50 minutos, com 10 minutos para quest\u00f5es da assist\u00eancia. \u00b7 Pede-se o envio para lmsaraiva@fc.ul.pt (Lu\u00eds Saraiva) de um t\u00edtulo acompanhado de um resumo entre 6 e 12 linhas, bem como algumas refer\u00eancias bibliogr\u00e1ficas. \u00b7 [&hellip;]<\/p>\n","protected":false},"author":1962,"featured_media":0,"parent":0,"menu_order":0,"comment_status":"closed","ping_status":"closed","template":"","meta":{"footnotes":""},"class_list":["post-9","page","type-page","status-publish","hentry"],"_links":{"self":[{"href":"https:\/\/sites.ipleiria.pt\/snhm33\/wp-json\/wp\/v2\/pages\/9","targetHints":{"allow":["GET"]}}],"collection":[{"href":"https:\/\/sites.ipleiria.pt\/snhm33\/wp-json\/wp\/v2\/pages"}],"about":[{"href":"https:\/\/sites.ipleiria.pt\/snhm33\/wp-json\/wp\/v2\/types\/page"}],"author":[{"embeddable":true,"href":"https:\/\/sites.ipleiria.pt\/snhm33\/wp-json\/wp\/v2\/users\/1962"}],"replies":[{"embeddable":true,"href":"https:\/\/sites.ipleiria.pt\/snhm33\/wp-json\/wp\/v2\/comments?post=9"}],"version-history":[{"count":18,"href":"https:\/\/sites.ipleiria.pt\/snhm33\/wp-json\/wp\/v2\/pages\/9\/revisions"}],"predecessor-version":[{"id":380,"href":"https:\/\/sites.ipleiria.pt\/snhm33\/wp-json\/wp\/v2\/pages\/9\/revisions\/380"}],"wp:attachment":[{"href":"https:\/\/sites.ipleiria.pt\/snhm33\/wp-json\/wp\/v2\/media?parent=9"}],"curies":[{"name":"wp","href":"https:\/\/api.w.org\/{rel}","templated":true}]}}