{"id":147,"date":"2020-07-13T11:37:51","date_gmt":"2020-07-13T11:37:51","guid":{"rendered":"https:\/\/4ciead.ipleiria.pt\/?page_id=147"},"modified":"2023-12-11T11:52:11","modified_gmt":"2023-12-11T11:52:11","slug":"formulario-de-inscricao-application-form","status":"publish","type":"page","link":"https:\/\/sites.ipleiria.pt\/tecercomunidades\/formulario-de-inscricao-application-form\/","title":{"rendered":"Formul\u00e1rio &#8211; Inscri\u00e7\u00e3o"},"content":{"rendered":"\n<iframe loading=\"lazy\" src=\"https:\/\/docs.google.com\/forms\/d\/e\/1FAIpQLSdwND42123xPME63vXREEDTW26kwW2oJWaxOzViAGXSKHA8gw\/viewform?embedded=true\" width=\"800\" height=\"1400\" frameborder=\"0\" marginheight=\"0\" marginwidth=\"0\">A carregar\u2026<\/iframe>\n","protected":false},"excerpt":{"rendered":"<p>A carregar\u2026<\/p>\n","protected":false},"author":102,"featured_media":0,"parent":0,"menu_order":0,"comment_status":"closed","ping_status":"closed","template":"","meta":{"footnotes":""},"class_list":["post-147","page","type-page","status-publish","hentry"],"_links":{"self":[{"href":"https:\/\/sites.ipleiria.pt\/tecercomunidades\/wp-json\/wp\/v2\/pages\/147","targetHints":{"allow":["GET"]}}],"collection":[{"href":"https:\/\/sites.ipleiria.pt\/tecercomunidades\/wp-json\/wp\/v2\/pages"}],"about":[{"href":"https:\/\/sites.ipleiria.pt\/tecercomunidades\/wp-json\/wp\/v2\/types\/page"}],"author":[{"embeddable":true,"href":"https:\/\/sites.ipleiria.pt\/tecercomunidades\/wp-json\/wp\/v2\/users\/102"}],"replies":[{"embeddable":true,"href":"https:\/\/sites.ipleiria.pt\/tecercomunidades\/wp-json\/wp\/v2\/comments?post=147"}],"version-history":[{"count":5,"href":"https:\/\/sites.ipleiria.pt\/tecercomunidades\/wp-json\/wp\/v2\/pages\/147\/revisions"}],"predecessor-version":[{"id":780,"href":"https:\/\/sites.ipleiria.pt\/tecercomunidades\/wp-json\/wp\/v2\/pages\/147\/revisions\/780"}],"wp:attachment":[{"href":"https:\/\/sites.ipleiria.pt\/tecercomunidades\/wp-json\/wp\/v2\/media?parent=147"}],"curies":[{"name":"wp","href":"https:\/\/api.w.org\/{rel}","templated":true}]}}