{"id":330,"date":"2019-12-09T14:37:56","date_gmt":"2019-12-09T14:37:56","guid":{"rendered":"http:\/\/4ciead.sites.ipleiria.pt\/?page_id=2"},"modified":"2024-02-22T14:15:53","modified_gmt":"2024-02-22T14:15:53","slug":"apresentacao","status":"publish","type":"page","link":"https:\/\/sites.ipleiria.pt\/tecercomunidades\/","title":{"rendered":"Apresenta\u00e7\u00e3o"},"content":{"rendered":"\n<p><\/p>\n\n\n\n<p>O Congresso <strong>Tecer Comunidades:<\/strong> <strong>Caminhos das Artes na Interven\u00e7\u00e3o Social, na Educa\u00e7\u00e3o e na Cidadania <\/strong>acontecer\u00e1 nos dias 21 e 22 de Mar\u00e7o de 2024, em Leiria, organizado pelo N\u00facleo Distrital de Leiria da\u00a0 EAPN Portugal, Escola Superior de Educa\u00e7\u00e3o e Ci\u00eancias Sociais do Polit\u00e9cnico de Leiria,  CEIS20-Universidade de Coimbra e Mun\u00edcipio de Leiria. <\/p>\n\n\n\n<p>S\u00e3o parceiros desta iniciativa:  Plano Nacional de Artes, CIMRL, Funda\u00e7\u00e3o Caixa Agr\u00edcola de Leiria, Agrupamento de Escolas dos Marrazes, Arquivo \u2013 Bens Culturais, Centro de Forma\u00e7\u00e3o LeiriMar, Uni\u00e3o de Freguesias Marrazes e Barosa e ATLAS Leiria.\u00a0<\/p>\n\n\n\n<p>Esta iniciativa pretende contribuir para a reflex\u00e3o sobre o papel transformador que as artes t\u00eam vindo a assumir na esfera social, na educa\u00e7\u00e3o, na constru\u00e7\u00e3o da cidadania, nos processos c\u00edvicos e no fortalecimento de atitudes democr\u00e1ticas, promotoras de inclus\u00e3o de todas as pessoas nas suas especificidades. O congresso tem como objetivo pensar as din\u00e2micas e os processos de mobiliza\u00e7\u00e3o das artes em conson\u00e2ncia com os paradigmas emergentes do s\u00e9culo XXI, considerando especialmente o seu contributo para a inclus\u00e3o, a sustentabilidade e cultura de paz.&nbsp;<\/p>\n\n\n\n<p>Ser\u00e3o refletidos, entre outros, os temas das pr\u00e1ticas art\u00edsticas participadas e a sua rela\u00e7\u00e3o com a constru\u00e7\u00e3o de comunidades interculturais, participa\u00e7\u00e3o e atitude cidad\u00e3, bem como a relev\u00e2ncia que as estruturas de media\u00e7\u00e3o art\u00edstico-cultural podem desempenhar nesta equa\u00e7\u00e3o.<\/p>\n\n\n\n<p><br><strong>Participantes<\/strong><br>Professores, investigadores, estudantes, profissionais das \u00e1reas sociais,culturais, art\u00edsticas e p\u00fablico em geral.<\/p>\n\n\n\n<p><strong>Tema da Confer\u00eancia<\/strong><br>Artes, Interven\u00e7\u00e3o Social, Educa\u00e7\u00e3o, Media\u00e7\u00e3o Art\u00edstico-Cultural, Inclus\u00e3o e Cidadania<\/p>\n\n\n\n<p><strong>Subtemas<\/strong><\/p>\n\n\n\n<p>Artes, participa\u00e7\u00e3o e comunidades<br>Artes e Educa\u00e7\u00e3o<br>Artes e interven\u00e7\u00e3o social<br>Media\u00e7\u00e3o art\u00edstico-cultural&nbsp;<br>Media\u00e7\u00e3o art\u00edstico-cultural nos contextos educativos<\/p>\n\n\n\n<p><\/p>\n\n\n\n<p><strong>L\u00ednguas de trabalho<\/strong><br>Portugu\u00eas, ingl\u00eas e castelhano<\/p>\n\n\n\n<p><strong>Entidade Formadora CCPFC\/ENT-AE-1463\/23<\/strong><br>LeiriMar<\/p>\n\n\n\n<p><\/p>\n","protected":false},"excerpt":{"rendered":"<p>O Congresso Tecer Comunidades: Caminhos das Artes na Interven\u00e7\u00e3o Social, na Educa\u00e7\u00e3o e na Cidadania acontecer\u00e1 nos dias 21 e 22 de Mar\u00e7o de 2024, em Leiria, organizado pelo N\u00facleo Distrital de Leiria da\u00a0 EAPN Portugal, Escola Superior de Educa\u00e7\u00e3o&hellip;  <\/p>\n<p class=\"more-link\"><a href=\"https:\/\/sites.ipleiria.pt\/tecercomunidades\/\">Continue reading <span class=\"meta-nav\">&rarr;<\/span><\/a><\/p>\n","protected":false},"author":102,"featured_media":0,"parent":0,"menu_order":0,"comment_status":"closed","ping_status":"closed","template":"","meta":{"footnotes":""},"class_list":["post-330","page","type-page","status-publish","hentry"],"_links":{"self":[{"href":"https:\/\/sites.ipleiria.pt\/tecercomunidades\/wp-json\/wp\/v2\/pages\/330","targetHints":{"allow":["GET"]}}],"collection":[{"href":"https:\/\/sites.ipleiria.pt\/tecercomunidades\/wp-json\/wp\/v2\/pages"}],"about":[{"href":"https:\/\/sites.ipleiria.pt\/tecercomunidades\/wp-json\/wp\/v2\/types\/page"}],"author":[{"embeddable":true,"href":"https:\/\/sites.ipleiria.pt\/tecercomunidades\/wp-json\/wp\/v2\/users\/102"}],"replies":[{"embeddable":true,"href":"https:\/\/sites.ipleiria.pt\/tecercomunidades\/wp-json\/wp\/v2\/comments?post=330"}],"version-history":[{"count":10,"href":"https:\/\/sites.ipleiria.pt\/tecercomunidades\/wp-json\/wp\/v2\/pages\/330\/revisions"}],"predecessor-version":[{"id":974,"href":"https:\/\/sites.ipleiria.pt\/tecercomunidades\/wp-json\/wp\/v2\/pages\/330\/revisions\/974"}],"wp:attachment":[{"href":"https:\/\/sites.ipleiria.pt\/tecercomunidades\/wp-json\/wp\/v2\/media?parent=330"}],"curies":[{"name":"wp","href":"https:\/\/api.w.org\/{rel}","templated":true}]}}