{"id":11,"date":"2012-10-22T14:29:20","date_gmt":"2012-10-22T14:29:20","guid":{"rendered":"http:\/\/sites.ipleiria.pt\/tel4ele\/?page_id=11"},"modified":"2013-09-28T18:09:52","modified_gmt":"2013-09-28T18:09:52","slug":"formacao","status":"publish","type":"page","link":"https:\/\/sites.ipleiria.pt\/tel4ele\/formacao\/","title":{"rendered":"Forma\u00e7\u00e3o"},"content":{"rendered":"<p><strong>A\u00c7\u00c3O DE FORMA\u00c7\u00c3O<br \/>\n<em>Ler e escrever para aprender nas diferentes disciplinas: ensino de leitura e escrita de base genol\u00f3gica\u00a0<\/em><\/strong><\/p>\n<p><strong>Modalidade<br \/>\n<\/strong>Oficina de forma\u00e7\u00e3o<\/p>\n<p><strong>\u00a0<\/strong><strong>Dura\u00e7\u00e3o<br \/>\n<\/strong>Horas: 40 horas presenciais + 40 horas de trabalho aut\u00f3nomo<\/p>\n<p><strong>Calendariza\u00e7\u00e3o<br \/>\n<em>1.\u00aa edi\u00e7\u00e3o: ano letivo de 2012\/2013<\/em> <\/strong>\u2015 setembro\/2012 a junho de 2013 [inscri\u00e7\u00f5es restringidas aos participantes no Projeto TeL4ELE]<\/p>\n<p><strong><em>2.\u00aa edi\u00e7\u00e3o: ano letivo de 2013\/2014<\/em><\/strong> [aberta a outros participantes; inscri\u00e7\u00f5es a divulgar oportunamente]<\/p>\n<p><strong>Cr\u00e9ditos<br \/>\n<\/strong>N.\u00ba de cr\u00e9ditos: at\u00e9 3.2<\/p>\n<p><strong>Destinat\u00e1rios<br \/>\n<\/strong>Professores do 1.\u00ba ciclo do EB \u2015 grupo 110;<br \/>\nprofessores de L\u00edngua Portuguesa, L\u00ednguas Estrangeiras, Hist\u00f3ria, Ci\u00eancias da Natureza e Matem\u00e1tica do 2.\u00ba ciclo do Ensino B\u00e1sico \u2015 grupos 200, 210, 220 e 230;<br \/>\nprofessores de Portugu\u00eas, L\u00ednguas Estrangeiras, Hist\u00f3ria, Geografia, Matem\u00e1tica, Ci\u00eancias F\u00edsico-Qu\u00edmicas e Ci\u00eancias Naturais do 3.\u00ba ciclo do Ensino B\u00e1sico \u2015 grupos 300, 320, 330, 340, 400, 420, 500, 510 e 520).<\/p>\n<p><strong>Apresenta\u00e7\u00e3o sum\u00e1ria<br \/>\n<\/strong>Esta a\u00e7\u00e3o de forma\u00e7\u00e3o toma por base o papel transversal da leitura e da escrita na aprendizagem que os alunos efetuam na generalidade das disciplinas. Adota uma perspetiva p\u00f3s-construtivista, segundo a qual o professor det\u00e9m um papel crucial na condu\u00e7\u00e3o da aprendizagem. Toma como metodologia o programa pedag\u00f3gico <em>Ler para Aprender<\/em> (<em>Reading to Learn<\/em>), programa criado pelo professor e linguista David Rose (da Universidade de Sidney, Austr\u00e1lia). Este programa tem revelado um elevado potencial na promo\u00e7\u00e3o da aprendizagem dos alunos habitualmente menos bem-sucedidos, reduzindo a diferen\u00e7a para o grupo de alunos com maior sucesso, ao mesmo tempo que apresenta desafios motivadores e favorece a progress\u00e3o na aprendizagem tamb\u00e9m em rela\u00e7\u00e3o a este grupo de alunos.<\/p>\n<p><strong>Justifica\u00e7\u00e3o<br \/>\n<\/strong>A afirma\u00e7\u00e3o do papel da leitura e da escrita na aprendizagem est\u00e1 presente no discurso dos professores das diferentes disciplinas e n\u00e3o apenas no discurso dos professores de L\u00edngua Portuguesa \/ Portugu\u00eas. No entanto, quando se trata de selecionar ou conceber e aplicar estrat\u00e9gias que consubstanciem esse papel, os professores revelam dificuldades em formular e levar \u00e0 pr\u00e1tica estrat\u00e9gias e atividades, que, de forma intencional e consistente, apoiem ou escorem o aluno na constru\u00e7\u00e3o dessa aprendizagem por meio da leitura e da escrita. Tais dificuldades derivam de diversos fatores, entre os quais o reduzido dom\u00ednio ou conhecimento do texto enquanto objeto de comunica\u00e7\u00e3o, de troca, em liga\u00e7\u00e3o a cada um dos campos da atividade humana, incluindo a atividade de aprendizagem realizada na escola, e em liga\u00e7\u00e3o a cada um dos campos de conhecimento ou disciplinas lecionadas na escola.<\/p>\n<p>Com esta oficina, pretende-se fomentar a aquisi\u00e7\u00e3o de novas compet\u00eancias e a constru\u00e7\u00e3o de novos saberes pr\u00e1ticos e processuais por parte dos professores de diferentes \u00e1reas disciplinares, para o tratamento de aspetos espec\u00edficos do trabalho com a escrita na sala de aula, ligados aos g\u00e9neros textuais que as disciplinas que lecionam mobilizam. Em particular, pretende-se dotar os professores de um conjunto de estrat\u00e9gias cuidadosamente desenhadas que lhes permitam integrar compet\u00eancias de leitura e de escrita nos seus planos de ensino curriculares, de forma a acelerar a aprendizagem de todos os alunos e a reduzir a diferen\u00e7a dos alunos mais fracos em rela\u00e7\u00e3o aos alunos com mais sucesso, em cada turma. Tais estrat\u00e9gias baseiam-se nas potencialidades da l\u00edngua enquanto instrumento de aprendizagem, que \u00e9 transversal \u00e0s diversas disciplinas.<\/p>\n<p><strong>Conte\u00fados program\u00e1ticos<br \/>\n<\/strong><strong>1. Princ\u00edpios do programa Ler para Aprender<\/strong><\/p>\n<ul>\n<li>O papel da leitura e da escrita na aprendizagem das diferentes disciplinas<\/li>\n<li>Os ciclos de aprendizagem e o apoio para o sucesso dos alunos<\/li>\n<li>As tarefas de leitura e escrita<\/li>\n<li>O apoio em diferentes n\u00edveis<\/li>\n<li>O n\u00edvel de a\u00e7\u00e3o mais alargado: prepara\u00e7\u00e3o para a leitura, constru\u00e7\u00e3o conjunta e constru\u00e7\u00e3o individual do texto<\/li>\n<li>Os g\u00e9neros textuais nas diferentes disciplinas<\/li>\n<li>Analisar e selecionar textos de diferentes g\u00e9neros, em liga\u00e7\u00e3o ao curr\u00edculo<\/li>\n<li>Trabalhar com textos narrativos e com textos factuais<\/li>\n<li>Planificar aulas segundo a metodologia Ler para Aprender<\/li>\n<li>Avaliar os textos escritos: crit\u00e9rios e pr\u00e1tica<\/li>\n<\/ul>\n<p><strong>2. Da leitura pormenorizada \u00e0 reescrita<\/strong><\/p>\n<ul>\n<li>O n\u00edvel de a\u00e7\u00e3o interm\u00e9dio: leitura pormenorizada, reescrita conjunta e reescrita individual<\/li>\n<li>A t\u00e9cnica de leitura pormenorizada nos diferentes g\u00e9neros<\/li>\n<li>O apoio \u00e0 aprendizagem na intera\u00e7\u00e3o professor-aluno<\/li>\n<li>Trabalhar com planos da leitura pormenorizada nos diferentes g\u00e9neros<\/li>\n<li>Construir planos de leitura pormenorizada<\/li>\n<li>T\u00e9cnicas de reescrita: reescrita conjunta e individual<\/li>\n<li>Reescrita de textos narrativos e de textos factuais<\/li>\n<li>Avalia\u00e7\u00e3o de textos escritos pelos alunos em cada disciplina<\/li>\n<li>Reflex\u00e3o sobre as atividades desenvolvidas com os alunos<\/li>\n<\/ul>\n<p><strong>3. Padr\u00f5es lingu\u00edsticos ao n\u00edvel da frase e da palavra<\/strong><\/p>\n<ul>\n<li>O n\u00edvel de a\u00e7\u00e3o mais espec\u00edfico: estrat\u00e9gias intensivas ao n\u00edvel da frase e da palavra<\/li>\n<li>A frase\/ora\u00e7\u00e3o como estrutura base da representa\u00e7\u00e3o do conhecimento<\/li>\n<li>Do n\u00edvel da frase ao texto<\/li>\n<li>Integra\u00e7\u00e3o do trabalho no n\u00edvel mais espec\u00edfico nas planifica\u00e7\u00f5es<\/li>\n<li>Padr\u00f5es lingu\u00edsticos e caracter\u00edsticas da linguagem das diferentes disciplinas<\/li>\n<li>Avalia\u00e7\u00e3o de textos escritos pelos alunos<\/li>\n<li>Reflex\u00e3o sobre as atividades desenvolvidas com os alunos<\/li>\n<\/ul>\n<p><strong>4. Perspetiva integrada e avalia\u00e7\u00e3o\/revis\u00e3o do programa desenvolvido<\/strong><\/p>\n<ul>\n<li>Planificar uma sequ\u00eancia integrada de atividades<\/li>\n<li>Integra\u00e7\u00e3o com o curr\u00edculo: estabelecimento de liga\u00e7\u00f5es aos documentos program\u00e1ticos e metas de aprendizagem<\/li>\n<li>A metalinguagem no apoio \u00e0 aprendizagem dos alunos<\/li>\n<li>Revis\u00e3o das estrat\u00e9gias aplicadas ao n\u00edvel do texto e dos padr\u00f5es lingu\u00edsticos, com base no trabalho realizado<\/li>\n<li>Avalia\u00e7\u00e3o de textos escritos pelos alunos<\/li>\n<li>Reflex\u00e3o sobre as atividades desenvolvidas no programa<\/li>\n<\/ul>\n<p><strong>\u00a0<\/strong><\/p>\n<p><strong>Formadores<br \/>\n<\/strong><strong><em>N\u00facleo de Leiria<\/em><\/strong>:<strong> <\/strong>Lu\u00eds Barbeiro, M.\u00aa Jos\u00e9 Gamboa, Susana Nunes.<br \/>\n<strong><em>N\u00facleo de Lisboa<\/em><\/strong>: Carlos Gouveia, Alzira Tavares, Ant\u00f3nio Avelar, Fernanda Botelho, Fausto Caels, Lu\u00edsa Solla.<\/p>\n<p>Os formadores trabalharam diretamente com os criadores e dinamizadores do programa <em>Reading to Learn<\/em>, designadamente com o Prof. David Rose e a Prof.\u00aa Claire Acevedo, no \u00e2mbito do projeto europeu <em>Teacher Learning for European Literacy Education<\/em> (TeL4ELE).<\/p>\n","protected":false},"excerpt":{"rendered":"<p>A\u00c7\u00c3O DE FORMA\u00c7\u00c3O Ler e escrever para aprender nas diferentes disciplinas: ensino de leitura e escrita de base genol\u00f3gica\u00a0 Modalidade Oficina de forma\u00e7\u00e3o \u00a0Dura\u00e7\u00e3o Horas: 40 horas presenciais + 40 horas de trabalho aut\u00f3nomo Calendariza\u00e7\u00e3o 1.\u00aa edi\u00e7\u00e3o: ano letivo de &hellip; <a href=\"https:\/\/sites.ipleiria.pt\/tel4ele\/formacao\/\">Continue reading <span class=\"meta-nav\">&rarr;<\/span><\/a><\/p>\n","protected":false},"author":102,"featured_media":0,"parent":0,"menu_order":2,"comment_status":"closed","ping_status":"closed","template":"","meta":{"footnotes":""},"class_list":["post-11","page","type-page","status-publish","hentry"],"_links":{"self":[{"href":"https:\/\/sites.ipleiria.pt\/tel4ele\/wp-json\/wp\/v2\/pages\/11","targetHints":{"allow":["GET"]}}],"collection":[{"href":"https:\/\/sites.ipleiria.pt\/tel4ele\/wp-json\/wp\/v2\/pages"}],"about":[{"href":"https:\/\/sites.ipleiria.pt\/tel4ele\/wp-json\/wp\/v2\/types\/page"}],"author":[{"embeddable":true,"href":"https:\/\/sites.ipleiria.pt\/tel4ele\/wp-json\/wp\/v2\/users\/102"}],"replies":[{"embeddable":true,"href":"https:\/\/sites.ipleiria.pt\/tel4ele\/wp-json\/wp\/v2\/comments?post=11"}],"version-history":[{"count":10,"href":"https:\/\/sites.ipleiria.pt\/tel4ele\/wp-json\/wp\/v2\/pages\/11\/revisions"}],"predecessor-version":[{"id":184,"href":"https:\/\/sites.ipleiria.pt\/tel4ele\/wp-json\/wp\/v2\/pages\/11\/revisions\/184"}],"wp:attachment":[{"href":"https:\/\/sites.ipleiria.pt\/tel4ele\/wp-json\/wp\/v2\/media?parent=11"}],"curies":[{"name":"wp","href":"https:\/\/api.w.org\/{rel}","templated":true}]}}