{"id":51,"date":"2012-10-25T15:28:34","date_gmt":"2012-10-25T15:28:34","guid":{"rendered":"http:\/\/sites.ipleiria.pt\/tel4ele\/?page_id=51"},"modified":"2013-12-19T21:51:15","modified_gmt":"2013-12-19T21:51:15","slug":"equipa","status":"publish","type":"page","link":"https:\/\/sites.ipleiria.pt\/tel4ele\/equipa\/","title":{"rendered":"Equipa"},"content":{"rendered":"<ul>\n<li><strong>N\u00facleo de Leiria<\/strong><br \/>\nESECS:<br \/>\nLu\u00eds Barbeiro (coord.)<br \/>\nMaria Jos\u00e9 Gamboa<\/li>\n<\/ul>\n<p>Agrupamento de Escolas Dr. Correia Mateus:<br \/>\nAlexandra Ferreira<br \/>\nAna Cristina Oliveira<br \/>\nC\u00e9lia Barbeiro<br \/>\nAna Rita Sequeira\u00a0(P. Pedag. de Portugu\u00eas, Mest. em Ens. 1.\u00ba e 2.\u00ba ciclos)<br \/>\nCarla Santos (P. Pedag. de Portugu\u00eas, Mest. em Ens. 1.\u00ba e 2.\u00ba ciclos)<\/p>\n<p>Agrupamento de Escolas de Caranguejeira e Santa Catarina da Serra<br \/>\nIsabel Domingos<br \/>\nFilomena Gomes<\/p>\n<p>&nbsp;<\/p>\n","protected":false},"excerpt":{"rendered":"<p>N\u00facleo de Leiria ESECS: Lu\u00eds Barbeiro (coord.) Maria Jos\u00e9 Gamboa Agrupamento de Escolas Dr. Correia Mateus: Alexandra Ferreira Ana Cristina Oliveira C\u00e9lia Barbeiro Ana Rita Sequeira\u00a0(P. Pedag. de Portugu\u00eas, Mest. em Ens. 1.\u00ba e 2.\u00ba ciclos) Carla Santos (P. Pedag. &hellip; <a href=\"https:\/\/sites.ipleiria.pt\/tel4ele\/equipa\/\">Continue reading <span class=\"meta-nav\">&rarr;<\/span><\/a><\/p>\n","protected":false},"author":102,"featured_media":0,"parent":0,"menu_order":0,"comment_status":"closed","ping_status":"closed","template":"","meta":{"footnotes":""},"class_list":["post-51","page","type-page","status-publish","hentry"],"_links":{"self":[{"href":"https:\/\/sites.ipleiria.pt\/tel4ele\/wp-json\/wp\/v2\/pages\/51","targetHints":{"allow":["GET"]}}],"collection":[{"href":"https:\/\/sites.ipleiria.pt\/tel4ele\/wp-json\/wp\/v2\/pages"}],"about":[{"href":"https:\/\/sites.ipleiria.pt\/tel4ele\/wp-json\/wp\/v2\/types\/page"}],"author":[{"embeddable":true,"href":"https:\/\/sites.ipleiria.pt\/tel4ele\/wp-json\/wp\/v2\/users\/102"}],"replies":[{"embeddable":true,"href":"https:\/\/sites.ipleiria.pt\/tel4ele\/wp-json\/wp\/v2\/comments?post=51"}],"version-history":[{"count":21,"href":"https:\/\/sites.ipleiria.pt\/tel4ele\/wp-json\/wp\/v2\/pages\/51\/revisions"}],"predecessor-version":[{"id":186,"href":"https:\/\/sites.ipleiria.pt\/tel4ele\/wp-json\/wp\/v2\/pages\/51\/revisions\/186"}],"wp:attachment":[{"href":"https:\/\/sites.ipleiria.pt\/tel4ele\/wp-json\/wp\/v2\/media?parent=51"}],"curies":[{"name":"wp","href":"https:\/\/api.w.org\/{rel}","templated":true}]}}